Last updated on 2023-02-06 02:52:47 CET.
Flavor | Version | Tinstall | Tcheck | Ttotal | Status | Flags |
---|---|---|---|---|---|---|
r-devel-linux-x86_64-debian-clang | 1.4.4 | 21.37 | 41.33 | 62.70 | NOTE | |
r-devel-linux-x86_64-debian-gcc | 1.4.4 | 16.44 | 31.73 | 48.17 | NOTE | |
r-devel-linux-x86_64-fedora-clang | 1.4.4 | 85.94 | NOTE | |||
r-devel-linux-x86_64-fedora-gcc | 1.4.4 | 84.85 | NOTE | |||
r-devel-windows-x86_64 | 1.4.4 | 36.00 | 92.00 | 128.00 | NOTE | |
r-patched-linux-x86_64 | 1.4.4 | 19.61 | 42.80 | 62.41 | OK | |
r-release-linux-x86_64 | 1.4.4 | 17.49 | 40.51 | 58.00 | OK | |
r-release-macos-arm64 | 1.4.4 | 22.00 | OK | |||
r-release-macos-x86_64 | 1.4.4 | 34.00 | OK | |||
r-release-windows-x86_64 | 1.4.4 | 35.00 | 94.00 | 129.00 | OK | |
r-oldrel-macos-arm64 | 1.4.4 | 26.00 | OK | |||
r-oldrel-macos-x86_64 | 1.4.4 | 38.00 | OK | |||
r-oldrel-windows-ix86+x86_64 | 1.4.4 | 53.00 | 97.00 | 150.00 | OK |
Version: 1.4.4
Check: Rd files
Result: NOTE
checkRd: (-1) cast.Rd:45: Escaped LaTeX specials: \_
checkRd: (-1) cast.Rd:46: Escaped LaTeX specials: \_
Flavors: r-devel-linux-x86_64-debian-clang, r-devel-linux-x86_64-debian-gcc, r-devel-linux-x86_64-fedora-clang, r-devel-linux-x86_64-fedora-gcc, r-devel-windows-x86_64