CRAN Package Check Results for Package reqres

Last updated on 2020-09-22 04:49:44 CEST.

Flavor Version Tinstall Tcheck Ttotal Status Flags
r-devel-linux-x86_64-debian-clang 0.2.3 4.80 35.17 39.97 OK
r-devel-linux-x86_64-debian-gcc 0.2.3 0.26 1.86 2.12 ERROR
r-devel-linux-x86_64-fedora-clang 0.2.3 59.54 OK
r-devel-linux-x86_64-fedora-gcc 0.2.3 49.59 OK
r-devel-windows-ix86+x86_64 0.2.3 11.00 48.00 59.00 OK
r-patched-linux-x86_64 0.2.3 5.69 35.23 40.92 OK
r-patched-solaris-x86 0.2.3 80.90 OK
r-release-linux-x86_64 0.2.3 5.51 35.63 41.14 OK
r-release-macos-x86_64 0.2.3 OK
r-release-windows-ix86+x86_64 0.2.3 13.00 47.00 60.00 OK
r-oldrel-macos-x86_64 0.2.3 OK
r-oldrel-windows-ix86+x86_64 0.2.3 6.00 48.00 54.00 OK

Check Details

Version: 0.2.3
Check: whether package can be installed
Result: ERROR
    Installation failed.
Flavor: r-devel-linux-x86_64-debian-gcc