CRAN Package Check Results for Package reproducible

Last updated on 2018-07-15 23:48:24 CEST.

Flavor Version Tinstall Tcheck Ttotal Status Flags
r-devel-linux-x86_64-debian-clang 0.2.1 27.93 234.97 262.90 ERROR
r-devel-linux-x86_64-debian-gcc 0.2.1 25.13 190.56 215.69 ERROR
r-devel-linux-x86_64-fedora-clang 0.2.1 312.50 ERROR
r-devel-linux-x86_64-fedora-gcc 0.2.1 316.83 ERROR
r-devel-windows-ix86+x86_64 0.2.1 72.00 371.00 443.00 OK
r-patched-linux-x86_64 0.2.1 26.18 207.49 233.67 ERROR
r-patched-solaris-x86 0.2.1 360.70 ERROR
r-release-linux-x86_64 0.2.1 27.09 207.22 234.31 ERROR
r-release-windows-ix86+x86_64 0.2.1 50.00 354.00 404.00 OK
r-release-osx-x86_64 0.2.1 NOTE
r-oldrel-windows-ix86+x86_64 0.2.1 52.00 357.00 409.00 OK
r-oldrel-osx-x86_64 0.2.1 NOTE

Check Details

Version: 0.2.1
Check: tests
Result: ERROR
     Running ‘test-all.R’ [61s/93s]
    Running the tests in ‘tests/test-all.R’ failed.
    Complete output:
     > library(testthat)
     > test_check("reproducible")
     Loading required package: reproducible
    
     Attaching package: 'reproducible'
    
     The following object is masked from 'package:testthat':
    
     %>%
    
     objectNames hashElements hash objSize
     1 n n 6c7241b28962c115e2474b0001db7ad0 56
     2 .FUN .FUN 67df18ede3a1a11346db5d8aa4e79c19 224
     functionName component elapsedTime units
     1 rnorm Hashing 1.697540e-04 secs
     2 rnorm Running rnorm 2.145767e-05 secs
     3 rnorm Saving to repo 4.417467e-02 secs
     4 rnorm Whole Cache call 2.125616e-01 secs
     objectNames hashElements hash objSize
     1 file file ed36ccdea46395b8 152
     2 .FUN .FUN ec4c07082632cc59b9ccec7c1ddd771d 1256
     functionName component elapsedTime units
     1 readRDS Hashing 0.0004372597 secs
     2 readRDS Running readRDS 0.0004272461 secs
     3 readRDS Saving to repo 0.1000847816 secs
     4 readRDS Whole Cache call 0.1140720844 secs
     objectNames hashElements hash objSize
     1 file file ed36ccdea46395b8 24078
     2 .FUN .FUN ec4c07082632cc59b9ccec7c1ddd771d 1256
     functionName component elapsedTime units
     1 readRDS Hashing 0.0006735325 secs
     2 readRDS Running readRDS 0.0005042553 secs
     3 readRDS Saving to repo 0.0993771553 secs
     4 readRDS Whole Cache call 0.1282474995 secs
     ── 1. Error: git-related functions work (@test-git.R#38) ──────────────────────
     trying to get slot "sha" from an object (class "git_commit") that is not an S4 object
     1: expect_identical(git2r::head(testRepo)@sha, specificCommit) at testthat/test-git.R:38
     2: quasi_label(enquo(object), label)
     3: eval_bare(get_expr(quo), get_env(quo))
    
     > utils::install.packages('TimeWarp',dependencies=FALSE,lib='/tmp/RtmpMKqQyt/test6',repos=c('https://cran.rstudio.com'))
     trying URL 'https://cran.rstudio.com/src/contrib/TimeWarp_1.0.15.tar.gz'
     Content type 'application/x-gzip' length 40987 bytes (40 KB)
     ==================================================
     downloaded 40 KB
    
     * installing *source* package ‘TimeWarp’ ...
     ** package ‘TimeWarp’ successfully unpacked and MD5 sums checked
     ** R
     ** inst
     ** byte-compile and prepare package for lazy loading
     ** help
     *** installing help indices
     ** building package indices
     ** testing if installed package can be loaded
     * DONE (TimeWarp)
    
     The downloaded source packages are in
     ‘/tmp/RtmpwiZI1m/downloaded_packages’
     >
     >
     Package Installed Version Requested Version
     1: TimeWarp 1.0.15 1.0.12
     > install.packages('https://cran.rstudio.com/src/contrib/Archive/latdiag/latdiag_0.2-2.tar.gz',lib='/tmp/RtmpMKqQyt/test5',dependencies=FALSE,repos=NULL,type='source')
     trying URL 'https://cran.rstudio.com/src/contrib/Archive/latdiag/latdiag_0.2-2.tar.gz'
     Content type 'application/x-gzip' length 5317 bytes
     ==================================================
     downloaded 5317 bytes
    
     * installing *source* package ‘latdiag’ ...
     ** package ‘latdiag’ successfully unpacked and MD5 sums checked
     ** R
     ** inst
     ** byte-compile and prepare package for lazy loading
     ** help
     *** installing help indices
     ** building package indices
     ** testing if installed package can be loaded
     * DONE (latdiag)
     >
     >
     trying URL 'https://cran.rstudio.com/src/contrib/jpeg_0.1-8.tar.gz'
     Content type 'application/x-gzip' length 18046 bytes (17 KB)
     ==================================================
     downloaded 17 KB
    
     * installing *source* package ‘jpeg’ ...
     ** package ‘jpeg’ successfully unpacked and MD5 sums checked
     ** libs
     make[1]: Entering directory '/tmp/RtmpMKqQyt/devtools2d57268750ff/jpeg/src'
     clang-6.0 -I"/home/hornik/tmp/R.check/r-devel-clang/Work/build/include" -DNDEBUG -I/usr/local/include -fpic -g -O3 -Wall -pedantic -mtune=native -c read.c -o read.o
     clang-6.0 -I"/home/hornik/tmp/R.check/r-devel-clang/Work/build/include" -DNDEBUG -I/usr/local/include -fpic -g -O3 -Wall -pedantic -mtune=native -c write.c -o write.o
     clang-6.0 -shared -L/home/hornik/tmp/R.check/r-devel-clang/Work/build/lib -Wl,-O1 -o jpeg.so read.o write.o -ljpeg -L/home/hornik/tmp/R.check/r-devel-clang/Work/build/lib -lR
     make[1]: Leaving directory '/tmp/RtmpMKqQyt/devtools2d57268750ff/jpeg/src'
     make[1]: Entering directory '/tmp/RtmpMKqQyt/devtools2d57268750ff/jpeg/src'
     make[1]: Leaving directory '/tmp/RtmpMKqQyt/devtools2d57268750ff/jpeg/src'
     installing to /tmp/RtmpMKqQyt/test5/jpeg/libs
     ** R
     ** inst
     ** tests
     ** byte-compile and prepare package for lazy loading
     ** help
     *** installing help indices
     ** building package indices
     ** testing if installed package can be loaded
     * DONE (jpeg)
     * installing *source* package ‘meow’ ...
     ** R
     ** tests
     ** byte-compile and prepare package for lazy loading
     ** help
     *** installing help indices
     ** building package indices
     ** testing if installed package can be loaded
     * DONE (meow)
     > utils::install.packages('Holidays',dependencies=FALSE,lib='/tmp/RtmpMKqQyt/test5',repos=c('https://cran.rstudio.com'))
     trying URL 'https://cran.rstudio.com/src/contrib/Holidays_1.0-7.tar.gz'
     Content type 'application/x-gzip' length 16051 bytes (15 KB)
     ==================================================
     downloaded 15 KB
    
     * installing *source* package ‘Holidays’ ...
     ** package ‘Holidays’ successfully unpacked and MD5 sums checked
     ** R
     ** inst
     ** byte-compile and prepare package for lazy loading
     ** help
     *** installing help indices
     ** building package indices
     ** testing if installed package can be loaded
     * DONE (Holidays)
    
     The downloaded source packages are in
     ‘/tmp/RtmpIZMabC/downloaded_packages’
     >
     >
     > utils::install.packages('TimeWarp',dependencies=FALSE,lib='/tmp/RtmpMKqQyt/test5',repos=c('https://cran.rstudio.com'))
     trying URL 'https://cran.rstudio.com/src/contrib/TimeWarp_1.0.15.tar.gz'
     Content type 'application/x-gzip' length 40987 bytes (40 KB)
     ==================================================
     downloaded 40 KB
    
     * installing *source* package ‘TimeWarp’ ...
     ** package ‘TimeWarp’ successfully unpacked and MD5 sums checked
     ** R
     ** inst
     ** byte-compile and prepare package for lazy loading
     ** help
     *** installing help indices
     ** building package indices
     ** testing if installed package can be loaded
     * DONE (TimeWarp)
    
     The downloaded source packages are in
     ‘/tmp/RtmpOFQc1G/downloaded_packages’
     >
     >
     ══ testthat results ═══════════════════════════════════════════════════════════
     OK: 200 SKIPPED: 5 FAILED: 1
     1. Error: git-related functions work (@test-git.R#38)
    
     Error: testthat unit tests failed
     Execution halted
Flavor: r-devel-linux-x86_64-debian-clang

Version: 0.2.1
Check: tests
Result: ERROR
     Running ‘test-all.R’ [50s/90s]
    Running the tests in ‘tests/test-all.R’ failed.
    Complete output:
     > library(testthat)
     > test_check("reproducible")
     Loading required package: reproducible
    
     Attaching package: 'reproducible'
    
     The following object is masked from 'package:testthat':
    
     %>%
    
     objectNames hashElements hash objSize
     1 n n 6c7241b28962c115e2474b0001db7ad0 56
     2 .FUN .FUN 67df18ede3a1a11346db5d8aa4e79c19 224
     functionName component elapsedTime units
     1 rnorm Hashing 1.780987e-04 secs
     2 rnorm Running rnorm 2.527237e-05 secs
     3 rnorm Saving to repo 2.252560e-01 secs
     4 rnorm Whole Cache call 6.234322e-01 secs
     objectNames hashElements hash objSize
     1 file file ed36ccdea46395b8 168
     2 .FUN .FUN ec4c07082632cc59b9ccec7c1ddd771d 1256
     functionName component elapsedTime units
     1 readRDS Hashing 0.0005412102 secs
     2 readRDS Running readRDS 0.0004642010 secs
     3 readRDS Saving to repo 0.0927703381 secs
     4 readRDS Whole Cache call 0.1275105476 secs
     objectNames hashElements hash objSize
     1 file file ed36ccdea46395b8 24078
     2 .FUN .FUN ec4c07082632cc59b9ccec7c1ddd771d 1256
     functionName component elapsedTime units
     1 readRDS Hashing 0.0005497932 secs
     2 readRDS Running readRDS 0.0004611015 secs
     3 readRDS Saving to repo 0.0886998177 secs
     4 readRDS Whole Cache call 0.1226487160 secs
     ── 1. Error: git-related functions work (@test-git.R#38) ──────────────────────
     trying to get slot "sha" from an object (class "git_commit") that is not an S4 object
     1: expect_identical(git2r::head(testRepo)@sha, specificCommit) at testthat/test-git.R:38
     2: quasi_label(enquo(object), label)
     3: eval_bare(get_expr(quo), get_env(quo))
    
     > utils::install.packages('TimeWarp',dependencies=FALSE,lib='/home/hornik/tmp/scratch/RtmpZOUTfH/test6',repos=c('https://cran.rstudio.com'))
     trying URL 'https://cran.rstudio.com/src/contrib/TimeWarp_1.0.15.tar.gz'
     Content type 'application/x-gzip' length 40987 bytes (40 KB)
     ==================================================
     downloaded 40 KB
    
     * installing *source* package ‘TimeWarp’ ...
     ** package ‘TimeWarp’ successfully unpacked and MD5 sums checked
     ** R
     ** inst
     ** byte-compile and prepare package for lazy loading
     ** help
     *** installing help indices
     ** building package indices
     ** testing if installed package can be loaded
     * DONE (TimeWarp)
    
     The downloaded source packages are in
     ‘/home/hornik/tmp/scratch/Rtmp1ncyUO/downloaded_packages’
     >
     >
     Package Installed Version Requested Version
     1: TimeWarp 1.0.15 1.0.12
     > install.packages('https://cran.rstudio.com/src/contrib/Archive/latdiag/latdiag_0.2-2.tar.gz',lib='/home/hornik/tmp/scratch/RtmpZOUTfH/test5',dependencies=FALSE,repos=NULL,type='source')
     trying URL 'https://cran.rstudio.com/src/contrib/Archive/latdiag/latdiag_0.2-2.tar.gz'
     Content type 'application/x-gzip' length 5317 bytes
     ==================================================
     downloaded 5317 bytes
    
     * installing *source* package ‘latdiag’ ...
     ** package ‘latdiag’ successfully unpacked and MD5 sums checked
     ** R
     ** inst
     ** byte-compile and prepare package for lazy loading
     ** help
     *** installing help indices
     ** building package indices
     ** testing if installed package can be loaded
     * DONE (latdiag)
     >
     >
     trying URL 'https://cran.rstudio.com/src/contrib/jpeg_0.1-8.tar.gz'
     Content type 'application/x-gzip' length 18046 bytes (17 KB)
     ==================================================
     downloaded 17 KB
    
     * installing *source* package ‘jpeg’ ...
     ** package ‘jpeg’ successfully unpacked and MD5 sums checked
     ** libs
     make[1]: Entering directory '/home/hornik/tmp/scratch/RtmpZOUTfH/devtools65194c36e6bc/jpeg/src'
     gcc-7 -I"/home/hornik/tmp/R.check/r-devel-gcc/Work/build/include" -DNDEBUG -I/usr/local/include -fpic -g -O3 -Wall -pedantic -mtune=native -c read.c -o read.o
     gcc-7 -I"/home/hornik/tmp/R.check/r-devel-gcc/Work/build/include" -DNDEBUG -I/usr/local/include -fpic -g -O3 -Wall -pedantic -mtune=native -c write.c -o write.o
     gcc-7 -shared -L/home/hornik/tmp/R.check/r-devel-gcc/Work/build/lib -Wl,-O1 -o jpeg.so read.o write.o -ljpeg -L/home/hornik/tmp/R.check/r-devel-gcc/Work/build/lib -lR
     make[1]: Leaving directory '/home/hornik/tmp/scratch/RtmpZOUTfH/devtools65194c36e6bc/jpeg/src'
     make[1]: Entering directory '/home/hornik/tmp/scratch/RtmpZOUTfH/devtools65194c36e6bc/jpeg/src'
     make[1]: Leaving directory '/home/hornik/tmp/scratch/RtmpZOUTfH/devtools65194c36e6bc/jpeg/src'
     installing to /home/hornik/tmp/scratch/RtmpZOUTfH/test5/jpeg/libs
     ** R
     ** inst
     ** tests
     ** byte-compile and prepare package for lazy loading
     ** help
     *** installing help indices
     ** building package indices
     ** testing if installed package can be loaded
     * DONE (jpeg)
     * installing *source* package ‘meow’ ...
     ** R
     ** tests
     ** byte-compile and prepare package for lazy loading
     ** help
     *** installing help indices
     ** building package indices
     ** testing if installed package can be loaded
     * DONE (meow)
     > utils::install.packages('Holidays',dependencies=FALSE,lib='/home/hornik/tmp/scratch/RtmpZOUTfH/test5',repos=c('https://cran.rstudio.com'))
     trying URL 'https://cran.rstudio.com/src/contrib/Holidays_1.0-7.tar.gz'
     Content type 'application/x-gzip' length 16051 bytes (15 KB)
     ==================================================
     downloaded 15 KB
    
     * installing *source* package ‘Holidays’ ...
     ** package ‘Holidays’ successfully unpacked and MD5 sums checked
     ** R
     ** inst
     ** byte-compile and prepare package for lazy loading
     ** help
     *** installing help indices
     ** building package indices
     ** testing if installed package can be loaded
     * DONE (Holidays)
    
     The downloaded source packages are in
     ‘/home/hornik/tmp/scratch/RtmpMF7Kxp/downloaded_packages’
     >
     >
     > utils::install.packages('TimeWarp',dependencies=FALSE,lib='/home/hornik/tmp/scratch/RtmpZOUTfH/test5',repos=c('https://cran.rstudio.com'))
     trying URL 'https://cran.rstudio.com/src/contrib/TimeWarp_1.0.15.tar.gz'
     Content type 'application/x-gzip' length 40987 bytes (40 KB)
     ==================================================
     downloaded 40 KB
    
     * installing *source* package ‘TimeWarp’ ...
     ** package ‘TimeWarp’ successfully unpacked and MD5 sums checked
     ** R
     ** inst
     ** byte-compile and prepare package for lazy loading
     ** help
     *** installing help indices
     ** building package indices
     ** testing if installed package can be loaded
     * DONE (TimeWarp)
    
     The downloaded source packages are in
     ‘/home/hornik/tmp/scratch/RtmpPT4mxK/downloaded_packages’
     >
     >
     ══ testthat results ═══════════════════════════════════════════════════════════
     OK: 200 SKIPPED: 5 FAILED: 1
     1. Error: git-related functions work (@test-git.R#38)
    
     Error: testthat unit tests failed
     Execution halted
Flavor: r-devel-linux-x86_64-debian-gcc

Version: 0.2.1
Check: dependencies in R code
Result: NOTE
    Namespace in Imports field not imported from: ‘gdalUtils’
     All declared Imports should be used.
Flavors: r-devel-linux-x86_64-fedora-clang, r-devel-linux-x86_64-fedora-gcc, r-patched-solaris-x86, r-release-osx-x86_64, r-oldrel-osx-x86_64

Version: 0.2.1
Check: tests
Result: ERROR
     Running ‘test-all.R’ [69s/91s]
    Running the tests in ‘tests/test-all.R’ failed.
    Complete output:
     > library(testthat)
     > test_check("reproducible")
     Loading required package: reproducible
    
     Attaching package: 'reproducible'
    
     The following object is masked from 'package:testthat':
    
     %>%
    
     objectNames hashElements hash objSize
     1 n n 6c7241b28962c115e2474b0001db7ad0 56
     2 .FUN .FUN 67df18ede3a1a11346db5d8aa4e79c19 224
     functionName component elapsedTime units
     1 rnorm Hashing 2.443790e-04 secs
     2 rnorm Running rnorm 2.932549e-05 secs
     3 rnorm Saving to repo 9.190345e-02 secs
     4 rnorm Whole Cache call 4.404058e-01 secs
     objectNames hashElements hash objSize
     1 file file ed36ccdea46395b8 152
     2 .FUN .FUN ec4c07082632cc59b9ccec7c1ddd771d 1256
     functionName component elapsedTime units
     1 readRDS Hashing 0.0007483959 secs
     2 readRDS Running readRDS 0.0006210804 secs
     3 readRDS Saving to repo 0.1133172512 secs
     4 readRDS Whole Cache call 0.1400582790 secs
     objectNames hashElements hash objSize
     1 file file ed36ccdea46395b8 24078
     2 .FUN .FUN ec4c07082632cc59b9ccec7c1ddd771d 1256
     functionName component elapsedTime units
     1 readRDS Hashing 0.0006923676 secs
     2 readRDS Running readRDS 0.0005924702 secs
     3 readRDS Saving to repo 0.1106052399 secs
     4 readRDS Whole Cache call 0.1408126354 secs
     ── 1. Error: git-related functions work (@test-git.R#38) ──────────────────────
     trying to get slot "sha" from an object (class "git_commit") that is not an S4 object
     1: expect_identical(git2r::head(testRepo)@sha, specificCommit) at testthat/test-git.R:38
     2: quasi_label(enquo(object), label)
     3: eval_bare(get_expr(quo), get_env(quo))
    
     > utils::install.packages('TimeWarp',dependencies=FALSE,lib='/tmp/RtmprYvUcH/test6',repos=c('https://cran.rstudio.com'))
     trying URL 'https://cran.rstudio.com/src/contrib/TimeWarp_1.0.15.tar.gz'
     Content type 'application/x-gzip' length 40987 bytes (40 KB)
     ==================================================
     downloaded 40 KB
    
     * installing *source* package ‘TimeWarp’ ...
     ** package ‘TimeWarp’ successfully unpacked and MD5 sums checked
     ** R
     ** inst
     ** byte-compile and prepare package for lazy loading
     ** help
     *** installing help indices
     ** building package indices
     ** testing if installed package can be loaded
     * DONE (TimeWarp)
    
     The downloaded source packages are in
     ‘/tmp/RtmpgZz9Xn/downloaded_packages’
     >
     >
     Package Installed Version Requested Version
     1: TimeWarp 1.0.15 1.0.12
     > install.packages('https://cran.rstudio.com/src/contrib/Archive/latdiag/latdiag_0.2-2.tar.gz',lib='/tmp/RtmprYvUcH/test5',dependencies=FALSE,repos=NULL,type='source')
     trying URL 'https://cran.rstudio.com/src/contrib/Archive/latdiag/latdiag_0.2-2.tar.gz'
     Content type 'application/x-gzip' length 5317 bytes
     ==================================================
     downloaded 5317 bytes
    
     * installing *source* package ‘latdiag’ ...
     ** package ‘latdiag’ successfully unpacked and MD5 sums checked
     ** R
     ** inst
     ** byte-compile and prepare package for lazy loading
     ** help
     *** installing help indices
     ** building package indices
     ** testing if installed package can be loaded
     * DONE (latdiag)
     >
     >
     trying URL 'https://cran.rstudio.com/src/contrib/jpeg_0.1-8.tar.gz'
     Content type 'application/x-gzip' length 18046 bytes (17 KB)
     ==================================================
     downloaded 17 KB
    
     * installing *source* package ‘jpeg’ ...
     ** package ‘jpeg’ successfully unpacked and MD5 sums checked
     ** libs
     make[1]: Entering directory '/tmp/RtmprYvUcH/devtools14d11ee5841e/jpeg/src'
     clang -I"/data/gannet/ripley/R/R-clang/include" -DNDEBUG -isystem /usr/local/clang/include -fpic -g -O3 -Wall -pedantic -c read.c -o read.o
     clang -I"/data/gannet/ripley/R/R-clang/include" -DNDEBUG -isystem /usr/local/clang/include -fpic -g -O3 -Wall -pedantic -c write.c -o write.o
     clang -shared -L/usr/local/clang/lib64 -L/usr/local/lib64 -o jpeg.so read.o write.o -ljpeg
     make[1]: Leaving directory '/tmp/RtmprYvUcH/devtools14d11ee5841e/jpeg/src'
     make[1]: Entering directory '/tmp/RtmprYvUcH/devtools14d11ee5841e/jpeg/src'
     make[1]: Leaving directory '/tmp/RtmprYvUcH/devtools14d11ee5841e/jpeg/src'
     installing to /tmp/RtmprYvUcH/test5/jpeg/libs
     ** R
     ** inst
     ** tests
     ** byte-compile and prepare package for lazy loading
     ** help
     *** installing help indices
     ** building package indices
     ** testing if installed package can be loaded
     * DONE (jpeg)
     * installing *source* package ‘meow’ ...
     ** R
     ** tests
     ** byte-compile and prepare package for lazy loading
     ** help
     *** installing help indices
     ** building package indices
     ** testing if installed package can be loaded
     * DONE (meow)
     > utils::install.packages('Holidays',dependencies=FALSE,lib='/tmp/RtmprYvUcH/test5',repos=c('https://cran.rstudio.com'))
     trying URL 'https://cran.rstudio.com/src/contrib/Holidays_1.0-7.tar.gz'
     Content type 'application/x-gzip' length 16051 bytes (15 KB)
     ==================================================
     downloaded 15 KB
    
     * installing *source* package ‘Holidays’ ...
     ** package ‘Holidays’ successfully unpacked and MD5 sums checked
     ** R
     ** inst
     ** byte-compile and prepare package for lazy loading
     ** help
     *** installing help indices
     ** building package indices
     ** testing if installed package can be loaded
     * DONE (Holidays)
    
     The downloaded source packages are in
     ‘/tmp/RtmpbE5OKn/downloaded_packages’
     >
     >
     > utils::install.packages('TimeWarp',dependencies=FALSE,lib='/tmp/RtmprYvUcH/test5',repos=c('https://cran.rstudio.com'))
     trying URL 'https://cran.rstudio.com/src/contrib/TimeWarp_1.0.15.tar.gz'
     Content type 'application/x-gzip' length 40987 bytes (40 KB)
     ==================================================
     downloaded 40 KB
    
     * installing *source* package ‘TimeWarp’ ...
     ** package ‘TimeWarp’ successfully unpacked and MD5 sums checked
     ** R
     ** inst
     ** byte-compile and prepare package for lazy loading
     ** help
     *** installing help indices
     ** building package indices
     ** testing if installed package can be loaded
     * DONE (TimeWarp)
    
     The downloaded source packages are in
     ‘/tmp/RtmpVhqBy9/downloaded_packages’
     >
     >
     ══ testthat results ═══════════════════════════════════════════════════════════
     OK: 200 SKIPPED: 5 FAILED: 1
     1. Error: git-related functions work (@test-git.R#38)
    
     Error: testthat unit tests failed
     Execution halted
Flavor: r-devel-linux-x86_64-fedora-clang

Version: 0.2.1
Check: tests
Result: ERROR
     Running ‘test-all.R’ [71s/92s]
    Running the tests in ‘tests/test-all.R’ failed.
    Complete output:
     > library(testthat)
     > test_check("reproducible")
     Loading required package: reproducible
    
     Attaching package: 'reproducible'
    
     The following object is masked from 'package:testthat':
    
     %>%
    
     objectNames hashElements hash objSize
     1 n n 6c7241b28962c115e2474b0001db7ad0 56
     2 .FUN .FUN 67df18ede3a1a11346db5d8aa4e79c19 224
     functionName component elapsedTime units
     1 rnorm Hashing 2.563000e-04 secs
     2 rnorm Running rnorm 3.218651e-05 secs
     3 rnorm Saving to repo 9.469533e-02 secs
     4 rnorm Whole Cache call 4.427273e-01 secs
     objectNames hashElements hash objSize
     1 file file ed36ccdea46395b8 152
     2 .FUN .FUN ec4c07082632cc59b9ccec7c1ddd771d 1256
     functionName component elapsedTime units
     1 readRDS Hashing 0.0007514954 secs
     2 readRDS Running readRDS 0.0006287098 secs
     3 readRDS Saving to repo 0.1066868305 secs
     4 readRDS Whole Cache call 0.1327710152 secs
     objectNames hashElements hash objSize
     1 file file ed36ccdea46395b8 24078
     2 .FUN .FUN ec4c07082632cc59b9ccec7c1ddd771d 1256
     functionName component elapsedTime units
     1 readRDS Hashing 0.0008313656 secs
     2 readRDS Running readRDS 0.0005428791 secs
     3 readRDS Saving to repo 0.1090712547 secs
     4 readRDS Whole Cache call 0.1359040737 secs
     ── 1. Error: git-related functions work (@test-git.R#38) ──────────────────────
     trying to get slot "sha" from an object (class "git_commit") that is not an S4 object
     1: expect_identical(git2r::head(testRepo)@sha, specificCommit) at testthat/test-git.R:38
     2: quasi_label(enquo(object), label)
     3: eval_bare(get_expr(quo), get_env(quo))
    
     > utils::install.packages('TimeWarp',dependencies=FALSE,lib='/tmp/RtmpTTqaLc/test6',repos=c('https://cran.rstudio.com'))
     trying URL 'https://cran.rstudio.com/src/contrib/TimeWarp_1.0.15.tar.gz'
     Content type 'application/x-gzip' length 40987 bytes (40 KB)
     ==================================================
     downloaded 40 KB
    
     * installing *source* package ‘TimeWarp’ ...
     ** package ‘TimeWarp’ successfully unpacked and MD5 sums checked
     ** R
     ** inst
     ** byte-compile and prepare package for lazy loading
     ** help
     *** installing help indices
     ** building package indices
     ** testing if installed package can be loaded
     * DONE (TimeWarp)
    
     The downloaded source packages are in
     ‘/tmp/RtmpURuPgA/downloaded_packages’
     >
     >
     Package Installed Version Requested Version
     1: TimeWarp 1.0.15 1.0.12
     > install.packages('https://cran.rstudio.com/src/contrib/Archive/latdiag/latdiag_0.2-2.tar.gz',lib='/tmp/RtmpTTqaLc/test5',dependencies=FALSE,repos=NULL,type='source')
     trying URL 'https://cran.rstudio.com/src/contrib/Archive/latdiag/latdiag_0.2-2.tar.gz'
     Content type 'application/x-gzip' length 5317 bytes
     ==================================================
     downloaded 5317 bytes
    
     * installing *source* package ‘latdiag’ ...
     ** package ‘latdiag’ successfully unpacked and MD5 sums checked
     ** R
     ** inst
     ** byte-compile and prepare package for lazy loading
     ** help
     *** installing help indices
     ** building package indices
     ** testing if installed package can be loaded
     * DONE (latdiag)
     >
     >
     trying URL 'https://cran.rstudio.com/src/contrib/jpeg_0.1-8.tar.gz'
     Content type 'application/x-gzip' length 18046 bytes (17 KB)
     ==================================================
     downloaded 17 KB
    
     * installing *source* package ‘jpeg’ ...
     ** package ‘jpeg’ successfully unpacked and MD5 sums checked
     ** libs
     make[1]: Entering directory '/tmp/RtmpTTqaLc/devtools112d1cd31fbf/jpeg/src'
     gcc -I"/data/gannet/ripley/R/R-devel/include" -DNDEBUG -I/usr/local/include -fpic -g -O2 -Wall -pedantic -mtune=native -c read.c -o read.o
     gcc -I"/data/gannet/ripley/R/R-devel/include" -DNDEBUG -I/usr/local/include -fpic -g -O2 -Wall -pedantic -mtune=native -c write.c -o write.o
     gcc -shared -L/usr/local/lib64 -o jpeg.so read.o write.o -ljpeg
     make[1]: Leaving directory '/tmp/RtmpTTqaLc/devtools112d1cd31fbf/jpeg/src'
     make[1]: Entering directory '/tmp/RtmpTTqaLc/devtools112d1cd31fbf/jpeg/src'
     make[1]: Leaving directory '/tmp/RtmpTTqaLc/devtools112d1cd31fbf/jpeg/src'
     installing to /tmp/RtmpTTqaLc/test5/jpeg/libs
     ** R
     ** inst
     ** tests
     ** byte-compile and prepare package for lazy loading
     ** help
     *** installing help indices
     ** building package indices
     ** testing if installed package can be loaded
     * DONE (jpeg)
     * installing *source* package ‘meow’ ...
     ** R
     ** tests
     ** byte-compile and prepare package for lazy loading
     ** help
     *** installing help indices
     ** building package indices
     ** testing if installed package can be loaded
     * DONE (meow)
     > utils::install.packages('Holidays',dependencies=FALSE,lib='/tmp/RtmpTTqaLc/test5',repos=c('https://cran.rstudio.com'))
     trying URL 'https://cran.rstudio.com/src/contrib/Holidays_1.0-7.tar.gz'
     Content type 'application/x-gzip' length 16051 bytes (15 KB)
     ==================================================
     downloaded 15 KB
    
     * installing *source* package ‘Holidays’ ...
     ** package ‘Holidays’ successfully unpacked and MD5 sums checked
     ** R
     ** inst
     ** byte-compile and prepare package for lazy loading
     ** help
     *** installing help indices
     ** building package indices
     ** testing if installed package can be loaded
     * DONE (Holidays)
    
     The downloaded source packages are in
     ‘/tmp/RtmpRlnx0v/downloaded_packages’
     >
     >
     > utils::install.packages('TimeWarp',dependencies=FALSE,lib='/tmp/RtmpTTqaLc/test5',repos=c('https://cran.rstudio.com'))
     trying URL 'https://cran.rstudio.com/src/contrib/TimeWarp_1.0.15.tar.gz'
     Content type 'application/x-gzip' length 40987 bytes (40 KB)
     ==================================================
     downloaded 40 KB
    
     * installing *source* package ‘TimeWarp’ ...
     ** package ‘TimeWarp’ successfully unpacked and MD5 sums checked
     ** R
     ** inst
     ** byte-compile and prepare package for lazy loading
     ** help
     *** installing help indices
     ** building package indices
     ** testing if installed package can be loaded
     * DONE (TimeWarp)
    
     The downloaded source packages are in
     ‘/tmp/RtmpSJYqke/downloaded_packages’
     >
     >
     ══ testthat results ═══════════════════════════════════════════════════════════
     OK: 200 SKIPPED: 5 FAILED: 1
     1. Error: git-related functions work (@test-git.R#38)
    
     Error: testthat unit tests failed
     Execution halted
Flavor: r-devel-linux-x86_64-fedora-gcc

Version: 0.2.1
Check: tests
Result: ERROR
     Running ‘test-all.R’ [58s/88s]
    Running the tests in ‘tests/test-all.R’ failed.
    Complete output:
     > library(testthat)
     > test_check("reproducible")
     Loading required package: reproducible
    
     Attaching package: 'reproducible'
    
     The following object is masked from 'package:testthat':
    
     %>%
    
     objectNames hashElements hash objSize
     1 n n c5f534a9160cf9159409a078a0629c06 56
     2 .FUN .FUN a979d0700a6ef8c7c18736096ff1d522 224
     functionName component elapsedTime units
     1 rnorm Hashing 2.415180e-04 secs
     2 rnorm Running rnorm 3.123283e-05 secs
     3 rnorm Saving to repo 7.515907e-02 secs
     4 rnorm Whole Cache call 3.882954e-01 secs
     objectNames hashElements hash objSize
     1 file file c4f908641f15f3d7 152
     2 .FUN .FUN 1bd58b33d9dc341e4e6da2a575eb6824 1256
     functionName component elapsedTime units
     1 readRDS Hashing 0.0007407665 secs
     2 readRDS Running readRDS 0.0006248951 secs
     3 readRDS Saving to repo 0.0861012936 secs
     4 readRDS Whole Cache call 0.1079852581 secs
     objectNames hashElements hash objSize
     1 file file c4f908641f15f3d7 24072
     2 .FUN .FUN 1bd58b33d9dc341e4e6da2a575eb6824 1256
     functionName component elapsedTime units
     1 readRDS Hashing 0.0006866455 secs
     2 readRDS Running readRDS 0.0005297661 secs
     3 readRDS Saving to repo 0.0796241760 secs
     4 readRDS Whole Cache call 0.1011259556 secs
     ── 1. Error: git-related functions work (@test-git.R#38) ──────────────────────
     trying to get slot "sha" from an object (class "git_commit") that is not an S4 object
     1: expect_identical(git2r::head(testRepo)@sha, specificCommit) at testthat/test-git.R:38
     2: quasi_label(enquo(object), label)
     3: eval_bare(get_expr(quo), get_env(quo))
    
     > utils::install.packages('TimeWarp',dependencies=FALSE,lib='/tmp/Rtmp6JW7Mx/test6',repos=c('https://cran.rstudio.com'))
     trying URL 'https://cran.rstudio.com/src/contrib/TimeWarp_1.0.15.tar.gz'
     Content type 'application/x-gzip' length 40987 bytes (40 KB)
     ==================================================
     downloaded 40 KB
    
     * installing *source* package ‘TimeWarp’ ...
     ** package ‘TimeWarp’ successfully unpacked and MD5 sums checked
     ** R
     ** inst
     ** byte-compile and prepare package for lazy loading
     ** help
     *** installing help indices
     ** building package indices
     ** testing if installed package can be loaded
     * DONE (TimeWarp)
    
     The downloaded source packages are in
     ‘/tmp/Rtmpi5hOxr/downloaded_packages’
     >
     >
     Package Installed Version Requested Version
     1: TimeWarp 1.0.15 1.0.12
     > install.packages('https://cran.rstudio.com/src/contrib/Archive/latdiag/latdiag_0.2-2.tar.gz',lib='/tmp/Rtmp6JW7Mx/test5',dependencies=FALSE,repos=NULL,type='source')
     trying URL 'https://cran.rstudio.com/src/contrib/Archive/latdiag/latdiag_0.2-2.tar.gz'
     Content type 'application/x-gzip' length 5317 bytes
     ==================================================
     downloaded 5317 bytes
    
     * installing *source* package ‘latdiag’ ...
     ** package ‘latdiag’ successfully unpacked and MD5 sums checked
     ** R
     ** inst
     ** byte-compile and prepare package for lazy loading
     ** help
     *** installing help indices
     ** building package indices
     ** testing if installed package can be loaded
     * DONE (latdiag)
     >
     >
     trying URL 'https://cran.rstudio.com/src/contrib/jpeg_0.1-8.tar.gz'
     Content type 'application/x-gzip' length 18046 bytes (17 KB)
     ==================================================
     downloaded 17 KB
    
     * installing *source* package ‘jpeg’ ...
     ** package ‘jpeg’ successfully unpacked and MD5 sums checked
     ** libs
     make[1]: Entering directory '/tmp/Rtmp6JW7Mx/devtools232a6cbb9ed4/jpeg/src'
     gcc-7 -I"/home/hornik/tmp/R.check/r-patched-gcc/Work/build/include" -DNDEBUG -I/usr/local/include -fpic -g -O3 -Wall -pedantic -mtune=native -c read.c -o read.o
     gcc-7 -I"/home/hornik/tmp/R.check/r-patched-gcc/Work/build/include" -DNDEBUG -I/usr/local/include -fpic -g -O3 -Wall -pedantic -mtune=native -c write.c -o write.o
     gcc-7 -shared -L/home/hornik/tmp/R.check/r-patched-gcc/Work/build/lib -Wl,-O1 -o jpeg.so read.o write.o -ljpeg -L/home/hornik/tmp/R.check/r-patched-gcc/Work/build/lib -lR
     make[1]: Leaving directory '/tmp/Rtmp6JW7Mx/devtools232a6cbb9ed4/jpeg/src'
     make[1]: Entering directory '/tmp/Rtmp6JW7Mx/devtools232a6cbb9ed4/jpeg/src'
     make[1]: Leaving directory '/tmp/Rtmp6JW7Mx/devtools232a6cbb9ed4/jpeg/src'
     installing to /tmp/Rtmp6JW7Mx/test5/jpeg/libs
     ** R
     ** inst
     ** tests
     ** byte-compile and prepare package for lazy loading
     ** help
     *** installing help indices
     ** building package indices
     ** testing if installed package can be loaded
     * DONE (jpeg)
     * installing *source* package ‘meow’ ...
     ** R
     ** tests
     ** byte-compile and prepare package for lazy loading
     ** help
     *** installing help indices
     ** building package indices
     ** testing if installed package can be loaded
     * DONE (meow)
     > utils::install.packages('Holidays',dependencies=FALSE,lib='/tmp/Rtmp6JW7Mx/test5',repos=c('https://cran.rstudio.com'))
     trying URL 'https://cran.rstudio.com/src/contrib/Holidays_1.0-7.tar.gz'
     Content type 'application/x-gzip' length 16051 bytes (15 KB)
     ==================================================
     downloaded 15 KB
    
     * installing *source* package ‘Holidays’ ...
     ** package ‘Holidays’ successfully unpacked and MD5 sums checked
     ** R
     ** inst
     ** byte-compile and prepare package for lazy loading
     ** help
     *** installing help indices
     ** building package indices
     ** testing if installed package can be loaded
     * DONE (Holidays)
    
     The downloaded source packages are in
     ‘/tmp/Rtmp2tjQjz/downloaded_packages’
     >
     >
     > utils::install.packages('TimeWarp',dependencies=FALSE,lib='/tmp/Rtmp6JW7Mx/test5',repos=c('https://cran.rstudio.com'))
     trying URL 'https://cran.rstudio.com/src/contrib/TimeWarp_1.0.15.tar.gz'
     Content type 'application/x-gzip' length 40987 bytes (40 KB)
     ==================================================
     downloaded 40 KB
    
     * installing *source* package ‘TimeWarp’ ...
     ** package ‘TimeWarp’ successfully unpacked and MD5 sums checked
     ** R
     ** inst
     ** byte-compile and prepare package for lazy loading
     ** help
     *** installing help indices
     ** building package indices
     ** testing if installed package can be loaded
     * DONE (TimeWarp)
    
     The downloaded source packages are in
     ‘/tmp/RtmpJN7FY8/downloaded_packages’
     >
     >
     ══ testthat results ═══════════════════════════════════════════════════════════
     OK: 200 SKIPPED: 5 FAILED: 1
     1. Error: git-related functions work (@test-git.R#38)
    
     Error: testthat unit tests failed
     Execution halted
Flavor: r-patched-linux-x86_64

Version: 0.2.1
Check: tests
Result: ERROR
     Running ‘test-all.R’ [82s/273s]
    Running the tests in ‘tests/test-all.R’ failed.
    Complete output:
     > library(testthat)
     > test_check("reproducible")
     Loading required package: reproducible
    
     Attaching package: 'reproducible'
    
     The following object is masked from 'package:testthat':
    
     %>%
    
     objectNames hashElements hash objSize
     1 n n c5f534a9160cf9159409a078a0629c06 36
     2 .FUN .FUN a979d0700a6ef8c7c18736096ff1d522 156
     functionName component elapsedTime units
     1 rnorm Hashing 3.061295e-04 secs
     2 rnorm Running rnorm 4.696846e-05 secs
     3 rnorm Saving to repo 9.436321e-02 secs
     4 rnorm Whole Cache call 4.278624e-01 secs
     objectNames hashElements hash objSize
     1 file file fa609190e253cc48 112
     2 .FUN .FUN 1bd58b33d9dc341e4e6da2a575eb6824 912
     functionName component elapsedTime units
     1 readRDS Hashing 0.001083136 secs
     2 readRDS Running readRDS 0.001101255 secs
     3 readRDS Saving to repo 0.130235910 secs
     4 readRDS Whole Cache call 0.160441637 secs
     objectNames hashElements hash objSize
     1 file file fa609190e253cc48 24097
     2 .FUN .FUN 1bd58b33d9dc341e4e6da2a575eb6824 912
     functionName component elapsedTime units
     1 readRDS Hashing 0.001023769 secs
     2 readRDS Running readRDS 0.001102686 secs
     3 readRDS Saving to repo 0.109278679 secs
     4 readRDS Whole Cache call 0.139346123 secs
     ── 1. Error: git-related functions work (@test-git.R#38) ──────────────────────
     trying to get slot "sha" from an object (class "git_commit") that is not an S4 object
     1: expect_identical(git2r::head(testRepo)@sha, specificCommit) at testthat/test-git.R:38
     2: quasi_label(enquo(object), label)
     3: eval_bare(get_expr(quo), get_env(quo))
    
     > utils::install.packages('TimeWarp',dependencies=FALSE,lib='/tmp/RtmpG8aWzz/test6',repos=c('https://cran.rstudio.com'))
     trying URL 'https://cran.rstudio.com/src/contrib/TimeWarp_1.0.15.tar.gz'
     Content type 'application/x-gzip' length 40987 bytes (40 KB)
     ==================================================
     downloaded 40 KB
    
     * installing *source* package ‘TimeWarp’ ...
     ** package ‘TimeWarp’ successfully unpacked and MD5 sums checked
     ** R
     ** inst
     ** byte-compile and prepare package for lazy loading
     ** help
     *** installing help indices
     ** building package indices
     ** testing if installed package can be loaded
     * DONE (TimeWarp)
    
     The downloaded source packages are in
     ‘/tmp/RtmpslaGMA/downloaded_packages’
     >
     >
     Package Installed Version Requested Version
     1: TimeWarp 1.0.15 1.0.12
     > install.packages('https://cran.rstudio.com/src/contrib/Archive/latdiag/latdiag_0.2-2.tar.gz',lib='/tmp/RtmpG8aWzz/test5',dependencies=FALSE,repos=NULL,type='source')
     trying URL 'https://cran.rstudio.com/src/contrib/Archive/latdiag/latdiag_0.2-2.tar.gz'
     Content type 'application/x-gzip' length 5317 bytes
     ==================================================
     downloaded 5317 bytes
    
     * installing *source* package ‘latdiag’ ...
     ** package ‘latdiag’ successfully unpacked and MD5 sums checked
     ** R
     ** inst
     ** byte-compile and prepare package for lazy loading
     ** help
     *** installing help indices
     ** building package indices
     ** testing if installed package can be loaded
     * DONE (latdiag)
     >
     >
     trying URL 'https://cran.rstudio.com/src/contrib/jpeg_0.1-8.tar.gz'
     Content type 'application/x-gzip' length 18046 bytes (17 KB)
     ==================================================
     downloaded 17 KB
    
     * installing *source* package ‘jpeg’ ...
     ** package ‘jpeg’ successfully unpacked and MD5 sums checked
     ** libs
     cc -xc99 -I"/home/ripley/R/cc/include" -DNDEBUG -I/usr/local/include -KPIC -O -xlibmieee -xlibmil -xtarget=native -nofstore -c read.c -o read.o
     "read.c", line 21: warning: enum type mismatch: arg #3
     cc -xc99 -I"/home/ripley/R/cc/include" -DNDEBUG -I/usr/local/include -KPIC -O -xlibmieee -xlibmil -xtarget=native -nofstore -c write.c -o write.o
     "write.c", line 22: warning: enum type mismatch: arg #3
     cc -xc99 -G -L/usr/local/lib -o jpeg.so read.o write.o -ljpeg
     installing to /tmp/RtmpG8aWzz/test5/jpeg/libs
     ** R
     ** inst
     ** tests
     ** byte-compile and prepare package for lazy loading
     ** help
     *** installing help indices
     ** building package indices
     ** testing if installed package can be loaded
     * DONE (jpeg)
     * installing *source* package ‘meow’ ...
     ** R
     ** tests
     ** byte-compile and prepare package for lazy loading
     ** help
     *** installing help indices
     ** building package indices
     ** testing if installed package can be loaded
     * DONE (meow)
     > utils::install.packages('Holidays',dependencies=FALSE,lib='/tmp/RtmpG8aWzz/test5',repos=c('https://cran.rstudio.com'))
     trying URL 'https://cran.rstudio.com/src/contrib/Holidays_1.0-7.tar.gz'
     Content type 'application/x-gzip' length 16051 bytes (15 KB)
     ==================================================
     downloaded 15 KB
    
     * installing *source* package ‘Holidays’ ...
     ** package ‘Holidays’ successfully unpacked and MD5 sums checked
     ** R
     ** inst
     ** byte-compile and prepare package for lazy loading
     ** help
     *** installing help indices
     ** building package indices
     ** testing if installed package can be loaded
     * DONE (Holidays)
    
     The downloaded source packages are in
     ‘/tmp/RtmpH3aawB/downloaded_packages’
     >
     >
     > utils::install.packages('TimeWarp',dependencies=FALSE,lib='/tmp/RtmpG8aWzz/test5',repos=c('https://cran.rstudio.com'))
     trying URL 'https://cran.rstudio.com/src/contrib/TimeWarp_1.0.15.tar.gz'
     Content type 'application/x-gzip' length 40987 bytes (40 KB)
     ==================================================
     downloaded 40 KB
    
     * installing *source* package ‘TimeWarp’ ...
     ** package ‘TimeWarp’ successfully unpacked and MD5 sums checked
     ** R
     ** inst
     ** byte-compile and prepare package for lazy loading
     ** help
     *** installing help indices
     ** building package indices
     ** testing if installed package can be loaded
     * DONE (TimeWarp)
    
     The downloaded source packages are in
     ‘/tmp/Rtmp0eaGIB/downloaded_packages’
     >
     >
     ══ testthat results ═══════════════════════════════════════════════════════════
     OK: 202 SKIPPED: 5 FAILED: 1
     1. Error: git-related functions work (@test-git.R#38)
    
     Error: testthat unit tests failed
     Execution halted
Flavor: r-patched-solaris-x86

Version: 0.2.1
Check: tests
Result: ERROR
     Running ‘test-all.R’ [59s/89s]
    Running the tests in ‘tests/test-all.R’ failed.
    Complete output:
     > library(testthat)
     > test_check("reproducible")
     Loading required package: reproducible
    
     Attaching package: 'reproducible'
    
     The following object is masked from 'package:testthat':
    
     %>%
    
     objectNames hashElements hash objSize
     1 n n c5f534a9160cf9159409a078a0629c06 56
     2 .FUN .FUN a979d0700a6ef8c7c18736096ff1d522 224
     functionName component elapsedTime units
     1 rnorm Hashing 2.527237e-04 secs
     2 rnorm Running rnorm 3.218651e-05 secs
     3 rnorm Saving to repo 7.432628e-02 secs
     4 rnorm Whole Cache call 3.814225e-01 secs
     objectNames hashElements hash objSize
     1 file file c4f908641f15f3d7 152
     2 .FUN .FUN 1bd58b33d9dc341e4e6da2a575eb6824 1256
     functionName component elapsedTime units
     1 readRDS Hashing 0.0007281303 secs
     2 readRDS Running readRDS 0.0006337166 secs
     3 readRDS Saving to repo 0.0870063305 secs
     4 readRDS Whole Cache call 0.1094825268 secs
     objectNames hashElements hash objSize
     1 file file c4f908641f15f3d7 24072
     2 .FUN .FUN 1bd58b33d9dc341e4e6da2a575eb6824 1256
     functionName component elapsedTime units
     1 readRDS Hashing 0.0007121563 secs
     2 readRDS Running readRDS 0.0005471706 secs
     3 readRDS Saving to repo 0.0875720978 secs
     4 readRDS Whole Cache call 0.1090178490 secs
     ── 1. Error: git-related functions work (@test-git.R#38) ──────────────────────
     trying to get slot "sha" from an object (class "git_commit") that is not an S4 object
     1: expect_identical(git2r::head(testRepo)@sha, specificCommit) at testthat/test-git.R:38
     2: quasi_label(enquo(object), label)
     3: eval_bare(get_expr(quo), get_env(quo))
    
     > utils::install.packages('TimeWarp',dependencies=FALSE,lib='/tmp/RtmpD2yNnQ/test6',repos=c('https://cran.rstudio.com'))
     trying URL 'https://cran.rstudio.com/src/contrib/TimeWarp_1.0.15.tar.gz'
     Content type 'application/x-gzip' length 40987 bytes (40 KB)
     ==================================================
     downloaded 40 KB
    
     * installing *source* package ‘TimeWarp’ ...
     ** package ‘TimeWarp’ successfully unpacked and MD5 sums checked
     ** R
     ** inst
     ** byte-compile and prepare package for lazy loading
     ** help
     *** installing help indices
     ** building package indices
     ** testing if installed package can be loaded
     * DONE (TimeWarp)
    
     The downloaded source packages are in
     ‘/tmp/RtmpJ6lu78/downloaded_packages’
     >
     >
     Package Installed Version Requested Version
     1: TimeWarp 1.0.15 1.0.12
     > install.packages('https://cran.rstudio.com/src/contrib/Archive/latdiag/latdiag_0.2-2.tar.gz',lib='/tmp/RtmpD2yNnQ/test5',dependencies=FALSE,repos=NULL,type='source')
     trying URL 'https://cran.rstudio.com/src/contrib/Archive/latdiag/latdiag_0.2-2.tar.gz'
     Content type 'application/x-gzip' length 5317 bytes
     ==================================================
     downloaded 5317 bytes
    
     * installing *source* package ‘latdiag’ ...
     ** package ‘latdiag’ successfully unpacked and MD5 sums checked
     ** R
     ** inst
     ** byte-compile and prepare package for lazy loading
     ** help
     *** installing help indices
     ** building package indices
     ** testing if installed package can be loaded
     * DONE (latdiag)
     >
     >
     trying URL 'https://cran.rstudio.com/src/contrib/jpeg_0.1-8.tar.gz'
     Content type 'application/x-gzip' length 18046 bytes (17 KB)
     ==================================================
     downloaded 17 KB
    
     * installing *source* package ‘jpeg’ ...
     ** package ‘jpeg’ successfully unpacked and MD5 sums checked
     ** libs
     make[1]: Entering directory '/tmp/RtmpD2yNnQ/devtools15dc35bbf00c/jpeg/src'
     gcc-7 -I"/home/hornik/tmp/R.check/r-release-gcc/Work/build/include" -DNDEBUG -I/usr/local/include -fpic -g -O3 -Wall -pedantic -mtune=native -c read.c -o read.o
     gcc-7 -I"/home/hornik/tmp/R.check/r-release-gcc/Work/build/include" -DNDEBUG -I/usr/local/include -fpic -g -O3 -Wall -pedantic -mtune=native -c write.c -o write.o
     gcc-7 -shared -L/home/hornik/tmp/R.check/r-release-gcc/Work/build/lib -Wl,-O1 -o jpeg.so read.o write.o -ljpeg -L/home/hornik/tmp/R.check/r-release-gcc/Work/build/lib -lR
     make[1]: Leaving directory '/tmp/RtmpD2yNnQ/devtools15dc35bbf00c/jpeg/src'
     make[1]: Entering directory '/tmp/RtmpD2yNnQ/devtools15dc35bbf00c/jpeg/src'
     make[1]: Leaving directory '/tmp/RtmpD2yNnQ/devtools15dc35bbf00c/jpeg/src'
     installing to /tmp/RtmpD2yNnQ/test5/jpeg/libs
     ** R
     ** inst
     ** tests
     ** byte-compile and prepare package for lazy loading
     ** help
     *** installing help indices
     ** building package indices
     ** testing if installed package can be loaded
     * DONE (jpeg)
     * installing *source* package ‘meow’ ...
     ** R
     ** tests
     ** byte-compile and prepare package for lazy loading
     ** help
     *** installing help indices
     ** building package indices
     ** testing if installed package can be loaded
     * DONE (meow)
     > utils::install.packages('Holidays',dependencies=FALSE,lib='/tmp/RtmpD2yNnQ/test5',repos=c('https://cran.rstudio.com'))
     trying URL 'https://cran.rstudio.com/src/contrib/Holidays_1.0-7.tar.gz'
     Content type 'application/x-gzip' length 16051 bytes (15 KB)
     ==================================================
     downloaded 15 KB
    
     * installing *source* package ‘Holidays’ ...
     ** package ‘Holidays’ successfully unpacked and MD5 sums checked
     ** R
     ** inst
     ** byte-compile and prepare package for lazy loading
     ** help
     *** installing help indices
     ** building package indices
     ** testing if installed package can be loaded
     * DONE (Holidays)
    
     The downloaded source packages are in
     ‘/tmp/Rtmp1dXY7S/downloaded_packages’
     >
     >
     > utils::install.packages('TimeWarp',dependencies=FALSE,lib='/tmp/RtmpD2yNnQ/test5',repos=c('https://cran.rstudio.com'))
     trying URL 'https://cran.rstudio.com/src/contrib/TimeWarp_1.0.15.tar.gz'
     Content type 'application/x-gzip' length 40987 bytes (40 KB)
     ==================================================
     downloaded 40 KB
    
     * installing *source* package ‘TimeWarp’ ...
     ** package ‘TimeWarp’ successfully unpacked and MD5 sums checked
     ** R
     ** inst
     ** byte-compile and prepare package for lazy loading
     ** help
     *** installing help indices
     ** building package indices
     ** testing if installed package can be loaded
     * DONE (TimeWarp)
    
     The downloaded source packages are in
     ‘/tmp/RtmpTCjiuy/downloaded_packages’
     >
     >
     ══ testthat results ═══════════════════════════════════════════════════════════
     OK: 200 SKIPPED: 5 FAILED: 1
     1. Error: git-related functions work (@test-git.R#38)
    
     Error: testthat unit tests failed
     Execution halted
Flavor: r-release-linux-x86_64