CRAN Package Check Results for Package reproducible

Last updated on 2019-03-19 23:51:13 CET.

Flavor Version Tinstall Tcheck Ttotal Status Flags
r-devel-linux-x86_64-debian-clang 0.2.8 33.89 257.15 291.04 OK
r-devel-linux-x86_64-debian-gcc 0.2.8 29.00 199.77 228.77 OK
r-devel-linux-x86_64-fedora-clang 0.2.8 344.78 OK
r-devel-linux-x86_64-fedora-gcc 0.2.8 309.52 OK
r-devel-windows-ix86+x86_64 0.2.7 92.00 349.00 441.00 OK
r-patched-linux-x86_64 0.2.7 29.72 241.17 270.89 OK
r-patched-solaris-x86 0.2.8 4.90 ERROR
r-release-linux-x86_64 0.2.7 31.61 247.05 278.66 OK
r-release-windows-ix86+x86_64 0.2.7 50.00 331.00 381.00 OK
r-release-osx-x86_64 0.2.7 OK
r-oldrel-windows-ix86+x86_64 0.2.7 90.00 495.00 585.00 OK
r-oldrel-osx-x86_64 0.2.7 OK

Check Details

Version: 0.2.8
Check: package dependencies
Result: ERROR
    Package required but not available: ‘git2r’
    
    See section ‘The DESCRIPTION file’ in the ‘Writing R Extensions’
    manual.
Flavor: r-patched-solaris-x86