CRAN Package Check Results for Package reproducible

Last updated on 2022-10-07 23:08:46 CEST.

Flavor Version Tinstall Tcheck Ttotal Status Flags
r-devel-linux-x86_64-debian-clang 1.2.10 55.30 481.20 536.50 ERROR
r-devel-linux-x86_64-debian-gcc 1.2.10 37.11 355.67 392.78 ERROR
r-devel-linux-x86_64-fedora-clang 1.2.10 644.56 OK
r-devel-linux-x86_64-fedora-gcc 1.2.10 629.69 OK
r-devel-windows-x86_64 1.2.10 218.00 493.00 711.00 ERROR
r-patched-linux-x86_64 1.2.10 51.80 459.98 511.78 ERROR
r-release-linux-x86_64 1.2.10 42.53 448.14 490.67 ERROR
r-release-macos-arm64 1.2.10 169.00 OK
r-release-macos-x86_64 1.2.10 204.00 OK
r-release-windows-x86_64 1.2.10 201.00 473.00 674.00 OK
r-oldrel-macos-arm64 1.2.10 131.00 OK
r-oldrel-macos-x86_64 1.2.10 198.00 OK
r-oldrel-windows-ix86+x86_64 1.2.10 92.00 492.00 584.00 OK

Additional issues

M1mac

Check Details

Version: 1.2.10
Check: tests
Result: ERROR
     Running 'test-all.R' [75s/102s]
    Running the tests in 'tests/test-all.R' failed.
    Complete output:
     > library(testthat)
     > test_check("reproducible")
     Loading required package: reproducible
     Error in x$.self$finalize() : attempt to apply non-function
     Error in x$.self$finalize() : attempt to apply non-function
     Error in x$.self$finalize() : attempt to apply non-function
     Error in x$.self$finalize() : attempt to apply non-function
     Error in x$.self$finalize() : attempt to apply non-function
     Error in x$.self$finalize() : attempt to apply non-function
     Error in x$.self$finalize() : attempt to apply non-function
     Error in x$.self$finalize() : attempt to apply non-function
     Error in x$.self$finalize() : attempt to apply non-function
     Error in x$.self$finalize() : attempt to apply non-function
     Error in x$.self$finalize() : attempt to apply non-function
     Error in x$.self$finalize() : attempt to apply non-function
     Error in x$.self$finalize() : attempt to apply non-function
     Error in x$.self$finalize() : attempt to apply non-function
     Error in x$.self$finalize() : attempt to apply non-function
     Error in x$.self$finalize() : attempt to apply non-function
     Error in x$.self$finalize() : attempt to apply non-function
     Error in x$.self$finalize() : attempt to apply non-function
     Error in x$.self$finalize() : attempt to apply non-function
     Error in x$.self$finalize() : attempt to apply non-function
     Error in x$.self$finalize() : attempt to apply non-function
     Error in x$.self$finalize() : attempt to apply non-function
     Error in x$.self$finalize() : attempt to apply non-function
     Error in x$.self$finalize() : attempt to apply non-function
     Error in x$.self$finalize() : attempt to apply non-function
     Error in x$.self$finalize() : attempt to apply non-function
     Error in x$.self$finalize() : attempt to apply non-function
     Error in x$.self$finalize() : attempt to apply non-function
     Error in x$.self$finalize() : attempt to apply non-function
     Error in x$.self$finalize() : attempt to apply non-function
     Error in x$.self$finalize() : attempt to apply non-function
     Error in x$.self$finalize() : attempt to apply non-function
     Error in x$.self$finalize() : attempt to apply non-function
     Error in x$.self$finalize() : attempt to apply non-function
     Error in x$.self$finalize() : attempt to apply non-function
     Error in x$.self$finalize() : attempt to apply non-function
     Error in x$.self$finalize() : attempt to apply non-function
     Error in x$.self$finalize() : attempt to apply non-function
     Error in x$.self$finalize() : attempt to apply non-function
     Error in x$.self$finalize() : attempt to apply non-function
     Error in x$.self$finalize() : attempt to apply non-function
     Error in x$.self$finalize() : attempt to apply non-function
     Error in x$.self$finalize() : attempt to apply non-function
     Error in x$.self$finalize() : attempt to apply non-function
     adding: tmp/RtmpQT8frb/Require/ZjQzS0/XYnd2hl.tif (stored 0%)
     adding: tmp/RtmpQT8frb/Require/ZjQzS0/0L9Yq5a.grd (stored 0%)
     Error : TopologyException: Input geom 1 is invalid: Self-intersection at 6.0905735768254896 49.981782482072084
     Error : TopologyException: Input geom 1 is invalid: Self-intersection at 6095858.7074040668 6626138.0681269821
     [ FAIL 1 | WARN 1 | SKIP 67 | PASS 430 ]
    
     == Skipped tests ===============================================================
     * No Drive token (6)
     * On CRAN (52)
     * Temporary pipe for magrittr 2.0 (1)
     * empty test (7)
     * test cloudCache inside Cache -- Not fully written test (1)
    
     == Failed tests ================================================================
     -- Failure (test-postProcessTerra.R:120:7): testing terra ----------------------
     terra::wrap(vv) not identical to terra::wrap(t11).
     Attributes: < Component "crs": 1 string mismatch >
    
     [ FAIL 1 | WARN 1 | SKIP 67 | PASS 430 ]
     Error: Test failures
     Execution halted
Flavor: r-devel-linux-x86_64-debian-clang

Version: 1.2.10
Check: tests
Result: ERROR
     Running ‘test-all.R’ [55s/139s]
    Running the tests in ‘tests/test-all.R’ failed.
    Complete output:
     > library(testthat)
     > test_check("reproducible")
     Loading required package: reproducible
     Error in x$.self$finalize() : attempt to apply non-function
     Error in x$.self$finalize() : attempt to apply non-function
     Error in x$.self$finalize() : attempt to apply non-function
     Error in x$.self$finalize() : attempt to apply non-function
     Error in x$.self$finalize() : attempt to apply non-function
     Error in x$.self$finalize() : attempt to apply non-function
     Error in x$.self$finalize() : attempt to apply non-function
     Error in x$.self$finalize() : attempt to apply non-function
     Error in x$.self$finalize() : attempt to apply non-function
     Error in x$.self$finalize() : attempt to apply non-function
     Error in x$.self$finalize() : attempt to apply non-function
     Error in x$.self$finalize() : attempt to apply non-function
     Error in x$.self$finalize() : attempt to apply non-function
     Error in x$.self$finalize() : attempt to apply non-function
     Error in x$.self$finalize() : attempt to apply non-function
     Error in x$.self$finalize() : attempt to apply non-function
     Error in x$.self$finalize() : attempt to apply non-function
     Error in x$.self$finalize() : attempt to apply non-function
     Error in x$.self$finalize() : attempt to apply non-function
     Error in x$.self$finalize() : attempt to apply non-function
     Error in x$.self$finalize() : attempt to apply non-function
     Error in x$.self$finalize() : attempt to apply non-function
     Error in x$.self$finalize() : attempt to apply non-function
     Error in x$.self$finalize() : attempt to apply non-function
     Error in x$.self$finalize() : attempt to apply non-function
     Error in x$.self$finalize() : attempt to apply non-function
     Error in x$.self$finalize() : attempt to apply non-function
     Error in x$.self$finalize() : attempt to apply non-function
     Error in x$.self$finalize() : attempt to apply non-function
     Error in x$.self$finalize() : attempt to apply non-function
     Error in x$.self$finalize() : attempt to apply non-function
     Error in x$.self$finalize() : attempt to apply non-function
     Error in x$.self$finalize() : attempt to apply non-function
     Error in x$.self$finalize() : attempt to apply non-function
     Error in x$.self$finalize() : attempt to apply non-function
     Error in x$.self$finalize() : attempt to apply non-function
     Error in x$.self$finalize() : attempt to apply non-function
     Error in x$.self$finalize() : attempt to apply non-function
     Error in x$.self$finalize() : attempt to apply non-function
     Error in x$.self$finalize() : attempt to apply non-function
     Error in x$.self$finalize() : attempt to apply non-function
     Error in x$.self$finalize() : attempt to apply non-function
     Error in x$.self$finalize() : attempt to apply non-function
     Error in x$.self$finalize() : attempt to apply non-function
     adding: home/hornik/tmp/scratch/RtmpuvZXR3/Require/ZjQzS0/XYnd2hl.tif (stored 0%)
     adding: home/hornik/tmp/scratch/RtmpuvZXR3/Require/ZjQzS0/0L9Yq5a.grd (stored 0%)
     Error in x$.self$finalize() : attempt to apply non-function
     Error in x$.self$finalize() : attempt to apply non-function
     Error in x$.self$finalize() : attempt to apply non-function
     Error : TopologyException: Input geom 1 is invalid: Self-intersection at 6.0905735768254896 49.981782482072084
     Error : TopologyException: Input geom 1 is invalid: Self-intersection at 6095858.7074040668 6626138.0681269821
     [ FAIL 1 | WARN 1 | SKIP 67 | PASS 430 ]
    
     ══ Skipped tests ═══════════════════════════════════════════════════════════════
     • No Drive token (6)
     • On CRAN (52)
     • Temporary pipe for magrittr 2.0 (1)
     • empty test (7)
     • test cloudCache inside Cache -- Not fully written test (1)
    
     ══ Failed tests ════════════════════════════════════════════════════════════════
     ── Failure (test-postProcessTerra.R:120:7): testing terra ──────────────────────
     terra::wrap(vv) not identical to terra::wrap(t11).
     Attributes: < Component "crs": 1 string mismatch >
    
     [ FAIL 1 | WARN 1 | SKIP 67 | PASS 430 ]
     Error: Test failures
     Execution halted
Flavor: r-devel-linux-x86_64-debian-gcc

Version: 1.2.10
Check: tests
Result: ERROR
     Running 'test-all.R' [84s]
    Running the tests in 'tests/test-all.R' failed.
    Complete output:
     > library(testthat)
     > test_check("reproducible")
     Loading required package: reproducible
     adding: temp/Rtmp06sLmS/Require/ZjQzS0/XYnd2hl.tif (stored 0%)
     adding: temp/Rtmp06sLmS/Require/ZjQzS0/0L9Yq5a.grd (stored 0%)
     ERROR: D:\temp\Rtmp06sLmS\Require\ZjQzS0\testCache\cache.db
     Cannot open the file as archive
    
     Input geom 1 is INVALID: Self-intersection at or near point 6.0996084846637197 49.981174705133611 (6.099608484663719743 49.981174705133611269)
     <A>
     POLYGON ((6.0265188199999997 50.1776695300000029, 6.1550717400000003 49.9774437000000020, 5.8277001400000001 49.9994659400000003, 5.9676408800000003 50.1708030699999981, 6.0265188199999997 50.1776695300000029, 6.1783676099999996 49.8768234300000017, 6.3157734899999998 49.8511467000000010, 5.9676575700000001 49.8197441100000020, 6.0948724700000003 49.9874496500000021, 6.1783676099999996 49.8768234300000017, 6.0265188199999997 50.1776695300000029))
     </A>
     Error : TopologyException: Input geom 1 is invalid: Self-intersection at 6.0996084846637197 49.981174705133611
     Input geom 1 is INVALID: Self-intersection at or near point 6097351.1088596238 6628328.5404337794 (6097351.1088596237823 6628328.5404337793589)
     <A>
     POLYGON ((6074817.7220432450994849 6632237.0001982599496841, 6098520.6330677838996053 6630045.1096454793587327, 6085006.3178759329020977 6610209.4728851011022925, 6073433.1826878059655428 6628115.7603966630995274, 6074817.7220432450994849 6632237.0001982599496841, 6109010.6511157294735312 6626306.1701548863202333, 6116252.6913131671026349 6633810.0101309521123767, 6107160.5000835247337818 6609786.8508331244811416, 6095467.6633693361654878 6626703.8231505174189806, 6109010.6511157294735312 6626306.1701548863202333, 6074817.7220432450994849 6632237.0001982599496841))
     </A>
     Error : TopologyException: Input geom 1 is invalid: Self-intersection at 6097351.1088596238 6628328.5404337794
     [ FAIL 1 | WARN 1 | SKIP 67 | PASS 431 ]
    
     ══ Skipped tests ═══════════════════════════════════════════════════════════════
     • No Drive token (6)
     • On CRAN (52)
     • Temporary pipe for magrittr 2.0 (1)
     • empty test (7)
     • test cloudCache inside Cache -- Not fully written test (1)
    
     ══ Failed tests ════════════════════════════════════════════════════════════════
     ── Failure (test-cache.R:164:3): test file-backed raster caching ───────────────
     b1[1] > b2[1] is not TRUE
    
     `actual`: FALSE
     `expected`: TRUE
    
     [ FAIL 1 | WARN 1 | SKIP 67 | PASS 431 ]
     Error: Test failures
     Execution halted
Flavor: r-devel-windows-x86_64

Version: 1.2.10
Check: tests
Result: ERROR
     Running ‘test-all.R’ [70s/102s]
    Running the tests in ‘tests/test-all.R’ failed.
    Complete output:
     > library(testthat)
     > test_check("reproducible")
     Loading required package: reproducible
     adding: tmp/RtmpOqryv0/Require/ZjQzS0/XYnd2hl.tif (stored 0%)
     adding: tmp/RtmpOqryv0/Require/ZjQzS0/0L9Yq5a.grd (stored 0%)
     Error in x$.self$finalize() : attempt to apply non-function
     Error in x$.self$finalize() : attempt to apply non-function
     Error in x$.self$finalize() : attempt to apply non-function
     Error : TopologyException: Input geom 1 is invalid: Self-intersection at 6.0905735768254896 49.981782482072084
     Error : TopologyException: Input geom 1 is invalid: Self-intersection at 6095858.7074040668 6626138.0681269821
     [ FAIL 1 | WARN 1 | SKIP 67 | PASS 430 ]
    
     ══ Skipped tests ═══════════════════════════════════════════════════════════════
     • No Drive token (6)
     • On CRAN (52)
     • Temporary pipe for magrittr 2.0 (1)
     • empty test (7)
     • test cloudCache inside Cache -- Not fully written test (1)
    
     ══ Failed tests ════════════════════════════════════════════════════════════════
     ── Failure (test-postProcessTerra.R:120:7): testing terra ──────────────────────
     terra::wrap(vv) not identical to terra::wrap(t11).
     Attributes: < Component "crs": 1 string mismatch >
    
     [ FAIL 1 | WARN 1 | SKIP 67 | PASS 430 ]
     Error: Test failures
     Execution halted
Flavor: r-patched-linux-x86_64

Version: 1.2.10
Check: tests
Result: ERROR
     Running ‘test-all.R’ [68s/95s]
    Running the tests in ‘tests/test-all.R’ failed.
    Complete output:
     > library(testthat)
     > test_check("reproducible")
     Loading required package: reproducible
     adding: tmp/RtmpxVKHxd/Require/ZjQzS0/XYnd2hl.tif (stored 0%)
     adding: tmp/RtmpxVKHxd/Require/ZjQzS0/0L9Yq5a.grd (stored 0%)
     Error in x$.self$finalize() : attempt to apply non-function
     Error in x$.self$finalize() : attempt to apply non-function
     Error in x$.self$finalize() : attempt to apply non-function
     Error : TopologyException: Input geom 1 is invalid: Self-intersection at 6.0905735768254896 49.981782482072084
     Error : TopologyException: Input geom 1 is invalid: Self-intersection at 6095858.7074040668 6626138.0681269821
     [ FAIL 1 | WARN 1 | SKIP 67 | PASS 430 ]
    
     ══ Skipped tests ═══════════════════════════════════════════════════════════════
     • No Drive token (6)
     • On CRAN (52)
     • Temporary pipe for magrittr 2.0 (1)
     • empty test (7)
     • test cloudCache inside Cache -- Not fully written test (1)
    
     ══ Failed tests ════════════════════════════════════════════════════════════════
     ── Failure (test-postProcessTerra.R:120:7): testing terra ──────────────────────
     terra::wrap(vv) not identical to terra::wrap(t11).
     Attributes: < Component "crs": 1 string mismatch >
    
     [ FAIL 1 | WARN 1 | SKIP 67 | PASS 430 ]
     Error: Test failures
     Execution halted
Flavor: r-release-linux-x86_64