CRAN Package Check Results for Package reproducible

Last updated on 2020-01-25 06:51:25 CET.

Flavor Version Tinstall Tcheck Ttotal Status Flags
r-devel-linux-x86_64-debian-clang 0.2.11 26.61 315.31 341.92 OK
r-devel-linux-x86_64-debian-gcc 0.2.11 25.50 244.77 270.27 OK
r-devel-linux-x86_64-fedora-clang 0.2.11 405.14 NOTE
r-devel-linux-x86_64-fedora-gcc 0.2.11 376.68 OK
r-devel-windows-ix86+x86_64 0.2.11 74.00 393.00 467.00 OK
r-devel-windows-ix86+x86_64-gcc8 0.2.11 78.00 313.00 391.00 OK
r-patched-linux-x86_64 0.2.11 24.60 270.61 295.21 OK
r-patched-solaris-x86 0.2.11 490.90 OK
r-release-linux-x86_64 0.2.11 24.61 277.89 302.50 OK
r-release-windows-ix86+x86_64 0.2.11 49.00 307.00 356.00 OK
r-release-osx-x86_64 0.2.11 OK
r-oldrel-windows-ix86+x86_64 0.2.11 26.00 254.00 280.00 OK
r-oldrel-osx-x86_64 0.2.11 OK

Check Details

Version: 0.2.11
Check: package dependencies
Result: NOTE
    Imports includes 27 non-default packages.
    Importing from so many packages makes the package vulnerable to any of
    them becoming unavailable. Move as many as possible to Suggests and
    use conditionally.
Flavor: r-devel-linux-x86_64-fedora-clang