CRAN Package Check Results for Package reproducible

Last updated on 2020-07-15 00:47:06 CEST.

Flavor Version Tinstall Tcheck Ttotal Status Flags
r-devel-linux-x86_64-debian-clang 1.1.1 33.62 317.21 350.83 OK
r-devel-linux-x86_64-debian-gcc 1.1.1 32.40 230.28 262.68 OK
r-devel-linux-x86_64-fedora-clang 1.1.1 384.55 NOTE
r-devel-linux-x86_64-fedora-gcc 1.1.1 864.30 NOTE
r-devel-windows-ix86+x86_64 1.1.1 75.00 284.00 359.00 OK
r-patched-linux-x86_64 1.1.1 33.87 282.79 316.66 OK
r-patched-solaris-x86 1.1.1 511.40 ERROR
r-release-linux-x86_64 1.1.1 35.68 282.13 317.81 OK
r-release-macos-x86_64 1.1.1 ERROR
r-release-windows-ix86+x86_64 1.1.1 84.00 394.00 478.00 OK
r-oldrel-macos-x86_64 1.1.1 NOTE
r-oldrel-windows-ix86+x86_64 1.1.1 78.00 360.00 438.00 OK

Check Details

Version: 1.1.1
Check: package dependencies
Result: NOTE
    Imports includes 25 non-default packages.
    Importing from so many packages makes the package vulnerable to any of
    them becoming unavailable. Move as many as possible to Suggests and
    use conditionally.
Flavor: r-devel-linux-x86_64-fedora-clang

Version: 1.1.1
Check: dependencies in R code
Result: NOTE
    Namespace in Imports field not imported from: ‘usethis’
     All declared Imports should be used.
Flavors: r-devel-linux-x86_64-fedora-clang, r-devel-linux-x86_64-fedora-gcc, r-patched-solaris-x86, r-oldrel-macos-x86_64

Version: 1.1.1
Check: tests
Result: ERROR
     Running ‘test-all.R’ [103s/159s]
    Running the tests in ‘tests/test-all.R’ failed.
    Complete output:
     > library(testthat)
     > test_check("reproducible")
     Loading required package: reproducible
     Writing layer `file5a78204fe9' to data source `/tmp/RtmpdqaWLp/working_dir/Rtmp.Xaqla/raster///file5a78204fe9.shp' using driver `ESRI Shapefile'
     Writing 3 features with 2 fields and geometry type Polygon.
     ── 1. Error: git-related functions work (@test-git.R#15) ──────────────────────
     the SSL certificate is invalid
     Backtrace:
     1. reproducible::checkoutVersion(...)
     2. git2r::clone(...)
    
     adding: tmp/RtmpdqaWLp/working_dir/Rtmp.Xaqla/reproducible/U9sGOQ/uAj1FNS.tif (stored 0%)
     adding: tmp/RtmpdqaWLp/working_dir/Rtmp.Xaqla/reproducible/U9sGOQ/jN1YIGI.grd (stored 0%)
     objectNames hashElements hash objSize
     1 n n 853b1797f54b229c 36
     2 .FUN .FUN 4f604aa46882b368 156
     functionName component elapsedTime units
     1 rnorm Hashing 0.0017533302 secs
     2 rnorm Running rnorm 0.0003147125 secs
     3 rnorm Saving to repo 0.0146112442 secs
     4 rnorm Whole Cache call 0.0617334843 secs
     objectNames hashElements hash objSize
     1 file file fc0a3b61a65f0bf1 192
     2 .FUN .FUN 7a8f2865ef4bc06d 912
     functionName component elapsedTime units
     1 readRDS Hashing 0.002138615 secs
     2 readRDS Running readRDS 0.001608133 secs
     3 readRDS Saving to repo 0.029198408 secs
     4 readRDS Whole Cache call 0.061246634 secs
     objectNames hashElements hash objSize
     1 file file fc0a3b61a65f0bf1 24122
     2 .FUN .FUN 7a8f2865ef4bc06d 912
     functionName component elapsedTime units
     1 readRDS Hashing 0.002044201 secs
     2 readRDS Loading from repo 0.001531601 secs
     3 readRDS Whole Cache call 0.056505919 secs
     ══ testthat results ═══════════════════════════════════════════════════════════
     [ OK: 380 | SKIPPED: 71 | WARNINGS: 3 | FAILED: 1 ]
     1. Error: git-related functions work (@test-git.R#15)
    
     Error: testthat unit tests failed
     Execution halted
Flavor: r-patched-solaris-x86

Version: 1.1.1
Check: whether package can be installed
Result: ERROR
    Installation failed.
Flavor: r-release-macos-x86_64