CRAN Package Check Results for Package reproducible

Last updated on 2018-09-26 02:49:19 CEST.

Flavor Version Tinstall Tcheck Ttotal Status Flags
r-devel-linux-x86_64-debian-clang 0.2.3 29.50 211.19 240.69 OK
r-devel-linux-x86_64-debian-gcc 0.2.3 26.04 170.56 196.60 OK
r-devel-linux-x86_64-fedora-clang 0.2.3 294.96 NOTE
r-devel-linux-x86_64-fedora-gcc 0.2.3 283.73 NOTE
r-devel-windows-ix86+x86_64 0.2.3 73.00 319.00 392.00 OK
r-patched-linux-x86_64 0.2.3 29.58 181.24 210.82 OK
r-patched-solaris-x86 0.2.3 364.20 NOTE
r-release-linux-x86_64 0.2.3 28.46 181.82 210.28 OK
r-release-windows-ix86+x86_64 0.2.3 73.00 378.00 451.00 OK
r-release-osx-x86_64 0.2.3 NOTE
r-oldrel-windows-ix86+x86_64 0.2.3 55.00 316.00 371.00 OK
r-oldrel-osx-x86_64 0.2.3 NOTE

Check Details

Version: 0.2.3
Check: dependencies in R code
Result: NOTE
    Namespace in Imports field not imported from: ‘gdalUtils’
     All declared Imports should be used.
Flavors: r-devel-linux-x86_64-fedora-clang, r-devel-linux-x86_64-fedora-gcc, r-patched-solaris-x86, r-release-osx-x86_64, r-oldrel-osx-x86_64