CRAN Package Check Results for Package reproducible

Last updated on 2020-09-22 04:49:44 CEST.

Flavor Version Tinstall Tcheck Ttotal Status Flags
r-devel-linux-x86_64-debian-clang 1.2.1 27.25 235.37 262.62 OK
r-devel-linux-x86_64-debian-gcc 1.2.1 0.45 3.01 3.46 ERROR
r-devel-linux-x86_64-fedora-clang 1.2.1 317.44 OK
r-devel-linux-x86_64-fedora-gcc 1.2.1 319.39 OK
r-devel-windows-ix86+x86_64 1.2.1 49.00 247.00 296.00 OK
r-patched-linux-x86_64 1.2.1 26.19 229.61 255.80 OK
r-patched-solaris-x86 1.2.1 380.60 OK
r-release-linux-x86_64 1.2.1 24.99 234.93 259.92 OK
r-release-macos-x86_64 1.2.1 OK
r-release-windows-ix86+x86_64 1.2.1 47.00 293.00 340.00 OK
r-oldrel-macos-x86_64 1.2.1 OK
r-oldrel-windows-ix86+x86_64 1.2.1 30.00 222.00 252.00 OK

Check Details

Version: 1.2.1
Check: whether package can be installed
Result: ERROR
    Installation failed.
Flavor: r-devel-linux-x86_64-debian-gcc