CRAN Package Check Results for Package reproducible

Last updated on 2018-11-18 17:50:01 CET.

Flavor Version Tinstall Tcheck Ttotal Status Flags
r-devel-linux-x86_64-debian-clang 0.2.3 30.15 208.08 238.23 ERROR
r-devel-linux-x86_64-debian-gcc 0.2.5 26.79 167.24 194.03 OK
r-devel-linux-x86_64-fedora-clang 0.2.5 281.93 NOTE
r-devel-linux-x86_64-fedora-gcc 0.2.5 285.26 NOTE
r-devel-windows-ix86+x86_64 0.2.5 68.00 333.00 401.00 OK
r-patched-linux-x86_64 0.2.5 32.57 198.38 230.95 OK
r-patched-solaris-x86 0.2.5 345.40 NOTE
r-release-linux-x86_64 0.2.5 29.61 198.62 228.23 OK
r-release-windows-ix86+x86_64 0.2.3 71.00 312.00 383.00 ERROR
r-release-osx-x86_64 0.2.5 NOTE
r-oldrel-windows-ix86+x86_64 0.2.5 80.00 427.00 507.00 OK
r-oldrel-osx-x86_64 0.2.5 NOTE

Check Details

Version: 0.2.3
Check: tests
Result: ERROR
     Running ‘test-all.R’ [27s/30s]
    Running the tests in ‘tests/test-all.R’ failed.
    Complete output:
     > library(testthat)
     > test_check("reproducible")
     Loading required package: reproducible
    
     Attaching package: 'reproducible'
    
     The following object is masked from 'package:testthat':
    
     %>%
    
     objectNames hashElements hash objSize
     1 n n 6c7241b28962c115e2474b0001db7ad0 56
     2 .FUN .FUN 67df18ede3a1a11346db5d8aa4e79c19 224
     functionName component elapsedTime units
     1 rnorm Hashing 2.050400e-04 secs
     2 rnorm Running rnorm 4.243851e-05 secs
     3 rnorm Saving to repo 6.927848e-02 secs
     4 rnorm Whole Cache call 3.673639e-01 secs
     objectNames hashElements hash objSize
     1 file file d191b0ae289048c7 152
     2 .FUN .FUN ec4c07082632cc59b9ccec7c1ddd771d 1256
     functionName component elapsedTime units
     1 readRDS Hashing 0.0006313324 secs
     2 readRDS Running readRDS 0.0005679131 secs
     3 readRDS Saving to repo 0.0793521404 secs
     4 readRDS Whole Cache call 0.1109132767 secs
     objectNames hashElements hash objSize
     1 file file d191b0ae289048c7 24130
     2 .FUN .FUN ec4c07082632cc59b9ccec7c1ddd771d 1256
     functionName component elapsedTime units
     1 readRDS Hashing 0.0005989075 secs
     2 readRDS Running readRDS 0.0005407333 secs
     3 readRDS Saving to repo 0.0789811611 secs
     4 readRDS Whole Cache call 0.1027367115 secs
     ── 1. Failure: fastMask produces correct results (@test-gis.R#22) ─────────────
     `newStack1` not equal to `newStack2`.
     Attributes: < Component "layers": Component 1: Attributes: < Component 3: Attributes: < Component 13: 'is.NA' value mismatch: 25 in current 27 in target > > >
     Attributes: < Component "layers": Component 2: Attributes: < Component 3: Attributes: < Component 13: 'is.NA' value mismatch: 25 in current 27 in target > > >
    
     ── 2. Error: git-related functions work (@test-git.R#14) ──────────────────────
     object 'parse_git_repo' not found
     1: checkoutVersion("PredictiveEcology/reproducible", localRepoPath = tmpDir, progress = FALSE) at testthat/test-git.R:14
     2: utils::getFromNamespace("parse_git_repo", "devtools")
     3: get(x, envir = ns, inherits = FALSE)
    
     ══ testthat results ═══════════════════════════════════════════════════════════
     OK: 169 SKIPPED: 11 FAILED: 2
     1. Failure: fastMask produces correct results (@test-gis.R#22)
     2. Error: git-related functions work (@test-git.R#14)
    
     Error: testthat unit tests failed
     Execution halted
Flavor: r-devel-linux-x86_64-debian-clang

Version: 0.2.5
Check: dependencies in R code
Result: NOTE
    Namespace in Imports field not imported from: ‘devtools’
     All declared Imports should be used.
Flavors: r-devel-linux-x86_64-fedora-clang, r-devel-linux-x86_64-fedora-gcc, r-patched-solaris-x86, r-release-osx-x86_64, r-oldrel-osx-x86_64

Version: 0.2.3
Check: running tests for arch ‘i386’
Result: ERROR
     Running 'test-all.R' [40s]
    Running the tests in 'tests/test-all.R' failed.
    Complete output:
     > library(testthat)
     > test_check("reproducible")
     Loading required package: reproducible
    
     Attaching package: 'reproducible'
    
     The following object is masked from 'package:testthat':
    
     %>%
    
     objectNames hashElements hash objSize
     1 n n c5f534a9160cf9159409a078a0629c06 40
     2 .FUN .FUN a979d0700a6ef8c7c18736096ff1d522 168
     functionName component elapsedTime units
     1 rnorm Hashing 0.0000 secs
     2 rnorm Running rnorm 0.0000 secs
     3 rnorm Saving to repo 0.1248 secs
     4 rnorm Whole Cache call 0.4552 secs
     objectNames hashElements hash objSize
     1 file file 52f7495bd4c576a4 120
     2 .FUN .FUN 1bd58b33d9dc341e4e6da2a575eb6824 968
     functionName component elapsedTime units
     1 readRDS Hashing 0.0030000210 secs
     2 readRDS Running readRDS 0.0009999275 secs
     3 readRDS Saving to repo 0.1634001732 secs
     4 readRDS Whole Cache call 0.1924002171 secs
     objectNames hashElements hash objSize
     1 file file 52f7495bd4c576a4 24119
     2 .FUN .FUN 1bd58b33d9dc341e4e6da2a575eb6824 968
     functionName component elapsedTime units
     1 readRDS Hashing 0.0000000 secs
     2 readRDS Running readRDS 0.0000000 secs
     3 readRDS Saving to repo 0.1559999 secs
     4 readRDS Whole Cache call 0.1871998 secs
     -- 1. Failure: fastMask produces correct results (@test-gis.R#22) -------------
     `newStack1` not equal to `newStack2`.
     Attributes: < Component "layers": Component 1: Attributes: < Component 3: Attributes: < Component 13: 'is.NA' value mismatch: 25 in current 27 in target > > >
     Attributes: < Component "layers": Component 2: Attributes: < Component 3: Attributes: < Component 13: 'is.NA' value mismatch: 25 in current 27 in target > > >
    
     == testthat results ===========================================================
     OK: 169 SKIPPED: 12 FAILED: 1
     1. Failure: fastMask produces correct results (@test-gis.R#22)
    
     Error: testthat unit tests failed
     Execution halted
Flavor: r-release-windows-ix86+x86_64

Version: 0.2.3
Check: running tests for arch ‘x64’
Result: ERROR
     Running 'test-all.R' [44s]
    Running the tests in 'tests/test-all.R' failed.
    Complete output:
     > library(testthat)
     > test_check("reproducible")
     Loading required package: reproducible
    
     Attaching package: 'reproducible'
    
     The following object is masked from 'package:testthat':
    
     %>%
    
     objectNames hashElements hash objSize
     1 n n c5f534a9160cf9159409a078a0629c06 56
     2 .FUN .FUN a979d0700a6ef8c7c18736096ff1d522 224
     functionName component elapsedTime units
     1 rnorm Hashing 0.0000000 secs
     2 rnorm Running rnorm 0.0000000 secs
     3 rnorm Saving to repo 0.1715999 secs
     4 rnorm Whole Cache call 0.5148001 secs
     objectNames hashElements hash objSize
     1 file file df738d04aeb467b3 152
     2 .FUN .FUN 1bd58b33d9dc341e4e6da2a575eb6824 1256
     functionName component elapsedTime units
     1 readRDS Hashing 0.00000000 secs
     2 readRDS Running readRDS 0.01559997 secs
     3 readRDS Saving to repo 0.18720007 secs
     4 readRDS Whole Cache call 0.24959993 secs
     objectNames hashElements hash objSize
     1 file file df738d04aeb467b3 24111
     2 .FUN .FUN 1bd58b33d9dc341e4e6da2a575eb6824 1256
     functionName component elapsedTime units
     1 readRDS Hashing 0.01559997 secs
     2 readRDS Running readRDS 0.00000000 secs
     3 readRDS Saving to repo 0.20279980 secs
     4 readRDS Whole Cache call 0.23399997 secs
     -- 1. Failure: fastMask produces correct results (@test-gis.R#22) -------------
     `newStack1` not equal to `newStack2`.
     Attributes: < Component "layers": Component 1: Attributes: < Component 3: Attributes: < Component 13: 'is.NA' value mismatch: 25 in current 27 in target > > >
     Attributes: < Component "layers": Component 2: Attributes: < Component 3: Attributes: < Component 13: 'is.NA' value mismatch: 25 in current 27 in target > > >
    
     == testthat results ===========================================================
     OK: 169 SKIPPED: 12 FAILED: 1
     1. Failure: fastMask produces correct results (@test-gis.R#22)
    
     Error: testthat unit tests failed
     Execution halted
Flavor: r-release-windows-ix86+x86_64