CRAN Package Check Results for Package reproducible

Last updated on 2019-01-21 10:46:57 CET.

Flavor Version Tinstall Tcheck Ttotal Status Flags
r-devel-linux-x86_64-debian-clang 0.2.5 30.11 240.74 270.85 OK
r-devel-linux-x86_64-debian-gcc 0.2.5 24.78 187.76 212.54 OK
r-devel-linux-x86_64-fedora-clang 0.2.5 298.27 NOTE
r-devel-linux-x86_64-fedora-gcc 0.2.5 273.74 NOTE
r-devel-windows-ix86+x86_64 0.2.5 68.00 437.00 505.00 OK
r-patched-linux-x86_64 0.2.5 32.36 218.96 251.32 OK
r-patched-solaris-x86 0.2.5 438.10 NOTE
r-release-linux-x86_64 0.2.5 26.78 215.85 242.63 OK
r-release-windows-ix86+x86_64 0.2.5 71.00 356.00 427.00 OK
r-release-osx-x86_64 0.2.5 NOTE
r-oldrel-windows-ix86+x86_64 0.2.5 81.00 358.00 439.00 OK
r-oldrel-osx-x86_64 0.2.5 NOTE

Check Details

Version: 0.2.5
Check: dependencies in R code
Result: NOTE
    Namespace in Imports field not imported from: ‘devtools’
     All declared Imports should be used.
Flavors: r-devel-linux-x86_64-fedora-clang, r-devel-linux-x86_64-fedora-gcc, r-patched-solaris-x86, r-release-osx-x86_64, r-oldrel-osx-x86_64