CRAN Package Check Results for Package reprex

Last updated on 2018-09-26 03:49:53 CEST.

Flavor Version Tinstall Tcheck Ttotal Status Flags
r-devel-linux-x86_64-debian-clang 0.2.1 2.69 32.54 35.23 OK
r-devel-linux-x86_64-debian-gcc 0.2.1 2.13 26.24 28.37 OK
r-devel-linux-x86_64-fedora-clang 0.2.1 41.45 NOTE
r-devel-linux-x86_64-fedora-gcc 0.2.1 39.76 NOTE
r-devel-windows-ix86+x86_64 0.2.1 7.00 47.00 54.00 OK
r-patched-linux-x86_64 0.2.1 1.71 28.70 30.41 OK
r-patched-solaris-x86 0.2.1 56.10 NOTE
r-release-linux-x86_64 0.2.1 2.12 28.94 31.06 OK
r-release-windows-ix86+x86_64 0.2.1 4.00 61.00 65.00 OK
r-release-osx-x86_64 0.2.1 NOTE
r-oldrel-windows-ix86+x86_64 0.2.1 4.00 51.00 55.00 OK
r-oldrel-osx-x86_64 0.2.0 OK

Check Details

Version: 0.2.1
Check: dependencies in R code
Result: NOTE
    Namespace in Imports field not imported from: ‘tools’
     All declared Imports should be used.
Flavors: r-devel-linux-x86_64-fedora-clang, r-devel-linux-x86_64-fedora-gcc, r-patched-solaris-x86, r-release-osx-x86_64