CRAN Package Check Results for Package reprex

Last updated on 2018-12-12 14:47:51 CET.

Flavor Version Tinstall Tcheck Ttotal Status Flags
r-devel-linux-x86_64-debian-clang 0.2.1 2.14 30.99 33.13 OK
r-devel-linux-x86_64-debian-gcc 0.2.1 2.01 25.23 27.24 OK
r-devel-linux-x86_64-fedora-clang 0.2.1 39.05 NOTE
r-devel-linux-x86_64-fedora-gcc 0.2.1 38.39 NOTE
r-devel-windows-ix86+x86_64 0.2.1 5.00 48.00 53.00 OK
r-patched-linux-x86_64 0.2.1 2.30 29.37 31.67 OK
r-patched-solaris-x86 0.2.1 58.00 NOTE
r-release-linux-x86_64 0.2.1 2.57 29.34 31.91 OK
r-release-windows-ix86+x86_64 0.2.1 7.00 46.00 53.00 OK
r-release-osx-x86_64 0.2.1 NOTE
r-oldrel-windows-ix86+x86_64 0.2.1 4.00 46.00 50.00 OK
r-oldrel-osx-x86_64 0.2.1 NOTE

Check Details

Version: 0.2.1
Check: dependencies in R code
Result: NOTE
    Namespace in Imports field not imported from: ‘tools’
     All declared Imports should be used.
Flavors: r-devel-linux-x86_64-fedora-clang, r-devel-linux-x86_64-fedora-gcc, r-patched-solaris-x86, r-release-osx-x86_64, r-oldrel-osx-x86_64