CRAN Package Check Results for Package represtools

Last updated on 2023-06-06 13:59:49 CEST.

Flavor Version Tinstall Tcheck Ttotal Status Flags
r-devel-linux-x86_64-debian-clang 0.1.3 2.52 26.41 28.93 NOTE
r-devel-linux-x86_64-debian-gcc 0.1.3 1.90 20.73 22.63 NOTE
r-devel-linux-x86_64-fedora-clang 0.1.3 36.93 NOTE
r-devel-linux-x86_64-fedora-gcc 0.1.3 47.46 NOTE
r-devel-windows-x86_64 0.1.3 4.00 47.00 51.00 NOTE
r-patched-linux-x86_64 0.1.3 2.69 25.42 28.11 NOTE
r-release-linux-x86_64 0.1.3 2.13 25.19 27.32 NOTE
r-release-macos-arm64 0.1.3 23.00 NOTE
r-release-macos-x86_64 0.1.3 29.00 NOTE
r-release-windows-x86_64 0.1.3 4.00 45.00 49.00 NOTE
r-oldrel-macos-arm64 0.1.3 18.00 NOTE
r-oldrel-macos-x86_64 0.1.3 25.00 NOTE
r-oldrel-windows-x86_64 0.1.3 4.00 47.00 51.00 NOTE

Check Details

Version: 0.1.3
Check: LazyData
Result: NOTE
     'LazyData' is specified without a 'data' directory
Flavors: r-devel-linux-x86_64-debian-clang, r-devel-linux-x86_64-debian-gcc, r-devel-linux-x86_64-fedora-clang, r-devel-linux-x86_64-fedora-gcc, r-devel-windows-x86_64, r-patched-linux-x86_64, r-release-linux-x86_64, r-release-macos-arm64, r-release-macos-x86_64, r-release-windows-x86_64, r-oldrel-macos-arm64, r-oldrel-macos-x86_64, r-oldrel-windows-x86_64