CRAN Package Check Results for Package repr

Last updated on 2022-06-28 00:51:24 CEST.

Flavor Version Tinstall Tcheck Ttotal Status Flags
r-devel-linux-x86_64-debian-clang 1.1.4 5.62 51.09 56.71 OK
r-devel-linux-x86_64-debian-gcc 1.1.4 4.22 38.61 42.83 OK
r-devel-linux-x86_64-fedora-clang 1.1.4 77.55 NOTE
r-devel-linux-x86_64-fedora-gcc 1.1.4 137.33 OK
r-devel-windows-x86_64 1.1.4 25.00 77.00 102.00 OK
r-patched-linux-x86_64 1.1.4 5.54 48.76 54.30 OK
r-release-linux-x86_64 1.1.4 4.74 48.81 53.55 OK
r-release-macos-arm64 1.1.4 58.00 OK
r-release-macos-x86_64 1.1.4 123.00 OK
r-release-windows-x86_64 1.1.4 27.00 76.00 103.00 OK
r-oldrel-macos-arm64 1.1.4 60.00 OK
r-oldrel-macos-x86_64 1.1.4 133.00 OK
r-oldrel-windows-ix86+x86_64 1.1.4 12.00 70.00 82.00 OK

Check Details

Version: 1.1.4
Check: Rd cross-references
Result: NOTE
    Undeclared package ‘ggplot2’ in Rd xrefs
Flavor: r-devel-linux-x86_64-fedora-clang