CRAN Package Check Results for Package repolr

Last updated on 2021-12-04 22:59:44 CET.

Flavor Version Tinstall Tcheck Ttotal Status Flags
r-devel-linux-x86_64-debian-clang 3.4 164.79 45.51 210.30 OK
r-devel-linux-x86_64-debian-gcc 3.4 124.31 35.91 160.22 OK
r-devel-linux-x86_64-fedora-clang 3.4 320.10 NOTE
r-devel-linux-x86_64-fedora-gcc 3.4 287.42 NOTE
r-devel-windows-x86_64-new-UL 3.4 191.00 103.00 294.00 OK
r-devel-windows-x86_64-new-TK 3.4 OK
r-devel-windows-x86_64-old 3.4 200.00 57.00 257.00 OK
r-patched-linux-x86_64 3.4 141.87 36.36 178.23 OK
r-release-linux-x86_64 3.4 147.33 36.39 183.72 OK
r-release-macos-arm64 3.4 NOTE
r-release-macos-x86_64 3.4 NOTE
r-release-windows-ix86+x86_64 3.4 391.00 104.00 495.00 OK
r-oldrel-macos-x86_64 3.4 NOTE
r-oldrel-windows-ix86+x86_64 3.4 389.00 92.00 481.00 OK

Check Details

Version: 3.4
Check: installed package size
Result: NOTE
     installed size is 11.4Mb
     sub-directories of 1Mb or more:
     libs 11.2Mb
Flavors: r-devel-linux-x86_64-fedora-clang, r-release-macos-arm64, r-release-macos-x86_64, r-oldrel-macos-x86_64

Version: 3.4
Check: compiled code
Result: NOTE
    File ‘repolr/libs/repolr.so’:
     Found no calls to: ‘R_registerRoutines’, ‘R_useDynamicSymbols’
    
    It is good practice to register native routines and to disable symbol
    search.
    
    See ‘Writing portable packages’ in the ‘Writing R Extensions’ manual.
Flavors: r-devel-linux-x86_64-fedora-clang, r-devel-linux-x86_64-fedora-gcc