CRAN Package Check Results for Package replicationInterval

Last updated on 2021-09-19 10:49:50 CEST.

Flavor Version Tinstall Tcheck Ttotal Status Flags
r-devel-linux-x86_64-debian-clang 2.0.1 4.45 48.65 53.10 OK
r-devel-linux-x86_64-debian-gcc 2.0.1 3.51 36.76 40.27 OK
r-devel-linux-x86_64-fedora-clang 2.0.1 72.78 OK
r-devel-linux-x86_64-fedora-gcc 2.0.1 64.01 OK
r-devel-windows-x86_64 2.0.1 8.00 68.00 76.00 OK
r-devel-windows-x86_64-gcc10-UCRT 2.0.1 ERROR
r-patched-linux-x86_64 2.0.1 4.18 44.96 49.14 OK
r-patched-solaris-x86 2.0.1 88.80 OK
r-release-linux-x86_64 2.0.1 4.44 44.74 49.18 OK
r-release-macos-arm64 2.0.1 OK
r-release-macos-x86_64 2.0.1 OK
r-release-windows-ix86+x86_64 2.0.1 14.00 51.00 65.00 OK
r-oldrel-macos-x86_64 2.0.1 OK
r-oldrel-windows-ix86+x86_64 2.0.1 15.00 53.00 68.00 OK

Check Details

Version: 2.0.1
Check: whether package can be installed
Result: WARN
    Found the following significant warnings:
     WARNING: installation-time patches will not be applied, could not get the patches index
Flavor: r-devel-windows-x86_64-gcc10-UCRT

Version: 2.0.1
Check: PDF version of manual
Result: WARN
    LaTeX errors when creating PDF version.
    This typically indicates Rd problems.
Flavor: r-devel-windows-x86_64-gcc10-UCRT

Version: 2.0.1
Check: PDF version of manual without hyperrefs or index
Result: ERROR
    Re-running with no redirection of stdout/stderr.
Flavor: r-devel-windows-x86_64-gcc10-UCRT