Last updated on 2021-01-24 10:48:53 CET.
Flavor | Version | Tinstall | Tcheck | Ttotal | Status | Flags |
---|---|---|---|---|---|---|
r-devel-linux-x86_64-debian-clang | 1.2.3 | 22.14 | 41.46 | 63.60 | OK | |
r-devel-linux-x86_64-debian-gcc | 1.2.3 | 16.64 | 33.28 | 49.92 | OK | |
r-devel-linux-x86_64-fedora-clang | 1.2.3 | 93.42 | OK | |||
r-devel-linux-x86_64-fedora-gcc | 1.2.3 | 80.39 | OK | |||
r-devel-windows-ix86+x86_64 | 1.2.3 | 43.00 | 69.00 | 112.00 | NOTE | |
r-patched-linux-x86_64 | 1.2.3 | 17.43 | 40.67 | 58.10 | OK | |
r-patched-solaris-x86 | 1.2.3 | 93.30 | OK | |||
r-release-linux-x86_64 | 1.2.3 | 18.87 | 40.53 | 59.40 | OK | |
r-release-macos-x86_64 | 1.2.3 | OK | ||||
r-release-windows-ix86+x86_64 | 1.2.3 | 48.00 | 83.00 | 131.00 | NOTE | |
r-oldrel-macos-x86_64 | 1.2.3 | OK | ||||
r-oldrel-windows-ix86+x86_64 | 1.2.3 | 43.00 | 83.00 | 126.00 | OK |
Version: 1.2.3
Check: installed package size
Result: NOTE
installed size is 5.4Mb
sub-directories of 1Mb or more:
data 2.4Mb
libs 2.1Mb
Flavors: r-devel-windows-ix86+x86_64, r-release-windows-ix86+x86_64