CRAN Package Check Results for Package rentrez

Last updated on 2020-01-19 21:48:54 CET.

Flavor Version Tinstall Tcheck Ttotal Status Flags
r-devel-linux-x86_64-debian-clang 1.2.2 4.08 41.34 45.42 OK
r-devel-linux-x86_64-debian-gcc 1.2.2 3.21 32.61 35.82 OK
r-devel-linux-x86_64-fedora-clang 1.2.2 55.37 OK
r-devel-linux-x86_64-fedora-gcc 1.2.2 30.82 OK
r-devel-windows-ix86+x86_64 1.2.2 10.00 45.00 55.00 OK --no-vignettes
r-devel-windows-ix86+x86_64-gcc8 1.2.2 8.00 62.00 70.00 OK --no-vignettes
r-patched-linux-x86_64 1.2.2 3.07 30.98 34.05 WARN
r-patched-solaris-x86 1.2.2 61.90 WARN
r-release-linux-x86_64 1.2.2 3.27 37.48 40.75 OK
r-release-windows-ix86+x86_64 1.2.2 9.00 49.00 58.00 OK --no-vignettes
r-release-osx-x86_64 1.2.2 OK
r-oldrel-windows-ix86+x86_64 1.2.2 4.00 57.00 61.00 OK --no-vignettes
r-oldrel-osx-x86_64 1.2.2 OK

Check Details

Version: 1.2.2
Check: re-building of vignette outputs
Result: WARN
    Error(s) in re-building vignettes:
     ...
    --- re-building ‘rentrez_tutorial.Rmd’ using rmarkdown
    Quitting from lines 155-158 (rentrez_tutorial.Rmd)
    Error: processing vignette 'rentrez_tutorial.Rmd' failed with diagnostics:
    subscript out of bounds
    --- failed re-building ‘rentrez_tutorial.Rmd’
    
    SUMMARY: processing the following file failed:
     ‘rentrez_tutorial.Rmd’
    
    Error: Vignette re-building failed.
    Execution halted
Flavor: r-patched-linux-x86_64

Version: 1.2.2
Check: re-building of vignette outputs
Result: WARN
    Error(s) in re-building vignettes:
     ...
    --- re-building ‘rentrez_tutorial.Rmd’ using rmarkdown
    Warning in engine$weave(file, quiet = quiet, encoding = enc) :
     Pandoc (>= 1.12.3) and/or pandoc-citeproc not available. Falling back to R Markdown v1.
    Quitting from lines 22-52 (rentrez_tutorial.Rmd)
    Error: processing vignette 'rentrez_tutorial.Rmd' failed with diagnostics:
    HTTP failure: 429
    {"error":"API rate limit exceeded","api-key":"163.1.210.122","count":"4","limit":"3"}
    
    --- failed re-building ‘rentrez_tutorial.Rmd’
    
    SUMMARY: processing the following file failed:
     ‘rentrez_tutorial.Rmd’
    
    Error: Vignette re-building failed.
    Execution halted
Flavor: r-patched-solaris-x86