CRAN Package Check Results for Package rentrez

Last updated on 2020-04-10 11:48:24 CEST.

Flavor Version Tinstall Tcheck Ttotal Status Flags
r-devel-linux-x86_64-debian-clang 1.2.2 3.82 41.37 45.19 OK
r-devel-linux-x86_64-debian-gcc 1.2.2 3.21 32.42 35.63 OK
r-devel-linux-x86_64-fedora-clang 1.2.2 54.86 OK
r-devel-linux-x86_64-fedora-gcc 1.2.2 55.03 OK
r-devel-windows-ix86+x86_64 1.2.2 7.00 66.00 73.00 OK --no-vignettes
r-devel-windows-ix86+x86_64-gcc8 1.2.2 9.00 46.00 55.00 OK --no-vignettes
r-patched-linux-x86_64 1.2.2 4.00 41.48 45.48 OK
r-patched-osx-x86_64 1.2.2 WARN
r-patched-solaris-x86 1.2.2 84.50 OK
r-release-linux-x86_64 1.2.2 3.07 38.57 41.64 OK
r-release-windows-ix86+x86_64 1.2.2 7.00 68.00 75.00 OK --no-vignettes
r-release-osx-x86_64 1.2.2 OK
r-oldrel-windows-ix86+x86_64 1.2.2 7.00 71.00 78.00 OK --no-vignettes
r-oldrel-osx-x86_64 1.2.2 OK

Check Details

Version: 1.2.2
Check: re-building of vignette outputs
Result: WARN
    Error(s) in re-building vignettes:
     ...
    --- re-building ‘rentrez_tutorial.Rmd’ using rmarkdown
    dyld: lazy symbol binding failed: Symbol not found: ____chkstk_darwin
     Referenced from: /usr/local/bin/pandoc (which was built for Mac OS X 10.15)
     Expected in: /usr/lib/libSystem.B.dylib
    
    dyld: Symbol not found: ____chkstk_darwin
     Referenced from: /usr/local/bin/pandoc (which was built for Mac OS X 10.15)
     Expected in: /usr/lib/libSystem.B.dylib
    
    Error: processing vignette 'rentrez_tutorial.Rmd' failed with diagnostics:
    pandoc document conversion failed with error 6
    --- failed re-building ‘rentrez_tutorial.Rmd’
    
    SUMMARY: processing the following file failed:
     ‘rentrez_tutorial.Rmd’
    
    Error: Vignette re-building failed.
    Execution halted
Flavor: r-patched-osx-x86_64