CRAN Package Check Results for Package remotes

Last updated on 2020-08-13 06:47:40 CEST.

Flavor Version Tinstall Tcheck Ttotal Status Flags
r-devel-linux-x86_64-debian-clang 2.2.0 5.31 51.61 56.92 OK
r-devel-linux-x86_64-debian-gcc 2.2.0 4.57 39.31 43.88 OK
r-devel-linux-x86_64-fedora-clang 2.2.0 75.27 OK
r-devel-linux-x86_64-fedora-gcc 2.2.0 75.44 OK
r-devel-windows-ix86+x86_64 2.2.0 15.00 105.00 120.00 OK
r-patched-linux-x86_64 2.2.0 5.79 50.80 56.59 OK
r-patched-solaris-x86 2.2.0 92.00 OK
r-release-linux-x86_64 2.2.0 6.07 51.30 57.37 OK
r-release-macos-x86_64 2.2.0 OK
r-release-windows-ix86+x86_64 2.2.0 18.00 100.00 118.00 WARN
r-oldrel-macos-x86_64 2.2.0 OK
r-oldrel-windows-ix86+x86_64 2.2.0 10.00 85.00 95.00 OK

Check Details

Version: 2.2.0
Check: for unstated dependencies in ‘tests’
Result: WARN
    Warning: unable to access index for repository https://CRAN.R-project.org/src/contrib:
     cannot open URL 'https://CRAN.R-project.org/src/contrib/PACKAGES'
Flavor: r-release-windows-ix86+x86_64