CRAN Package Check Results for Package remotes

Last updated on 2022-11-28 07:50:01 CET.

Flavor Version Tinstall Tcheck Ttotal Status Flags
r-devel-linux-x86_64-debian-clang 2.4.2 5.21 63.42 68.63 OK
r-devel-linux-x86_64-debian-gcc 2.4.2 5.18 48.46 53.64 OK
r-devel-linux-x86_64-fedora-clang 2.4.2 98.79 OK
r-devel-linux-x86_64-fedora-gcc 2.4.2 127.06 OK
r-devel-windows-x86_64 2.4.2 52.00 125.00 177.00 OK
r-patched-linux-x86_64 2.4.2 6.43 57.19 63.62 OK
r-release-linux-x86_64 2.4.2 6.25 56.86 63.11 OK
r-release-macos-arm64 2.4.2 31.00 OK
r-release-macos-x86_64 2.4.2 51.00 OK
r-release-windows-x86_64 2.4.2 61.00 115.00 176.00 OK
r-oldrel-macos-arm64 2.4.2 173.00 OK
r-oldrel-macos-x86_64 2.4.2 49.00 OK
r-oldrel-windows-ix86+x86_64 2.4.2 15.00 110.00 125.00 WARN

Check Details

Version: 2.4.2
Check: for unstated dependencies in ‘tests’
Result: WARN
    Warning: unable to access index for repository https://bioconductor.org/packages/3.14/bioc/src/contrib:
     cannot open URL 'https://bioconductor.org/packages/3.14/bioc/src/contrib/PACKAGES'
    Warning: unable to access index for repository https://bioconductor.org/packages/3.14/data/annotation/src/contrib:
     cannot open URL 'https://bioconductor.org/packages/3.14/data/annotation/src/contrib/PACKAGES'
    Warning: unable to access index for repository https://bioconductor.org/packages/3.14/data/experiment/src/contrib:
     cannot open URL 'https://bioconductor.org/packages/3.14/data/experiment/src/contrib/PACKAGES'
Flavor: r-oldrel-windows-ix86+x86_64