Last updated on 2023-03-24 08:55:52 CET.
Flavor | Version | Tinstall | Tcheck | Ttotal | Status | Flags |
---|---|---|---|---|---|---|
r-devel-linux-x86_64-debian-clang | 2.4.2 | 5.96 | 59.21 | 65.17 | OK | |
r-devel-linux-x86_64-debian-gcc | 2.4.2 | 3.96 | 45.71 | 49.67 | OK | |
r-devel-linux-x86_64-fedora-clang | 2.4.2 | 87.22 | OK | |||
r-devel-linux-x86_64-fedora-gcc | 2.4.2 | 100.31 | OK | |||
r-patched-linux-x86_64 | 2.4.2 | 6.82 | 57.13 | 63.95 | OK | |
r-release-linux-x86_64 | 2.4.2 | 4.56 | 57.88 | 62.44 | OK | |
r-release-macos-arm64 | 2.4.2 | 31.00 | OK | |||
r-release-macos-x86_64 | 2.4.2 | 51.00 | OK | |||
r-release-windows-x86_64 | 2.4.2 | 65.00 | 115.00 | 180.00 | OK | |
r-oldrel-macos-arm64 | 2.4.2 | 173.00 | OK | |||
r-oldrel-macos-x86_64 | 2.4.2 | 49.00 | OK | |||
r-oldrel-windows-ix86+x86_64 | 2.4.2 | 14.00 | 105.00 | 119.00 | WARN |
Version: 2.4.2
Check: dependencies in R code
Result: NOTE
Initiating curl with CURL_SSL_BACKEND: openssl
Flavor: r-oldrel-windows-ix86+x86_64
Version: 2.4.2
Check: for unstated dependencies in ‘tests’
Result: WARN
Warning: unable to access index for repository https://bioconductor.org/packages/3.14/bioc/src/contrib:
cannot open URL 'https://bioconductor.org/packages/3.14/bioc/src/contrib/PACKAGES'
Warning: unable to access index for repository https://bioconductor.org/packages/3.14/data/annotation/src/contrib:
cannot open URL 'https://bioconductor.org/packages/3.14/data/annotation/src/contrib/PACKAGES'
Warning: unable to access index for repository https://bioconductor.org/packages/3.14/data/experiment/src/contrib:
cannot open URL 'https://bioconductor.org/packages/3.14/data/experiment/src/contrib/PACKAGES'
Flavor: r-oldrel-windows-ix86+x86_64