CRAN Package Check Results for Package remedy

Last updated on 2023-06-07 18:56:40 CEST.

Flavor Version Tinstall Tcheck Ttotal Status Flags
r-devel-linux-x86_64-debian-clang 0.1.0 5.18 48.31 53.49 NOTE
r-devel-linux-x86_64-debian-gcc 0.1.0 4.08 36.53 40.61 NOTE
r-devel-linux-x86_64-fedora-clang 0.1.0 66.07 NOTE
r-devel-linux-x86_64-fedora-gcc 0.1.0 75.57 NOTE
r-devel-windows-x86_64 0.1.0 7.00 63.00 70.00 NOTE
r-patched-linux-x86_64 0.1.0 4.79 44.85 49.64 NOTE
r-release-linux-x86_64 0.1.0 3.36 45.60 48.96 NOTE
r-release-macos-arm64 0.1.0 32.00 NOTE
r-release-macos-x86_64 0.1.0 47.00 NOTE
r-release-windows-x86_64 0.1.0 7.00 68.00 75.00 NOTE
r-oldrel-macos-arm64 0.1.0 23.00 NOTE
r-oldrel-macos-x86_64 0.1.0 36.00 NOTE
r-oldrel-windows-x86_64 0.1.0 7.00 68.00 75.00 NOTE

Check Details

Version: 0.1.0
Check: LazyData
Result: NOTE
     'LazyData' is specified without a 'data' directory
Flavors: r-devel-linux-x86_64-debian-clang, r-devel-linux-x86_64-debian-gcc, r-devel-linux-x86_64-fedora-clang, r-devel-linux-x86_64-fedora-gcc, r-devel-windows-x86_64, r-patched-linux-x86_64, r-release-linux-x86_64, r-release-macos-arm64, r-release-macos-x86_64, r-release-windows-x86_64, r-oldrel-macos-arm64, r-oldrel-macos-x86_64, r-oldrel-windows-x86_64