CRAN Package Check Results for Package relliptical

Last updated on 2021-12-03 00:48:53 CET.

Flavor Version Tinstall Tcheck Ttotal Status Flags
r-devel-linux-x86_64-debian-clang 0.9.0 71.13 61.69 132.82 OK
r-devel-linux-x86_64-debian-gcc 0.9.0 62.10 48.75 110.85 OK
r-devel-linux-x86_64-fedora-clang 0.9.0 197.11 NOTE
r-devel-linux-x86_64-fedora-gcc 0.9.0 198.70 OK
r-devel-windows-x86_64-new-UL 0.9.0 63.00 128.00 191.00 OK
r-devel-windows-x86_64-new-TK 0.9.0 OK
r-devel-windows-x86_64-old 0.9.0 95.00 86.00 181.00 OK
r-patched-linux-x86_64 0.9.0 77.09 58.86 135.95 OK
r-patched-solaris-x86 0.9.0 172.20 WARN
r-release-linux-x86_64 0.9.0 71.51 59.66 131.17 OK
r-release-macos-arm64 0.9.0 WARN
r-release-macos-x86_64 0.9.0 WARN
r-release-windows-ix86+x86_64 0.9.0 163.00 109.00 272.00 OK
r-oldrel-macos-x86_64 0.9.0 WARN
r-oldrel-windows-ix86+x86_64 0.9.0 188.00 125.00 313.00 OK

Check Details

Version: 0.9.0
Check: installed package size
Result: NOTE
     installed size is 10.2Mb
     sub-directories of 1Mb or more:
     libs 10.0Mb
Flavors: r-devel-linux-x86_64-fedora-clang, r-release-macos-arm64, r-release-macos-x86_64, r-oldrel-macos-x86_64

Version: 0.9.0
Check: compiled code
Result: WARN
    File ‘relliptical/libs/relliptical.so’:
     Found ‘__assert_c99’, possibly from ‘assert’ (C)
     Object: ‘Functions.o’
    
    Compiled code should not call entry points which might terminate R nor
    write to stdout/stderr instead of to the console, nor use Fortran I/O
    nor system RNGs.
    
    See ‘Writing portable packages’ in the ‘Writing R Extensions’ manual.
Flavor: r-patched-solaris-x86

Version: 0.9.0
Check: compiled code
Result: WARN
    File ‘relliptical/libs/relliptical.so’:
     Found ‘___assert_rtn’, possibly from ‘assert’ (C)
     Object: ‘Functions.o’
    
    Compiled code should not call entry points which might terminate R nor
    write to stdout/stderr instead of to the console, nor use Fortran I/O
    nor system RNGs.
    
    See ‘Writing portable packages’ in the ‘Writing R Extensions’ manual.
Flavors: r-release-macos-arm64, r-release-macos-x86_64, r-oldrel-macos-x86_64