CRAN Package Check Results for Package relations

Last updated on 2018-11-18 05:48:30 CET.

Flavor Version Tinstall Tcheck Ttotal Status Flags
r-devel-linux-x86_64-debian-clang 0.6-8 8.34 70.65 78.99 OK
r-devel-linux-x86_64-debian-gcc 0.6-8 7.51 55.62 63.13 OK
r-devel-linux-x86_64-fedora-clang 0.6-8 94.10 NOTE
r-devel-linux-x86_64-fedora-gcc 0.6-8 93.08 NOTE
r-devel-windows-ix86+x86_64 0.6-8 17.00 112.00 129.00 NOTE
r-patched-linux-x86_64 0.6-8 10.22 69.44 79.66 OK
r-patched-solaris-x86 0.6-8 126.80 NOTE
r-release-linux-x86_64 0.6-8 9.25 69.60 78.85 OK
r-release-windows-ix86+x86_64 0.6-8 15.00 113.00 128.00 NOTE
r-release-osx-x86_64 0.6-8 NOTE
r-oldrel-windows-ix86+x86_64 0.6-8 8.00 117.00 125.00 NOTE
r-oldrel-osx-x86_64 0.6-8 NOTE

Check Details

Version: 0.6-8
Check: package dependencies
Result: NOTE
    Package which this enhances but not available for checking: ‘Rcplex’
Flavors: r-devel-linux-x86_64-fedora-clang, r-devel-linux-x86_64-fedora-gcc, r-devel-windows-ix86+x86_64, r-release-windows-ix86+x86_64, r-oldrel-windows-ix86+x86_64

Version: 0.6-8
Check: package dependencies
Result: NOTE
    Package suggested but not available for checking: ‘Rsymphony’
    
    Package which this enhances but not available for checking: ‘Rcplex’
Flavors: r-patched-solaris-x86, r-release-osx-x86_64, r-oldrel-osx-x86_64