CRAN Package Check Results for Package reinsureR

Last updated on 2024-06-22 03:49:40 CEST.

Flavor Version Tinstall Tcheck Ttotal Status Flags
r-devel-linux-x86_64-debian-clang 0.1.0 10.82 58.62 69.44 NOTE
r-devel-linux-x86_64-debian-gcc 0.1.0 8.54 44.19 52.73 NOTE
r-devel-linux-x86_64-fedora-clang 0.1.0 88.52 NOTE
r-devel-linux-x86_64-fedora-gcc 0.1.0 81.59 NOTE
r-devel-windows-x86_64 0.1.0 10.00 66.00 76.00 NOTE
r-patched-linux-x86_64 0.1.0 10.77 56.28 67.05 NOTE
r-release-linux-x86_64 0.1.0 6.81 57.03 63.84 NOTE
r-release-macos-arm64 0.1.0 26.00 NOTE
r-release-macos-x86_64 0.1.0 38.00 NOTE
r-release-windows-x86_64 0.1.0 12.00 65.00 77.00 NOTE
r-oldrel-macos-arm64 0.1.0 29.00 NOTE
r-oldrel-macos-x86_64 0.1.0 44.00 NOTE
r-oldrel-windows-x86_64 0.1.0 12.00 73.00 85.00 NOTE

Check Details

Version: 0.1.0
Check: LazyData
Result: NOTE 'LazyData' is specified without a 'data' directory Flavors: r-devel-linux-x86_64-debian-clang, r-devel-linux-x86_64-debian-gcc, r-devel-linux-x86_64-fedora-clang, r-devel-linux-x86_64-fedora-gcc, r-devel-windows-x86_64, r-patched-linux-x86_64, r-release-linux-x86_64, r-release-macos-arm64, r-release-macos-x86_64, r-release-windows-x86_64, r-oldrel-macos-arm64, r-oldrel-macos-x86_64, r-oldrel-windows-x86_64