CRAN Package Check Results for Package reinforcelearn

Last updated on 2020-04-04 01:52:30 CEST.

Flavor Version Tinstall Tcheck Ttotal Status Flags
r-devel-linux-x86_64-debian-clang 0.2.1 16.73 39.55 56.28 OK
r-devel-linux-x86_64-debian-gcc 0.2.1 14.44 30.79 45.23 OK
r-devel-linux-x86_64-fedora-clang 0.2.1 76.26 NOTE
r-devel-linux-x86_64-fedora-gcc 0.2.1 80.71 NOTE
r-devel-windows-ix86+x86_64 0.2.1 24.00 48.00 72.00 OK
r-devel-windows-ix86+x86_64-gcc8 0.2.1 24.00 54.00 78.00 OK
r-patched-linux-x86_64 0.2.1 17.85 37.75 55.60 OK
r-patched-solaris-x86 0.2.1 93.50 NOTE
r-release-linux-x86_64 0.2.1 14.12 35.69 49.81 OK
r-release-windows-ix86+x86_64 0.2.1 23.00 56.00 79.00 OK
r-release-osx-x86_64 0.2.1 NOTE
r-oldrel-windows-ix86+x86_64 0.2.1 24.00 52.00 76.00 OK
r-oldrel-osx-x86_64 0.2.1 NOTE

Check Details

Version: 0.2.1
Check: dependencies in R code
Result: NOTE
    Namespaces in Imports field not imported from:
     ‘R6’ ‘nnet’ ‘purrr’
     All declared Imports should be used.
Flavors: r-devel-linux-x86_64-fedora-clang, r-devel-linux-x86_64-fedora-gcc, r-patched-solaris-x86, r-release-osx-x86_64, r-oldrel-osx-x86_64