CRAN Package Check Results for Package regressoR

Last updated on 2020-08-07 05:48:30 CEST.

Flavor Version Tinstall Tcheck Ttotal Status Flags
r-devel-linux-x86_64-debian-clang 1.1.9 6.91 58.72 65.63 OK
r-devel-linux-x86_64-debian-gcc 1.1.9 5.72 45.20 50.92 OK
r-devel-linux-x86_64-fedora-clang 1.1.9 87.38 NOTE
r-devel-linux-x86_64-fedora-gcc 1.1.9 76.79 NOTE
r-devel-windows-ix86+x86_64 1.1.9 46.00 118.00 164.00 OK
r-patched-linux-x86_64 1.1.9 7.82 57.51 65.33 OK
r-patched-solaris-x86 1.1.9 115.30 NOTE
r-release-linux-x86_64 1.1.9 8.39 57.30 65.69 OK
r-release-macos-x86_64 1.1.9 NOTE
r-release-windows-ix86+x86_64 1.1.9 37.00 91.00 128.00 OK
r-oldrel-macos-x86_64 1.1.9 NOTE
r-oldrel-windows-ix86+x86_64 1.1.9 16.00 89.00 105.00 OK

Check Details

Version: 1.1.9
Check: package dependencies
Result: NOTE
    Imports includes 24 non-default packages.
    Importing from so many packages makes the package vulnerable to any of
    them becoming unavailable. Move as many as possible to Suggests and
    use conditionally.
Flavor: r-devel-linux-x86_64-fedora-clang

Version: 1.1.9
Check: dependencies in R code
Result: NOTE
    Namespaces in Imports field not imported from:
     ‘ROCR’ ‘colourpicker’ ‘corrplot’ ‘e1071’ ‘flexdashboard’ ‘gbm’
     ‘glmnet’ ‘kknn’ ‘neuralnet’ ‘rattle’ ‘rpart’ ‘shinyWidgets’
     ‘shinydashboardPlus’ ‘shinyjs’ ‘xgboost’ ‘zip’
     All declared Imports should be used.
Flavors: r-devel-linux-x86_64-fedora-clang, r-devel-linux-x86_64-fedora-gcc, r-patched-solaris-x86, r-release-macos-x86_64, r-oldrel-macos-x86_64