Last updated on 2023-12-10 19:49:23 CET.
Flavor | Version | Tinstall | Tcheck | Ttotal | Status | Flags |
---|---|---|---|---|---|---|
r-devel-linux-x86_64-debian-clang | 0.1.2 | 13.47 | 196.88 | 210.35 | OK | |
r-devel-linux-x86_64-debian-gcc | 0.1.2 | 8.68 | 144.16 | 152.84 | OK | |
r-devel-linux-x86_64-fedora-clang | 0.1.2 | 265.46 | OK | |||
r-devel-linux-x86_64-fedora-gcc | 0.1.2 | 253.27 | OK | |||
r-devel-windows-x86_64 | 0.1.2 | 11.00 | 152.00 | 163.00 | OK | |
r-patched-linux-x86_64 | 0.1.2 | 10.08 | 187.75 | 197.83 | OK | |
r-release-linux-x86_64 | 0.1.2 | 8.44 | 192.02 | 200.46 | OK | |
r-release-macos-arm64 | 0.1.2 | 74.00 | OK | |||
r-release-macos-x86_64 | 0.1.2 | 176.00 | OK | |||
r-release-windows-x86_64 | 0.1.2 | 15.00 | 191.00 | 206.00 | OK | |
r-oldrel-macos-arm64 | 0.1.2 | 88.00 | OK | |||
r-oldrel-macos-x86_64 | 0.1.2 | 115.00 | ERROR | |||
r-oldrel-windows-x86_64 | 0.1.2 | 15.00 | 198.00 | 213.00 | OK |
Version: 0.1.2
Check: PDF version of manual
Result: WARN
LaTeX errors when creating PDF version.
This typically indicates Rd problems.
LaTeX errors found:
! Undefined control sequence.
<recently read> \mathbb
l.780 ...\eqn{\mathbb{E}[Y \mid X = x] = \mu(x)}{}
. The mean function \eqn{\...
! Undefined control sequence.
<argument> g(\mathbb
{E}[Y \mid X = x]) = \mu (x)
l.799 \mu(x)}{}
, where \eqn{g}{} is a link function. Let
! Undefined control sequence.
<argument> Y \mid X \sim \text
{SomeDistribution},
l.1093 ... \mid X \sim \text{SomeDistribution},}{}
! Undefined control sequence.
<argument> \mathbb
{E}[Y \mid X = x] = g^{-1}(\mu (x)).
l.1097 ...bb{E}[Y \mid X = x] = g^{-1}(\mu(x)).}{}
! Undefined control sequence.
<argument> Y \mid X \sim \text
{Normal}(\mu (X), \sigma ^2),
l.1115 ...\sim \text{Normal}(\mu(X), \sigma^2),}{}
! Undefined control sequence.
<argument> Y \mid X \sim \text
{Binomial}(N, g^{-1}(\mu (X))),
l.1133 ...m \text{Binomial}(N, g^{-1}(\mu(X))),}{}
! Undefined control sequence.
<argument> Y \mid X \sim \text
{Poisson}(g^{-1}(\mu (X))),
l.1143 ... \sim \text{Poisson}(g^{-1}(\mu(X))),}{}
! Undefined control sequence.
<argument> Y \mid X \sim \text
{SomeDistribution}(g^{-1}(\mu (X))),
l.1152 ...xt{SomeDistribution}(g^{-1}(\mu(X))),}{}
Flavor: r-oldrel-macos-x86_64
Version: 0.1.2
Check: PDF version of manual without index
Result: ERROR
Flavor: r-oldrel-macos-x86_64