CRAN Package Check Results for Package regplot

Last updated on 2019-06-24 15:48:25 CEST.

Flavor Version Tinstall Tcheck Ttotal Status Flags
r-devel-linux-x86_64-debian-clang 0.2 11.64 64.66 76.30 OK
r-devel-linux-x86_64-debian-gcc 0.2 9.28 52.83 62.11 OK
r-devel-linux-x86_64-fedora-clang 0.2 93.03 OK
r-devel-linux-x86_64-fedora-gcc 0.2 92.54 OK
r-devel-windows-ix86+x86_64 0.2 22.00 72.00 94.00 OK
r-patched-linux-x86_64 0.2 11.27 65.50 76.77 OK
r-patched-solaris-x86 0.2 149.10 OK
r-release-linux-x86_64 0.2 11.90 65.80 77.70 OK
r-release-windows-ix86+x86_64 0.2 17.00 108.00 125.00 OK
r-release-osx-x86_64 0.2 FAIL
r-oldrel-windows-ix86+x86_64 0.2 9.00 69.00 78.00 OK
r-oldrel-osx-x86_64 0.2 OK

Check Details

Version: 0.2
Check: whether package can be installed
Result: FAIL
    
Flavor: r-release-osx-x86_64