CRAN Package Check Results for Package regnet

Last updated on 2021-12-04 10:52:42 CET.

Flavor Version Tinstall Tcheck Ttotal Status Flags
r-devel-linux-x86_64-debian-clang 0.4.0 165.98 41.99 207.97 OK
r-devel-linux-x86_64-debian-gcc 0.4.0 114.32 33.48 147.80 OK
r-devel-linux-x86_64-fedora-clang 0.4.0 332.35 NOTE
r-devel-linux-x86_64-fedora-gcc 0.4.0 281.18 OK
r-devel-windows-x86_64-new-UL 0.4.0 204.00 104.00 308.00 OK
r-devel-windows-x86_64-new-TK 0.4.0 OK
r-devel-windows-x86_64-old 0.4.0 222.00 54.00 276.00 OK
r-patched-linux-x86_64 0.4.0 143.97 32.66 176.63 OK
r-release-linux-x86_64 0.4.0 142.78 32.69 175.47 OK
r-release-macos-arm64 0.4.0 NOTE
r-release-macos-x86_64 0.4.0 NOTE
r-release-windows-ix86+x86_64 0.4.0 437.00 86.00 523.00 OK
r-oldrel-macos-x86_64 0.4.0 NOTE
r-oldrel-windows-ix86+x86_64 0.4.0 435.00 79.00 514.00 OK

Check Details

Version: 0.4.0
Check: installed package size
Result: NOTE
     installed size is 5.4Mb
     sub-directories of 1Mb or more:
     data 1.6Mb
     libs 3.7Mb
Flavors: r-devel-linux-x86_64-fedora-clang, r-release-macos-arm64, r-release-macos-x86_64, r-oldrel-macos-x86_64