Last updated on 2023-01-28 15:50:37 CET.
Flavor | Version | Tinstall | Tcheck | Ttotal | Status | Flags |
---|---|---|---|---|---|---|
r-devel-linux-x86_64-debian-clang | 0.1.8 | 9.30 | 104.44 | 113.74 | OK | |
r-devel-linux-x86_64-debian-gcc | 0.1.8 | 7.66 | 77.69 | 85.35 | OK | |
r-devel-linux-x86_64-fedora-clang | 0.1.8 | 139.92 | NOTE | |||
r-devel-linux-x86_64-fedora-gcc | 0.1.8 | 154.89 | NOTE | |||
r-patched-linux-x86_64 | 0.1.8 | 10.12 | 99.51 | 109.63 | OK | |
r-release-linux-x86_64 | 0.1.8 | 10.35 | 95.59 | 105.94 | OK | |
r-release-macos-arm64 | 0.1.8 | 44.00 | NOTE | |||
r-release-macos-x86_64 | 0.1.8 | 87.00 | NOTE | |||
r-release-windows-x86_64 | 0.1.8 | 43.00 | 170.00 | 213.00 | OK | |
r-oldrel-macos-arm64 | 0.1.8 | 42.00 | NOTE | |||
r-oldrel-macos-x86_64 | 0.1.8 | 59.00 | NOTE | |||
r-oldrel-windows-ix86+x86_64 | 0.1.8 | 23.00 | 134.00 | 157.00 | OK |
Version: 0.1.8
Check: data for non-ASCII characters
Result: NOTE
Note: found 2 marked Latin-1 strings
Note: found 50022 marked UTF-8 strings
Flavors: r-devel-linux-x86_64-fedora-clang, r-devel-linux-x86_64-fedora-gcc, r-release-macos-arm64, r-release-macos-x86_64, r-oldrel-macos-arm64, r-oldrel-macos-x86_64