CRAN Package Check Results for Package regexTestR

Last updated on 2020-10-27 18:51:32 CET.

Flavor Version Tinstall Tcheck Ttotal Status Flags
r-devel-linux-x86_64-debian-clang 0.1.0 7.83 69.66 77.49 OK
r-devel-linux-x86_64-debian-gcc 0.1.0 6.82 50.49 57.31 OK
r-devel-linux-x86_64-fedora-clang 0.1.0 98.39 NOTE
r-devel-linux-x86_64-fedora-gcc 0.1.0 90.20 NOTE
r-devel-windows-ix86+x86_64 0.1.0 21.00 73.00 94.00 OK
r-patched-linux-x86_64 0.1.0 OK
r-patched-solaris-x86 0.1.0 120.80 NOTE
r-release-linux-x86_64 0.1.0 7.82 61.96 69.78 OK
r-release-macos-x86_64 0.1.0 NOTE
r-release-windows-ix86+x86_64 0.1.0 18.00 68.00 86.00 OK
r-oldrel-macos-x86_64 0.1.0 NOTE
r-oldrel-windows-ix86+x86_64 0.1.0 17.00 82.00 99.00 OK

Check Details

Version: 0.1.0
Check: dependencies in R code
Result: NOTE
    Namespaces in Imports field not imported from:
     ‘pkgload’ ‘processx’
     All declared Imports should be used.
Flavors: r-devel-linux-x86_64-fedora-clang, r-devel-linux-x86_64-fedora-gcc, r-patched-solaris-x86, r-release-macos-x86_64, r-oldrel-macos-x86_64