CRAN Package Check Results for Package refuge

Last updated on 2022-09-29 02:49:50 CEST.

Flavor Version Tinstall Tcheck Ttotal Status Flags
r-devel-linux-x86_64-debian-clang 0.3.3 4.83 53.91 58.74 NOTE
r-devel-linux-x86_64-debian-gcc 0.3.3 3.41 40.03 43.44 NOTE
r-devel-linux-x86_64-fedora-clang 0.3.3 84.93 NOTE
r-devel-linux-x86_64-fedora-gcc 0.3.3 76.77 NOTE
r-devel-windows-x86_64 0.3.3 13.00 82.00 95.00 NOTE
r-patched-linux-x86_64 0.3.3 3.79 49.71 53.50 NOTE
r-release-linux-x86_64 0.3.3 4.88 48.64 53.52 NOTE
r-release-macos-arm64 0.3.3 24.00 NOTE
r-release-macos-x86_64 0.3.3 43.00 NOTE
r-release-windows-x86_64 0.3.3 13.00 79.00 92.00 NOTE
r-oldrel-macos-arm64 0.3.3 30.00 NOTE
r-oldrel-macos-x86_64 0.3.3 42.00 NOTE
r-oldrel-windows-ix86+x86_64 0.3.3 15.00 73.00 88.00 NOTE

Check Details

Version: 0.3.3
Check: LazyData
Result: NOTE
     'LazyData' is specified without a 'data' directory
Flavors: r-devel-linux-x86_64-debian-clang, r-devel-linux-x86_64-debian-gcc, r-devel-linux-x86_64-fedora-clang, r-devel-linux-x86_64-fedora-gcc, r-devel-windows-x86_64, r-patched-linux-x86_64, r-release-linux-x86_64, r-release-macos-arm64, r-release-macos-x86_64, r-release-windows-x86_64, r-oldrel-macos-arm64, r-oldrel-macos-x86_64, r-oldrel-windows-ix86+x86_64