CRAN Package Check Results for Package recipes

Last updated on 2022-06-25 20:50:25 CEST.

Flavor Version Tinstall Tcheck Ttotal Status Flags
r-devel-linux-x86_64-debian-clang 0.2.0 26.79 394.49 421.28 OK
r-devel-linux-x86_64-debian-gcc 0.2.0 20.34 295.06 315.40 OK
r-devel-linux-x86_64-fedora-clang 0.2.0 508.25 NOTE
r-devel-linux-x86_64-fedora-gcc 0.2.0 548.68 OK
r-devel-windows-x86_64 0.2.0 174.00 462.00 636.00 OK
r-patched-linux-x86_64 0.2.0 31.80 368.24 400.04 OK
r-release-linux-x86_64 0.2.0 22.86 372.98 395.84 OK
r-release-macos-arm64 0.2.0 123.00 OK
r-release-macos-x86_64 0.2.0 234.00 OK
r-release-windows-x86_64 0.2.0 118.00 482.00 600.00 OK
r-oldrel-macos-arm64 0.2.0 113.00 OK
r-oldrel-macos-x86_64 0.2.0 193.00 OK
r-oldrel-windows-ix86+x86_64 0.2.0 49.00 484.00 533.00 OK

Check Details

Version: 0.2.0
Check: Rd cross-references
Result: NOTE
    Undeclared packages ‘fastICA’, ‘dimRed’ in Rd xrefs
Flavor: r-devel-linux-x86_64-fedora-clang