CRAN Package Check Results for Package readxl

Last updated on 2018-04-24 23:51:25 CEST.

Flavor Version Tinstall Tcheck Ttotal Status Flags
r-devel-linux-x86_64-debian-clang 1.1.0 59.11 35.38 94.49 OK
r-devel-linux-x86_64-debian-gcc 1.1.0 44.43 27.93 72.36 OK
r-devel-linux-x86_64-fedora-clang 1.1.0 115.68 OK
r-devel-linux-x86_64-fedora-gcc 1.1.0 108.42 NOTE
r-devel-windows-ix86+x86_64 1.1.0 133.00 87.00 220.00 OK
r-patched-linux-x86_64 1.1.0 55.38 34.11 89.49 OK
r-patched-solaris-x86 1.1.0 110.00 OK
r-release-linux-x86_64 1.1.0 55.22 33.73 88.95 OK
r-release-windows-ix86+x86_64 1.1.0 133.00 87.00 220.00 OK
r-release-osx-x86_64 1.1.0 OK
r-oldrel-windows-ix86+x86_64 1.1.0 135.00 110.00 245.00 OK
r-oldrel-osx-x86_64 1.1.0 OK

Additional issues

clang-UBSAN gcc-UBSAN

Check Details

Version: 1.1.0
Check: installed package size
Result: NOTE
     installed size is 5.8Mb
     sub-directories of 1Mb or more:
     libs 4.5Mb
Flavor: r-devel-linux-x86_64-fedora-gcc