CRAN Package Check Results for Package readxl

Last updated on 2022-11-28 06:50:20 CET.

Flavor Version Tinstall Tcheck Ttotal Status Flags
r-devel-linux-x86_64-debian-clang 1.4.1 30.52 56.12 86.64 WARN
r-devel-linux-x86_64-debian-gcc 1.4.1 29.27 42.82 72.09 OK
r-devel-linux-x86_64-fedora-clang 1.4.1 121.58 WARN
r-devel-linux-x86_64-fedora-gcc 1.4.1 123.51 OK
r-devel-windows-x86_64 1.4.1 78.00 122.00 200.00 OK
r-patched-linux-x86_64 1.4.1 33.15 52.19 85.34 OK
r-release-linux-x86_64 1.4.1 31.28 51.96 83.24 OK
r-release-macos-arm64 1.4.1 39.00 OK
r-release-macos-x86_64 1.4.1 49.00 OK
r-release-windows-x86_64 1.4.1 81.00 113.00 194.00 OK
r-oldrel-macos-arm64 1.4.1 38.00 OK
r-oldrel-macos-x86_64 1.4.1 53.00 OK
r-oldrel-windows-ix86+x86_64 1.4.1 82.00 135.00 217.00 OK

Check Details

Version: 1.4.1
Check: whether package can be installed
Result: WARN
    Found the following significant warnings:
     libxls/endian.c:38:21: warning: a function declaration without a prototype is deprecated in all versions of C [-Wstrict-prototypes]
     libxls/locale.c:50:30: warning: a function declaration without a prototype is deprecated in all versions of C [-Wstrict-prototypes]
Flavors: r-devel-linux-x86_64-debian-clang, r-devel-linux-x86_64-fedora-clang