CRAN Package Check Results for Package readxl

Last updated on 2020-10-27 20:47:49 CET.

Flavor Version Tinstall Tcheck Ttotal Status Flags
r-devel-linux-x86_64-debian-clang 1.3.1 73.36 44.59 117.95 OK
r-devel-linux-x86_64-debian-gcc 1.3.1 49.77 33.76 83.53 OK
r-devel-linux-x86_64-fedora-clang 1.3.1 165.40 NOTE
r-devel-linux-x86_64-fedora-gcc 1.3.1 150.02 OK
r-devel-windows-ix86+x86_64 1.3.1 153.00 91.00 244.00 OK
r-patched-linux-x86_64 1.3.1 OK
r-patched-solaris-x86 1.3.1 143.60 OK
r-release-linux-x86_64 1.3.1 64.40 41.97 106.37 OK
r-release-macos-x86_64 1.3.1 OK
r-release-windows-ix86+x86_64 1.3.1 121.00 84.00 205.00 OK
r-oldrel-macos-x86_64 1.3.1 OK
r-oldrel-windows-ix86+x86_64 1.3.1 144.00 98.00 242.00 OK

Check Details

Version: 1.3.1
Check: installed package size
Result: NOTE
     installed size is 5.8Mb
     sub-directories of 1Mb or more:
     libs 4.4Mb
Flavor: r-devel-linux-x86_64-fedora-clang