CRAN Package Check Results for Package readxl

Last updated on 2020-06-03 07:51:24 CEST.

Flavor Version Tinstall Tcheck Ttotal Status Flags
r-devel-linux-x86_64-debian-clang 1.3.1 65.23 42.65 107.88 OK
r-devel-linux-x86_64-debian-gcc 1.3.1 52.16 33.73 85.89 OK
r-devel-linux-x86_64-fedora-clang 1.3.1 160.50 NOTE
r-devel-linux-x86_64-fedora-gcc 1.3.1 142.30 OK
r-devel-windows-ix86+x86_64 1.3.1 175.00 138.00 313.00 OK
r-patched-linux-x86_64 1.3.1 56.26 42.36 98.62 OK
r-patched-solaris-x86 1.3.1 139.80 OK
r-release-linux-x86_64 1.3.1 57.15 42.53 99.68 OK
r-release-osx-x86_64 1.3.1 OK
r-release-windows-ix86+x86_64 1.3.1 130.00 127.00 257.00 OK
r-oldrel-osx-x86_64 1.3.1 OK
r-oldrel-windows-ix86+x86_64 1.3.1 131.00 93.00 224.00 OK

Check Details

Version: 1.3.1
Check: installed package size
Result: NOTE
     installed size is 5.9Mb
     sub-directories of 1Mb or more:
     libs 4.6Mb
Flavor: r-devel-linux-x86_64-fedora-clang