CRAN Package Check Results for Package readxl

Last updated on 2019-03-21 05:48:24 CET.

Flavor Version Tinstall Tcheck Ttotal Status Flags
r-devel-linux-x86_64-debian-clang 1.3.1 58.17 39.32 97.49 OK
r-devel-linux-x86_64-debian-gcc 1.3.1 44.87 31.14 76.01 OK
r-devel-linux-x86_64-fedora-clang 1.3.1 138.89 NOTE
r-devel-linux-x86_64-fedora-gcc 1.3.1 125.84 OK
r-devel-windows-ix86+x86_64 1.3.1 137.00 90.00 227.00 OK
r-patched-linux-x86_64 1.3.1 53.99 36.78 90.77 OK
r-patched-solaris-x86 1.3.1 121.30 OK
r-release-linux-x86_64 1.3.1 54.24 36.27 90.51 OK
r-release-windows-ix86+x86_64 1.3.1 137.00 86.00 223.00 OK
r-release-osx-x86_64 1.3.1 OK
r-oldrel-windows-ix86+x86_64 1.3.1 106.00 103.00 209.00 OK
r-oldrel-osx-x86_64 1.3.1 OK

Check Details

Version: 1.3.1
Check: installed package size
Result: NOTE
     installed size is 5.0Mb
     sub-directories of 1Mb or more:
     libs 3.7Mb
Flavor: r-devel-linux-x86_64-fedora-clang