CRAN Package Check Results for Package readtext

Last updated on 2020-01-25 06:51:24 CET.

Flavor Version Tinstall Tcheck Ttotal Status Flags
r-devel-linux-x86_64-debian-clang 0.75 4.87 60.97 65.84 OK
r-devel-linux-x86_64-debian-gcc 0.75 4.23 45.97 50.20 OK
r-devel-linux-x86_64-fedora-clang 0.75 76.36 NOTE
r-devel-linux-x86_64-fedora-gcc 0.75 75.35 NOTE
r-devel-windows-ix86+x86_64 0.75 12.00 113.00 125.00 OK
r-devel-windows-ix86+x86_64-gcc8 0.75 19.00 82.00 101.00 OK
r-patched-linux-x86_64 0.75 3.90 54.23 58.13 OK
r-patched-solaris-x86 0.75 130.50 NOTE
r-release-linux-x86_64 0.75 4.58 55.79 60.37 OK
r-release-windows-ix86+x86_64 0.75 9.00 86.00 95.00 OK
r-release-osx-x86_64 0.75 NOTE
r-oldrel-windows-ix86+x86_64 0.75 8.00 74.00 82.00 OK
r-oldrel-osx-x86_64 0.75 NOTE

Check Details

Version: 0.75
Check: data for non-ASCII characters
Result: NOTE
     Note: found 1 marked Latin-1 string
     Note: found 1 marked UTF-8 string
     Note: found 7 strings marked as "bytes"
Flavors: r-devel-linux-x86_64-fedora-clang, r-devel-linux-x86_64-fedora-gcc, r-patched-solaris-x86, r-release-osx-x86_64, r-oldrel-osx-x86_64