CRAN Package Check Results for Package readtext

Last updated on 2022-01-18 18:50:40 CET.

Flavor Version Tinstall Tcheck Ttotal Status Flags
r-devel-linux-x86_64-debian-clang 0.81 5.49 71.76 77.25 OK
r-devel-linux-x86_64-debian-gcc 0.81 5.05 55.06 60.11 OK
r-devel-linux-x86_64-fedora-clang 0.81 94.71 NOTE
r-devel-linux-x86_64-fedora-gcc 0.81 81.08 NOTE
r-devel-windows-x86_64-new-UL 0.81 171.00 122.00 293.00 OK
r-devel-windows-x86_64-new-TK 0.81 NOTE
r-patched-linux-x86_64 0.81 11.50 68.85 80.35 OK
r-release-linux-x86_64 0.81 OK
r-release-macos-arm64 0.81 NOTE
r-release-macos-x86_64 0.81 NOTE
r-release-windows-ix86+x86_64 0.81 12.00 83.00 95.00 OK
r-oldrel-macos-x86_64 0.81 NOTE
r-oldrel-windows-ix86+x86_64 0.81 12.00 83.00 95.00 OK

Check Details

Version: 0.81
Check: data for non-ASCII characters
Result: NOTE
     Note: found 1 marked Latin-1 string
     Note: found 1 marked UTF-8 string
     Note: found 7 strings marked as "bytes"
Flavors: r-devel-linux-x86_64-fedora-clang, r-devel-linux-x86_64-fedora-gcc, r-devel-windows-x86_64-new-TK, r-release-macos-arm64, r-release-macos-x86_64, r-oldrel-macos-x86_64