CRAN Package Check Results for Package readtext

Last updated on 2019-03-18 21:49:06 CET.

Flavor Version Tinstall Tcheck Ttotal Status Flags
r-devel-linux-x86_64-debian-clang 0.71 3.72 69.33 73.05 OK
r-devel-linux-x86_64-debian-gcc 0.71 2.66 53.20 55.86 OK
r-devel-linux-x86_64-fedora-clang 0.71 85.68 NOTE
r-devel-linux-x86_64-fedora-gcc 0.71 78.44 NOTE
r-devel-windows-ix86+x86_64 0.71 15.00 75.00 90.00 OK
r-patched-linux-x86_64 0.71 3.07 61.98 65.05 OK
r-patched-solaris-x86 0.71 67.90 ERROR
r-release-linux-x86_64 0.71 3.27 60.09 63.36 OK
r-release-windows-ix86+x86_64 0.71 7.00 74.00 81.00 OK
r-release-osx-x86_64 0.71 NOTE
r-oldrel-windows-ix86+x86_64 0.71 10.00 111.00 121.00 OK
r-oldrel-osx-x86_64 0.71 NOTE

Check Details

Version: 0.71
Check: data for non-ASCII characters
Result: NOTE
     Note: found 1 marked Latin-1 string
     Note: found 1 marked UTF-8 string
     Note: found 7 strings marked as "bytes"
Flavors: r-devel-linux-x86_64-fedora-clang, r-devel-linux-x86_64-fedora-gcc, r-patched-solaris-x86, r-release-osx-x86_64, r-oldrel-osx-x86_64

Version: 0.71
Check: package dependencies
Result: NOTE
    Package suggested but not available for checking: ‘quanteda’
Flavor: r-patched-solaris-x86

Version: 0.71
Check: tests
Result: ERROR
     Running ‘testthat.R’
    Running the tests in ‘tests/testthat.R’ failed.
    Complete output:
     > Sys.setenv("R_TESTS" = "")
     >
     > library(testthat)
     > library(readtext)
     > library(quanteda)
     Error in library(quanteda) : there is no package called 'quanteda'
     Execution halted
Flavor: r-patched-solaris-x86

Version: 0.71
Check: re-building of vignette outputs
Result: WARN
    Error in re-building vignettes:
     ...
    Warning in engine$weave(file, quiet = quiet, encoding = enc) :
     Pandoc (>= 1.12.3) and/or pandoc-citeproc not available. Falling back to R Markdown v1.
    Loading required package: quanteda
    Quitting from lines 146-152 (readtext_vignette.Rmd)
    Error: processing vignette 'readtext_vignette.Rmd' failed with diagnostics:
    could not find function "corpus"
    Execution halted
Flavor: r-patched-solaris-x86