CRAN Package Check Results for Package readtext

Last updated on 2020-08-12 21:49:53 CEST.

Flavor Version Tinstall Tcheck Ttotal Status Flags
r-devel-linux-x86_64-debian-clang 0.76 5.54 60.74 66.28 OK
r-devel-linux-x86_64-debian-gcc 0.76 4.43 46.32 50.75 OK
r-devel-linux-x86_64-fedora-clang 0.76 84.63 NOTE
r-devel-linux-x86_64-fedora-gcc 0.76 77.10 NOTE
r-devel-windows-ix86+x86_64 0.76 12.00 125.00 137.00 OK
r-patched-linux-x86_64 0.76 5.38 59.09 64.47 OK
r-patched-solaris-x86 0.76 141.30 WARN
r-release-linux-x86_64 0.76 5.46 59.34 64.80 OK
r-release-macos-x86_64 0.76 NOTE
r-release-windows-ix86+x86_64 0.76 18.00 110.00 128.00 OK
r-oldrel-macos-x86_64 0.76 NOTE
r-oldrel-windows-ix86+x86_64 0.76 10.00 99.00 109.00 OK

Check Details

Version: 0.76
Check: data for non-ASCII characters
Result: NOTE
     Note: found 1 marked Latin-1 string
     Note: found 1 marked UTF-8 string
     Note: found 7 strings marked as "bytes"
Flavors: r-devel-linux-x86_64-fedora-clang, r-devel-linux-x86_64-fedora-gcc, r-patched-solaris-x86, r-release-macos-x86_64, r-oldrel-macos-x86_64

Version: 0.76
Check: re-building of vignette outputs
Result: WARN
    Error(s) in re-building vignettes:
     ...
    --- re-building ‘readtext_vignette.Rmd’ using rmarkdown
    Warning in engine$weave(file, quiet = quiet, encoding = enc) :
     Pandoc (>= 1.12.3) and/or pandoc-citeproc not available. Falling back to R Markdown v1.
    Loading required package: quanteda
    Package version: 2.1.1
    Parallel computing: 2 of 16 threads used.
    See https://quanteda.io for tutorials and examples.
    
    Attaching package: 'quanteda'
    
    The following object is masked from 'package:utils':
    
     View
    
    Quitting from lines 146-152 (readtext_vignette.Rmd)
    Error: processing vignette 'readtext_vignette.Rmd' failed with diagnostics:
    error in evaluating the argument 'x' in selecting a method for function 'as.list': error in evaluating the argument 'x' in selecting a method for function 'which': Start of codes indicating failure. (U_ILLEGAL_ARGUMENT_ERROR)
    --- failed re-building ‘readtext_vignette.Rmd’
    
    SUMMARY: processing the following file failed:
     ‘readtext_vignette.Rmd’
    
    Error: Vignette re-building failed.
    Execution halted
Flavor: r-patched-solaris-x86