CRAN Package Check Results for Package readtext

Last updated on 2021-09-17 19:52:16 CEST.

Flavor Version Tinstall Tcheck Ttotal Status Flags
r-devel-linux-x86_64-debian-clang 0.81 6.45 64.27 70.72 OK
r-devel-linux-x86_64-debian-gcc 0.81 4.53 48.28 52.81 OK
r-devel-linux-x86_64-fedora-clang 0.81 96.58 NOTE
r-devel-linux-x86_64-fedora-gcc 0.81 80.16 NOTE
r-devel-windows-x86_64 0.81 7.00 91.00 98.00 OK
r-devel-windows-x86_64-gcc10-UCRT 0.81 NOTE
r-patched-linux-x86_64 0.81 11.27 60.56 71.83 OK
r-patched-solaris-x86 0.81 126.30 NOTE
r-release-linux-x86_64 0.81 5.29 60.49 65.78 OK
r-release-macos-arm64 0.81 NOTE
r-release-macos-x86_64 0.81 NOTE
r-release-windows-ix86+x86_64 0.81 12.00 69.00 81.00 OK
r-oldrel-macos-x86_64 0.81 NOTE
r-oldrel-windows-ix86+x86_64 0.81 12.00 76.00 88.00 OK

Check Details

Version: 0.81
Check: data for non-ASCII characters
Result: NOTE
     Note: found 1 marked Latin-1 string
     Note: found 1 marked UTF-8 string
     Note: found 7 strings marked as "bytes"
Flavors: r-devel-linux-x86_64-fedora-clang, r-devel-linux-x86_64-fedora-gcc, r-devel-windows-x86_64-gcc10-UCRT, r-patched-solaris-x86, r-release-macos-arm64, r-release-macos-x86_64, r-oldrel-macos-x86_64