Last updated on 2023-02-06 21:54:57 CET.
Flavor | Version | Tinstall | Tcheck | Ttotal | Status | Flags |
---|---|---|---|---|---|---|
r-devel-linux-x86_64-debian-clang | 0.81 | 6.18 | 74.71 | 80.89 | OK | |
r-devel-linux-x86_64-debian-gcc | 0.81 | 5.23 | 56.81 | 62.04 | OK | |
r-devel-linux-x86_64-fedora-clang | 0.81 | 100.25 | NOTE | |||
r-devel-linux-x86_64-fedora-gcc | 0.81 | 109.11 | NOTE | |||
r-devel-windows-x86_64 | 0.81 | 75.00 | 138.00 | 213.00 | OK | |
r-patched-linux-x86_64 | 0.81 | 11.17 | 72.38 | 83.55 | OK | |
r-release-linux-x86_64 | 0.81 | 6.03 | 71.89 | 77.92 | OK | |
r-release-macos-arm64 | 0.81 | 30.00 | NOTE | |||
r-release-macos-x86_64 | 0.81 | 50.00 | NOTE | |||
r-release-windows-x86_64 | 0.81 | 63.00 | 128.00 | 191.00 | OK | |
r-oldrel-macos-arm64 | 0.81 | 37.00 | NOTE | |||
r-oldrel-macos-x86_64 | 0.81 | 42.00 | NOTE | |||
r-oldrel-windows-ix86+x86_64 | 0.81 | 15.00 | 100.00 | 115.00 | OK |
Version: 0.81
Check: data for non-ASCII characters
Result: NOTE
Note: found 1 marked Latin-1 string
Note: found 1 marked UTF-8 string
Note: found 7 strings marked as "bytes"
Flavors: r-devel-linux-x86_64-fedora-clang, r-devel-linux-x86_64-fedora-gcc, r-release-macos-arm64, r-release-macos-x86_64, r-oldrel-macos-arm64, r-oldrel-macos-x86_64