Last updated on 2022-08-17 13:49:18 CEST.
Flavor | Version | Tinstall | Tcheck | Ttotal | Status | Flags |
---|---|---|---|---|---|---|
r-devel-linux-x86_64-debian-clang | 0.81 | 6.68 | 76.36 | 83.04 | OK | |
r-devel-linux-x86_64-debian-gcc | 0.81 | OK | ||||
r-devel-linux-x86_64-fedora-clang | 0.81 | 109.91 | NOTE | |||
r-devel-linux-x86_64-fedora-gcc | 0.81 | 107.29 | NOTE | |||
r-devel-windows-x86_64 | 0.81 | 69.00 | 130.00 | 199.00 | OK | |
r-patched-linux-x86_64 | 0.81 | 10.95 | 72.20 | 83.15 | OK | |
r-release-linux-x86_64 | 0.81 | 6.15 | 71.40 | 77.55 | OK | |
r-release-macos-arm64 | 0.81 | 30.00 | NOTE | |||
r-release-macos-x86_64 | 0.81 | 50.00 | NOTE | |||
r-release-windows-x86_64 | 0.81 | 123.00 | 111.00 | 234.00 | OK | |
r-oldrel-macos-arm64 | 0.81 | 37.00 | NOTE | |||
r-oldrel-macos-x86_64 | 0.81 | 42.00 | NOTE | |||
r-oldrel-windows-ix86+x86_64 | 0.81 | 14.00 | 99.00 | 113.00 | OK |
Version: 0.81
Check: data for non-ASCII characters
Result: NOTE
Note: found 1 marked Latin-1 string
Note: found 1 marked UTF-8 string
Note: found 7 strings marked as "bytes"
Flavors: r-devel-linux-x86_64-fedora-clang, r-devel-linux-x86_64-fedora-gcc, r-release-macos-arm64, r-release-macos-x86_64, r-oldrel-macos-arm64, r-oldrel-macos-x86_64