CRAN Package Check Results for Package readr

Last updated on 2021-06-18 22:54:41 CEST.

Flavor Version Tinstall Tcheck Ttotal Status Flags
r-devel-linux-x86_64-debian-clang 1.4.0 145.43 88.84 234.27 OK
r-devel-linux-x86_64-debian-gcc 1.4.0 117.96 61.76 179.72 OK
r-devel-linux-x86_64-fedora-clang 1.4.0 324.18 NOTE
r-devel-linux-x86_64-fedora-gcc 1.4.0 307.89 OK
r-devel-windows-x86_64 1.4.0 242.00 113.00 355.00 OK
r-devel-windows-x86_64-gcc10-UCRT 1.4.0 OK
r-patched-linux-x86_64 1.4.0 143.80 77.26 221.06 OK
r-patched-solaris-x86 1.4.0 345.70 OK
r-release-linux-x86_64 1.4.0 132.96 77.21 210.17 OK
r-release-macos-arm64 1.4.0 ERROR
r-release-macos-x86_64 1.4.0 ERROR
r-release-windows-ix86+x86_64 1.4.0 470.00 166.00 636.00 OK
r-oldrel-macos-x86_64 1.4.0 NOTE
r-oldrel-windows-ix86+x86_64 1.4.0 362.00 172.00 534.00 OK

Additional issues

rchk

Check Details

Version: 1.4.0
Check: installed package size
Result: NOTE
     installed size is 7.2Mb
     sub-directories of 1Mb or more:
     libs 6.3Mb
Flavors: r-devel-linux-x86_64-fedora-clang, r-release-macos-arm64, r-release-macos-x86_64, r-oldrel-macos-x86_64

Version: 1.4.0
Check: examples
Result: ERROR
    Running examples in ‘readr-Ex.R’ failed
    The error most likely occurred in:
    
    > ### Name: format_delim
    > ### Title: Convert a data frame to a delimited string
    > ### Aliases: format_delim format_csv format_csv2 format_tsv
    >
    > ### ** Examples
    >
    > data(band_members, package = "dplyr")
    Error in find.package(package, lib.loc, verbose = verbose) :
     there is no package called ‘dplyr’
    Calls: data -> find.package
    Execution halted
Flavor: r-release-macos-arm64

Version: 1.4.0
Check: tests
Result: ERROR
     Running ‘spelling.R’ [0s/0s]
     Running ‘testthat.R’ [20s/23s]
    Running the tests in ‘tests/testthat.R’ failed.
    Last 13 lines of output:
     1. ├─testthat::expect_true(is.data.frame(read_builtin("storms", "dplyr"))) test-read-builtin.R:16:2
     2. │ └─testthat::quasi_label(enquo(object), label, arg = "object")
     3. │ └─rlang::eval_bare(expr, quo_get_env(quo))
     4. ├─base::is.data.frame(read_builtin("storms", "dplyr"))
     5. └─readr::read_builtin("storms", "dplyr")
     6. ├─base::tryCatch(...)
     7. │ └─base:::tryCatchList(expr, classes, parentenv, handlers)
     8. │ └─base:::tryCatchOne(expr, names, parentenv, handlers[[1L]])
     9. │ └─base:::doTryCatch(return(expr), name, parentenv, handler)
     10. └─utils::data(...)
     11. └─base::find.package(package, lib.loc, verbose = verbose)
    
     [ FAIL 1 | WARN 7 | SKIP 5 | PASS 730 ]
     Error: Test failures
     Execution halted
Flavor: r-release-macos-x86_64