CRAN Package Check Results for Package readr

Last updated on 2020-10-19 16:48:41 CEST.

Flavor Version Tinstall Tcheck Ttotal Status Flags
r-devel-linux-x86_64-debian-clang 1.4.0 157.70 78.83 236.53 OK
r-devel-linux-x86_64-debian-gcc 1.4.0 135.58 54.33 189.91 OK
r-devel-linux-x86_64-fedora-clang 1.4.0 321.16 NOTE
r-devel-linux-x86_64-fedora-gcc 1.4.0 313.03 OK
r-devel-windows-ix86+x86_64 1.4.0 380.00 117.00 497.00 OK
r-patched-linux-x86_64 1.4.0 154.57 68.26 222.83 OK
r-patched-solaris-x86 1.4.0 334.90 OK
r-release-linux-x86_64 1.4.0 160.76 67.88 228.64 OK
r-release-macos-x86_64 1.4.0 NOTE
r-release-windows-ix86+x86_64 1.4.0 474.00 125.00 599.00 OK
r-oldrel-macos-x86_64 1.4.0 NOTE
r-oldrel-windows-ix86+x86_64 1.4.0 332.00 105.00 437.00 OK

Additional issues

rchk

Check Details

Version: 1.4.0
Check: installed package size
Result: NOTE
     installed size is 8.1Mb
     sub-directories of 1Mb or more:
     libs 7.2Mb
Flavors: r-devel-linux-x86_64-fedora-clang, r-release-macos-x86_64, r-oldrel-macos-x86_64