CRAN Package Check Results for Package readbulk

Last updated on 2023-12-08 17:51:16 CET.

Flavor Version Tinstall Tcheck Ttotal Status Flags
r-devel-linux-x86_64-debian-clang 1.1.3 2.07 20.16 22.23 NOTE
r-devel-linux-x86_64-debian-gcc 1.1.3 1.61 16.33 17.94 NOTE
r-devel-linux-x86_64-fedora-clang 1.1.3 29.49 NOTE
r-devel-linux-x86_64-fedora-gcc 1.1.3 27.38 NOTE
r-devel-windows-x86_64 1.1.3 2.00 39.00 41.00 NOTE
r-patched-linux-x86_64 1.1.3 2.11 21.17 23.28 NOTE
r-release-linux-x86_64 1.1.3 2.18 20.20 22.38 NOTE
r-release-macos-arm64 1.1.3 17.00 NOTE
r-release-macos-x86_64 1.1.3 19.00 NOTE
r-release-windows-x86_64 1.1.3 3.00 77.00 80.00 NOTE
r-oldrel-macos-arm64 1.1.3 14.00 NOTE
r-oldrel-macos-x86_64 1.1.3 21.00 NOTE
r-oldrel-windows-x86_64 1.1.3 3.00 41.00 44.00 NOTE

Check Details

Version: 1.1.3
Check: LazyData
Result: NOTE 'LazyData' is specified without a 'data' directory Flavors: r-devel-linux-x86_64-debian-clang, r-devel-linux-x86_64-debian-gcc, r-devel-linux-x86_64-fedora-clang, r-devel-linux-x86_64-fedora-gcc, r-devel-windows-x86_64, r-patched-linux-x86_64, r-release-linux-x86_64, r-release-macos-arm64, r-release-macos-x86_64, r-release-windows-x86_64, r-oldrel-macos-arm64, r-oldrel-macos-x86_64, r-oldrel-windows-x86_64