CRAN Package Check Results for Package readOffice

Last updated on 2020-07-14 22:48:20 CEST.

Flavor Version Tinstall Tcheck Ttotal Status Flags
r-devel-linux-x86_64-debian-clang 0.2.2 2.18 18.47 20.65 OK
r-devel-linux-x86_64-debian-gcc 0.2.2 1.69 15.08 16.77 OK
r-devel-linux-x86_64-fedora-clang 0.2.2 33.95 OK
r-devel-linux-x86_64-fedora-gcc 0.2.2 24.75 OK
r-devel-windows-ix86+x86_64 0.2.2 10.00 32.00 42.00 OK
r-patched-linux-x86_64 0.2.2 1.92 18.49 20.41 OK
r-patched-solaris-x86 0.2.2 39.70 OK
r-release-linux-x86_64 0.2.2 2.18 18.89 21.07 OK
r-release-macos-x86_64 0.2.2 FAIL
r-release-windows-ix86+x86_64 0.2.2 7.00 32.00 39.00 OK
r-oldrel-macos-x86_64 0.2.2 OK
r-oldrel-windows-ix86+x86_64 0.2.2 5.00 39.00 44.00 OK

Check Details

Version: 0.2.2
Check: DESCRIPTION meta-information
Result: FAIL
Flavor: r-release-macos-x86_64