CRAN Package Check Results for Package readMzXmlData

Last updated on 2021-03-09 02:49:05 CET.

Flavor Version Tinstall Tcheck Ttotal Status Flags
r-devel-linux-x86_64-debian-clang 2.8.1 3.13 31.69 34.82 OK
r-devel-linux-x86_64-debian-gcc 2.8.1 2.62 24.65 27.27 OK
r-devel-linux-x86_64-fedora-clang 2.8.1 52.47 NOTE
r-devel-linux-x86_64-fedora-gcc 2.8.1 41.88 OK
r-devel-windows-ix86+x86_64 2.8.1 7.00 41.00 48.00 OK
r-devel-windows-x86_64-gcc10-UCRT 2.8.1 OK
r-patched-linux-x86_64 2.8.1 3.14 29.89 33.03 OK
r-patched-solaris-x86 2.8.1 63.90 OK
r-release-linux-x86_64 2.8.1 3.15 30.33 33.48 OK
r-release-macos-x86_64 2.8.1 OK
r-release-windows-ix86+x86_64 2.8.1 6.00 47.00 53.00 OK
r-oldrel-macos-x86_64 2.8.1 OK
r-oldrel-windows-ix86+x86_64 2.8.1 6.00 36.00 42.00 OK

Check Details

Version: 2.8.1
Check: Rd cross-references
Result: NOTE
    Undeclared package ‘MALDIquantForeign’ in Rd xrefs
Flavor: r-devel-linux-x86_64-fedora-clang