Last updated on 2023-06-06 17:00:54 CEST.
Flavor | Version | Tinstall | Tcheck | Ttotal | Status | Flags |
---|---|---|---|---|---|---|
r-devel-linux-x86_64-debian-clang | 0.4.4 | 3.12 | 37.40 | 40.52 | NOTE | |
r-devel-linux-x86_64-debian-gcc | 0.4.4 | 2.18 | 29.49 | 31.67 | NOTE | |
r-devel-linux-x86_64-fedora-clang | 0.4.4 | 52.70 | NOTE | |||
r-devel-linux-x86_64-fedora-gcc | 0.4.4 | 62.78 | NOTE | |||
r-devel-windows-x86_64 | 0.4.4 | 4.00 | 59.00 | 63.00 | NOTE | |
r-patched-linux-x86_64 | 0.4.4 | 3.07 | 36.00 | 39.07 | NOTE | |
r-release-linux-x86_64 | 0.4.4 | 3.00 | 36.40 | 39.40 | NOTE | |
r-release-macos-arm64 | 0.4.4 | 32.00 | NOTE | |||
r-release-macos-x86_64 | 0.4.4 | 43.00 | NOTE | |||
r-release-windows-x86_64 | 0.4.4 | 6.00 | 60.00 | 66.00 | NOTE | |
r-oldrel-macos-arm64 | 0.4.4 | 27.00 | NOTE | |||
r-oldrel-macos-x86_64 | 0.4.4 | 29.00 | NOTE | |||
r-oldrel-windows-x86_64 | 0.4.4 | 5.00 | 59.00 | 64.00 | NOTE |
Version: 0.4.4
Check: LazyData
Result: NOTE
'LazyData' is specified without a 'data' directory
Flavors: r-devel-linux-x86_64-debian-clang, r-devel-linux-x86_64-debian-gcc, r-devel-linux-x86_64-fedora-clang, r-devel-linux-x86_64-fedora-gcc, r-devel-windows-x86_64, r-patched-linux-x86_64, r-release-linux-x86_64, r-release-macos-arm64, r-release-macos-x86_64, r-release-windows-x86_64, r-oldrel-macos-arm64, r-oldrel-macos-x86_64, r-oldrel-windows-x86_64