CRAN Package Check Results for Package reactR

Last updated on 2020-10-27 17:52:52 CET.

Flavor Version Tinstall Tcheck Ttotal Status Flags
r-devel-linux-x86_64-debian-clang 0.4.3 2.43 29.61 32.04 OK
r-devel-linux-x86_64-debian-gcc 0.4.3 2.05 23.63 25.68 OK
r-devel-linux-x86_64-fedora-clang 0.4.3 48.24 OK
r-devel-linux-x86_64-fedora-gcc 0.4.3 40.29 OK
r-devel-windows-ix86+x86_64 0.4.3 6.00 42.00 48.00 OK
r-patched-linux-x86_64 0.4.3 NOTE
r-patched-solaris-x86 0.4.3 58.30 OK
r-release-linux-x86_64 0.4.3 2.49 28.75 31.24 NOTE
r-release-macos-x86_64 0.4.3 OK
r-release-windows-ix86+x86_64 0.4.3 5.00 39.00 44.00 OK
r-oldrel-macos-x86_64 0.4.3 OK
r-oldrel-windows-ix86+x86_64 0.4.3 12.00 46.00 58.00 OK

Check Details

Version: 0.4.3
Check: package dependencies
Result: NOTE
    Package suggested but not available for checking: ‘V8’
Flavors: r-patched-linux-x86_64, r-release-linux-x86_64