Last updated on 2025-01-23 20:48:38 CET.
Flavor | Version | Tinstall | Tcheck | Ttotal | Status | Flags |
---|---|---|---|---|---|---|
r-devel-linux-x86_64-debian-clang | 1.8.0 | 14.39 | 104.75 | 119.14 | NOTE | |
r-devel-linux-x86_64-debian-gcc | 1.8.0 | 10.01 | 74.87 | 84.88 | NOTE | |
r-devel-linux-x86_64-fedora-clang | 1.8.0 | 195.71 | OK | |||
r-devel-linux-x86_64-fedora-gcc | 1.8.0 | 184.30 | OK | |||
r-devel-windows-x86_64 | 1.8.0 | 14.00 | 123.00 | 137.00 | NOTE | |
r-patched-linux-x86_64 | 1.8.0 | 16.10 | 103.07 | 119.17 | OK | |
r-release-linux-x86_64 | 1.8.0 | 13.16 | 101.95 | 115.11 | OK | |
r-release-macos-arm64 | 1.8.0 | 68.00 | NOTE | |||
r-release-macos-x86_64 | 1.8.0 | 89.00 | NOTE | |||
r-release-windows-x86_64 | 1.8.0 | 15.00 | 121.00 | 136.00 | NOTE | |
r-oldrel-macos-arm64 | 1.8.0 | 76.00 | NOTE | |||
r-oldrel-macos-x86_64 | 1.8.0 | 199.00 | NOTE | |||
r-oldrel-windows-x86_64 | 1.8.0 | 16.00 | 144.00 | 160.00 | NOTE |
Version: 1.8.0
Check: Rd cross-references
Result: NOTE
Found the following Rd file(s) with Rd \link{} targets missing package
anchors:
dataDWD.Rd: newFilename
Please provide package anchors for all Rd \link{} targets not in the
package itself and the base packages.
Flavors: r-devel-linux-x86_64-debian-clang, r-devel-linux-x86_64-debian-gcc, r-devel-windows-x86_64
Version: 1.8.0
Check: installed package size
Result: NOTE
installed size is 7.2Mb
sub-directories of 1Mb or more:
R 4.6Mb
data 1.5Mb
Flavors: r-release-macos-arm64, r-release-macos-x86_64, r-release-windows-x86_64, r-oldrel-macos-arm64, r-oldrel-macos-x86_64, r-oldrel-windows-x86_64