CRAN Package Check Results for Package rdwd

Last updated on 2022-09-27 14:53:38 CEST.

Flavor Version Tinstall Tcheck Ttotal Status Flags
r-devel-linux-x86_64-debian-clang 1.6.0 12.69 113.02 125.71 OK
r-devel-linux-x86_64-debian-gcc 1.6.0 11.83 89.55 101.38 OK
r-devel-linux-x86_64-fedora-clang 1.6.0 173.97 NOTE
r-devel-linux-x86_64-fedora-gcc 1.6.0 164.44 OK
r-devel-windows-x86_64 1.6.0 33.00 160.00 193.00 NOTE
r-patched-linux-x86_64 1.6.0 16.29 108.04 124.33 OK
r-release-linux-x86_64 1.6.0 12.94 110.32 123.26 OK
r-release-macos-arm64 1.6.0 56.00 NOTE
r-release-macos-x86_64 1.6.0 77.00 NOTE
r-release-windows-x86_64 1.6.0 37.00 150.00 187.00 NOTE
r-oldrel-macos-arm64 1.6.0 55.00 NOTE
r-oldrel-macos-x86_64 1.6.0 79.00 NOTE
r-oldrel-windows-ix86+x86_64 1.6.0 28.00 143.00 171.00 NOTE

Check Details

Version: 1.6.0
Check: installed package size
Result: NOTE
     installed size is 5.4Mb
     sub-directories of 1Mb or more:
     R 3.5Mb
     data 1.4Mb
Flavors: r-devel-linux-x86_64-fedora-clang, r-devel-windows-x86_64, r-release-macos-arm64, r-release-macos-x86_64, r-release-windows-x86_64, r-oldrel-macos-arm64, r-oldrel-macos-x86_64, r-oldrel-windows-ix86+x86_64