CRAN Package Check Results for Package rdtLite

Last updated on 2020-06-03 08:50:12 CEST.

Flavor Version Tinstall Tcheck Ttotal Status Flags
r-devel-linux-x86_64-debian-clang 1.2.1 7.30 45.36 52.66 OK
r-devel-linux-x86_64-debian-gcc 1.2.1 5.14 34.78 39.92 OK
r-devel-linux-x86_64-fedora-clang 1.2.1 71.16 NOTE
r-devel-linux-x86_64-fedora-gcc 1.2.1 61.25 NOTE
r-devel-windows-ix86+x86_64 1.2.1 18.00 81.00 99.00 OK
r-patched-linux-x86_64 1.2.1 8.05 45.69 53.74 OK
r-patched-solaris-x86 1.2.1 87.20 NOTE
r-release-linux-x86_64 1.2.1 5.19 45.03 50.22 OK
r-release-osx-x86_64 1.2.1 NOTE
r-release-windows-ix86+x86_64 1.2.1 10.00 58.00 68.00 OK
r-oldrel-osx-x86_64 1.2.1 NOTE
r-oldrel-windows-ix86+x86_64 1.2.1 11.00 58.00 69.00 OK

Check Details

Version: 1.2.1
Check: dependencies in R code
Result: NOTE
    Namespace in Imports field not imported from: ‘gtools’
     All declared Imports should be used.
Flavors: r-devel-linux-x86_64-fedora-clang, r-devel-linux-x86_64-fedora-gcc, r-patched-solaris-x86, r-release-osx-x86_64, r-oldrel-osx-x86_64