CRAN Package Check Results for Package rdrop2

Last updated on 2021-06-17 20:52:06 CEST.

Flavor Version Tinstall Tcheck Ttotal Status Flags
r-devel-linux-x86_64-debian-clang 0.8.2.1 2.72 29.65 32.37 NOTE
r-devel-linux-x86_64-debian-gcc 0.8.2.1 2.26 22.81 25.07 NOTE
r-devel-linux-x86_64-fedora-clang 0.8.2.1 47.53 NOTE
r-devel-linux-x86_64-fedora-gcc 0.8.2.1 37.25 NOTE
r-devel-windows-x86_64 0.8.2.1 5.00 45.00 50.00 NOTE
r-devel-windows-x86_64-gcc10-UCRT 0.8.2.1 NOTE
r-patched-linux-x86_64 0.8.2.1 2.85 28.45 31.30 NOTE
r-patched-solaris-x86 0.8.2.1 56.90 NOTE
r-release-linux-x86_64 0.8.2.1 2.86 28.24 31.10 NOTE
r-release-macos-arm64 0.8.2.1 NOTE
r-release-macos-x86_64 0.8.2.1 NOTE
r-release-windows-ix86+x86_64 0.8.2.1 6.00 47.00 53.00 NOTE
r-oldrel-macos-x86_64 0.8.2.1 OK
r-oldrel-windows-ix86+x86_64 0.8.2.1 6.00 44.00 50.00 OK

Check Details

Version: 0.8.2.1
Check: LazyData
Result: NOTE
     'LazyData' is specified without a 'data' directory
Flavors: r-devel-linux-x86_64-debian-clang, r-devel-linux-x86_64-debian-gcc, r-devel-linux-x86_64-fedora-clang, r-devel-linux-x86_64-fedora-gcc, r-devel-windows-x86_64, r-devel-windows-x86_64-gcc10-UCRT, r-patched-linux-x86_64, r-patched-solaris-x86, r-release-linux-x86_64, r-release-macos-arm64, r-release-macos-x86_64, r-release-windows-ix86+x86_64