CRAN Package Check Results for Package rdist

Last updated on 2021-06-17 22:55:06 CEST.

Flavor Version Tinstall Tcheck Ttotal Status Flags
r-devel-linux-x86_64-debian-clang 0.0.5 145.21 33.14 178.35 NOTE
r-devel-linux-x86_64-debian-gcc 0.0.5 97.47 24.68 122.15 NOTE
r-devel-linux-x86_64-fedora-clang 0.0.5 273.42 NOTE
r-devel-linux-x86_64-fedora-gcc 0.0.5 234.21 NOTE
r-devel-windows-x86_64 0.0.5 185.00 49.00 234.00 NOTE
r-devel-windows-x86_64-gcc10-UCRT 0.0.5 NOTE
r-patched-linux-x86_64 0.0.5 126.03 30.91 156.94 NOTE
r-patched-solaris-x86 0.0.5 217.70 NOTE
r-release-linux-x86_64 0.0.5 121.84 30.57 152.41 NOTE
r-release-macos-arm64 0.0.5 NOTE
r-release-macos-x86_64 0.0.5 NOTE
r-release-windows-ix86+x86_64 0.0.5 354.00 84.00 438.00 NOTE
r-oldrel-macos-x86_64 0.0.5 OK
r-oldrel-windows-ix86+x86_64 0.0.5 247.00 79.00 326.00 OK

Check Details

Version: 0.0.5
Check: LazyData
Result: NOTE
     'LazyData' is specified without a 'data' directory
Flavors: r-devel-linux-x86_64-debian-clang, r-devel-linux-x86_64-debian-gcc, r-devel-linux-x86_64-fedora-clang, r-devel-linux-x86_64-fedora-gcc, r-devel-windows-x86_64, r-devel-windows-x86_64-gcc10-UCRT, r-patched-linux-x86_64, r-patched-solaris-x86, r-release-linux-x86_64, r-release-macos-arm64, r-release-macos-x86_64, r-release-windows-ix86+x86_64