CRAN Package Check Results for Package rdian

Last updated on 2021-06-23 01:49:44 CEST.

Flavor Version Tinstall Tcheck Ttotal Status Flags
r-devel-linux-x86_64-debian-clang 0.1.1 2.13 22.59 24.72 OK
r-devel-linux-x86_64-debian-gcc 0.1.1 1.57 17.94 19.51 OK
r-devel-linux-x86_64-fedora-clang 0.1.1 39.71 OK
r-devel-linux-x86_64-fedora-gcc 0.1.1 28.92 OK
r-devel-windows-x86_64 0.1.1 3.00 33.00 36.00 OK
r-devel-windows-x86_64-gcc10-UCRT 0.1.1 ERROR
r-patched-linux-x86_64 0.1.1 1.97 21.96 23.93 OK
r-patched-solaris-x86 0.1.1 46.80 OK
r-release-linux-x86_64 0.1.1 2.00 21.81 23.81 OK
r-release-macos-arm64 0.1.1 OK
r-release-macos-x86_64 0.1.1 OK
r-release-windows-ix86+x86_64 0.1.1 4.00 28.00 32.00 OK
r-oldrel-macos-x86_64 0.1.1 OK

Check Details

Version: 0.1.1
Check: package dependencies
Result: ERROR
    Packages required but not available: 'httr', 'curl'
    
    See section 'The DESCRIPTION file' in the 'Writing R Extensions'
    manual.
Flavor: r-devel-windows-x86_64-gcc10-UCRT