CRAN Package Check Results for Package rdhs

Last updated on 2019-02-19 20:47:49 CET.

Flavor Version Tinstall Tcheck Ttotal Status Flags
r-devel-linux-x86_64-debian-clang 0.6.1 5.50 57.00 62.50 OK
r-devel-linux-x86_64-debian-gcc 0.6.1 3.56 44.79 48.35 OK
r-devel-linux-x86_64-fedora-clang 0.6.1 75.11 OK
r-devel-linux-x86_64-fedora-gcc 0.6.1 69.94 OK
r-devel-windows-ix86+x86_64 0.6.1 17.00 101.00 118.00 ERROR
r-patched-linux-x86_64 0.6.1 4.28 50.37 54.65 OK
r-patched-solaris-x86 0.6.1 96.80 OK
r-release-linux-x86_64 0.6.1 5.46 49.34 54.80 OK
r-release-windows-ix86+x86_64 0.6.1 8.00 100.00 108.00 ERROR
r-release-osx-x86_64 0.6.1 OK
r-oldrel-windows-ix86+x86_64 0.6.1 6.00 90.00 96.00 ERROR
r-oldrel-osx-x86_64 0.6.1 OK

Check Details

Version: 0.6.1
Check: tests
Result: ERROR
     Running 'testthat.R' [15s]
    Running the tests in 'tests/testthat.R' failed.
    Complete output:
     > library(testthat)
     > library(rdhs)
     >
     > Sys.setenv("rdhs_RENVIRON_PERMISSION" = 1)
     > test_check("rdhs")
     -- 1. Error: update_rdhs_config (@test_miscellaneous.R#97) --------------------
     cannot open the connection
     1: dhs_data_updates() at testthat/test_miscellaneous.R:97
     2: handle_api_request(endpoint, query, all_results, client, force)
     3: check_for_client()
     4: rdhs_setup()
     5: client_dhs(config = config, root = config$cache_path)
     6: R6_client_dhs$new(config, api_key, root)
     7: .subset2(public_bind_env, "initialize")(...)
     8: saveRDS(self, file.path(root, client_file_name()))
     9: gzfile(file, mode)
    
     trying URL 'https://dhsprogram.com/customcf/legacy/data/sample_download_dataset.cfm?Filename=ZZMR61FL.ZIP&Tp=1&Ctry_Code=zz&survey_id=0&doctype=dhs'
     Content type 'application/x-zip-compressed' length 597481 bytes (583 KB)
     ==================================================
     downloaded 583 KB
    
     adding: temp/Rtmpw735iu/file244b413f87acd/ZZMR61FL.DAT (deflated 85%)
     trying URL 'https://dhsprogram.com/customcf/legacy/data/sample_download_dataset.cfm?Filename=ZZAR61FL.ZIP&Tp=4&Ctry_Code=zz&survey_id=0&doctype=hiv'
     Content type 'application/x-zip-compressed' length 81939 bytes (80 KB)
     ==================================================
     downloaded 80 KB
    
     == testthat results ===========================================================
     OK: 31 SKIPPED: 42 FAILED: 1
     1. Error: update_rdhs_config (@test_miscellaneous.R#97)
    
     Error: testthat unit tests failed
     Execution halted
Flavor: r-devel-windows-ix86+x86_64

Version: 0.6.1
Check: tests
Result: ERROR
     Running 'testthat.R' [16s]
    Running the tests in 'tests/testthat.R' failed.
    Complete output:
     > library(testthat)
     > library(rdhs)
     >
     > Sys.setenv("rdhs_RENVIRON_PERMISSION" = 1)
     > test_check("rdhs")
     -- 1. Error: update_rdhs_config (@test_miscellaneous.R#97) --------------------
     cannot open the connection
     1: dhs_data_updates() at testthat/test_miscellaneous.R:97
     2: handle_api_request(endpoint, query, all_results, client, force)
     3: check_for_client()
     4: rdhs_setup()
     5: client_dhs(config = config, root = config$cache_path)
     6: R6_client_dhs$new(config, api_key, root)
     7: .subset2(public_bind_env, "initialize")(...)
     8: saveRDS(self, file.path(root, client_file_name()))
     9: gzfile(file, mode)
    
     trying URL 'https://dhsprogram.com/customcf/legacy/data/sample_download_dataset.cfm?Filename=ZZMR61FL.ZIP&Tp=1&Ctry_Code=zz&survey_id=0&doctype=dhs'
     Content type 'application/x-zip-compressed' length 597481 bytes (583 KB)
     ==================================================
     downloaded 583 KB
    
     adding: temp/Rtmpy0zObD/file18846e188e/ZZMR61FL.DAT (deflated 85%)
     trying URL 'https://dhsprogram.com/customcf/legacy/data/sample_download_dataset.cfm?Filename=ZZAR61FL.ZIP&Tp=4&Ctry_Code=zz&survey_id=0&doctype=hiv'
     Content type 'application/x-zip-compressed' length 81939 bytes (80 KB)
     ==================================================
     downloaded 80 KB
    
     == testthat results ===========================================================
     OK: 31 SKIPPED: 42 FAILED: 1
     1. Error: update_rdhs_config (@test_miscellaneous.R#97)
    
     Error: testthat unit tests failed
     Execution halted
Flavor: r-release-windows-ix86+x86_64

Version: 0.6.1
Check: tests
Result: ERROR
     Running 'testthat.R' [13s]
    Running the tests in 'tests/testthat.R' failed.
    Complete output:
     > library(testthat)
     > library(rdhs)
     >
     > Sys.setenv("rdhs_RENVIRON_PERMISSION" = 1)
     > test_check("rdhs")
     -- 1. Error: update_rdhs_config (@test_miscellaneous.R#97) --------------------
     cannot read workspace version 3 written by R 3.6.0; need R 3.5.0 or newer
     1: dhs_data_updates() at testthat/test_miscellaneous.R:97
     2: handle_api_request(endpoint, query, all_results, client, force)
     3: check_for_client()
     4: rdhs_setup()
     5: client_dhs(config = config, root = config$cache_path)
     6: client_cache_date(root = root)
     7: readRDS(file.path(cache_dir, client_file_name()))
    
     trying URL 'https://dhsprogram.com/customcf/legacy/data/sample_download_dataset.cfm?Filename=ZZMR61FL.ZIP&Tp=1&Ctry_Code=zz&survey_id=0&doctype=dhs'
     Content type 'application/x-zip-compressed' length 597481 bytes (583 KB)
     ==================================================
     downloaded 583 KB
    
     adding: temp/Rtmps5pY8V/file2aec168163d0/ZZMR61FL.DAT (deflated 85%)
     trying URL 'https://dhsprogram.com/customcf/legacy/data/sample_download_dataset.cfm?Filename=ZZAR61FL.ZIP&Tp=4&Ctry_Code=zz&survey_id=0&doctype=hiv'
     Content type 'application/x-zip-compressed' length 81939 bytes (80 KB)
     ==================================================
     downloaded 80 KB
    
     == testthat results ===========================================================
     OK: 30 SKIPPED: 42 FAILED: 1
     1. Error: update_rdhs_config (@test_miscellaneous.R#97)
    
     Error: testthat unit tests failed
     Execution halted
Flavor: r-oldrel-windows-ix86+x86_64