CRAN Package Check Results for Package rcrypt

Last updated on 2019-06-24 15:48:25 CEST.

Flavor Version Tinstall Tcheck Ttotal Status Flags
r-devel-linux-x86_64-debian-clang 0.1.1 1.58 21.93 23.51 OK
r-devel-linux-x86_64-debian-gcc 0.1.1 1.10 17.58 18.68 OK
r-devel-linux-x86_64-fedora-clang 0.1.1 36.84 OK
r-devel-linux-x86_64-fedora-gcc 0.1.1 35.30 OK
r-devel-windows-ix86+x86_64 0.1.1 9.00 88.00 97.00 OK
r-patched-linux-x86_64 0.1.1 1.64 22.16 23.80 OK
r-patched-solaris-x86 0.1.1 48.50 OK
r-release-linux-x86_64 0.1.1 1.64 22.07 23.71 OK
r-release-windows-ix86+x86_64 0.1.1 5.00 110.00 115.00 OK
r-release-osx-x86_64 0.1.1 ERROR
r-oldrel-windows-ix86+x86_64 0.1.1 2.00 90.00 92.00 OK
r-oldrel-osx-x86_64 0.1.1 ERROR

Check Details

Version: 0.1.1
Check: whether package can be installed
Result: ERROR
    Installation failed.
Flavors: r-release-osx-x86_64, r-oldrel-osx-x86_64