CRAN Package Check Results for Package rcrypt

Last updated on 2019-04-20 10:47:53 CEST.

Flavor Version Tinstall Tcheck Ttotal Status Flags
r-devel-linux-x86_64-debian-clang 0.1.1 1.55 22.19 23.74 OK
r-devel-linux-x86_64-debian-gcc 0.1.1 1.88 20.82 22.70 OK
r-devel-linux-x86_64-fedora-clang 0.1.1 35.55 OK
r-devel-linux-x86_64-fedora-gcc 0.1.1 34.90 OK
r-devel-windows-ix86+x86_64 0.1.1 7.00 111.00 118.00 OK
r-patched-linux-x86_64 0.1.1 1.70 22.29 23.99 OK
r-patched-solaris-x86 0.1.1 46.80 OK
r-release-linux-x86_64 0.1.1 0.90 20.90 21.80 OK
r-release-windows-ix86+x86_64 0.1.1 3.00 106.00 109.00 OK
r-release-osx-x86_64 0.1.1 ERROR
r-oldrel-windows-ix86+x86_64 0.1.1 3.00 109.00 112.00 OK
r-oldrel-osx-x86_64 0.1.1 ERROR

Check Details

Version: 0.1.1
Check: whether package can be installed
Result: ERROR
    Installation failed.
Flavors: r-release-osx-x86_64, r-oldrel-osx-x86_64