Last updated on 2023-03-21 10:52:23 CET.
Flavor | Version | Tinstall | Tcheck | Ttotal | Status | Flags |
---|---|---|---|---|---|---|
r-devel-linux-x86_64-debian-clang | 2.8 | 5.30 | 40.56 | 45.86 | OK | |
r-devel-linux-x86_64-debian-gcc | 2.8 | 4.81 | 31.22 | 36.03 | OK | |
r-devel-linux-x86_64-fedora-clang | 2.8 | 56.37 | NOTE | |||
r-devel-linux-x86_64-fedora-gcc | 2.8 | 55.47 | OK | |||
r-patched-linux-x86_64 | 2.8 | 6.38 | 39.04 | 45.42 | OK | |
r-release-linux-x86_64 | 2.8 | 5.16 | 39.06 | 44.22 | OK | |
r-release-macos-arm64 | 2.8 | 22.00 | NOTE | |||
r-release-macos-x86_64 | 2.8 | 30.00 | NOTE | |||
r-release-windows-x86_64 | 2.8 | 45.00 | 69.00 | 114.00 | NOTE | |
r-oldrel-macos-arm64 | 2.8 | 25.00 | NOTE | |||
r-oldrel-macos-x86_64 | 2.8 | 36.00 | NOTE | |||
r-oldrel-windows-ix86+x86_64 | 2.8 | 13.00 | 65.00 | 78.00 | NOTE |
Version: 2.8
Check: installed package size
Result: NOTE
installed size is 24.4Mb
sub-directories of 1Mb or more:
cont 24.3Mb
Flavors: r-devel-linux-x86_64-fedora-clang, r-release-macos-arm64, r-release-macos-x86_64, r-release-windows-x86_64, r-oldrel-macos-arm64, r-oldrel-macos-x86_64, r-oldrel-windows-ix86+x86_64