CRAN Package Check Results for Package rcanvec

Last updated on 2022-08-16 20:53:22 CEST.

Flavor Version Tinstall Tcheck Ttotal Status Flags
r-devel-linux-x86_64-debian-clang 0.2.1 3.14 39.01 42.15 NOTE
r-devel-linux-x86_64-debian-gcc 0.2.1 3.57 30.40 33.97 NOTE
r-devel-linux-x86_64-fedora-clang 0.2.1 63.00 NOTE
r-devel-linux-x86_64-fedora-gcc 0.2.1 61.25 NOTE
r-devel-windows-x86_64 0.2.1 23.00 61.00 84.00 OK
r-patched-linux-x86_64 0.2.1 3.72 37.52 41.24 NOTE
r-release-linux-x86_64 0.2.1 4.09 37.27 41.36 NOTE
r-release-macos-arm64 0.2.1 20.00 OK
r-release-macos-x86_64 0.2.1 27.00 OK
r-release-windows-x86_64 0.2.1 13.00 65.00 78.00 OK
r-oldrel-macos-arm64 0.2.1 26.00 OK
r-oldrel-macos-x86_64 0.2.1 34.00 OK
r-oldrel-windows-ix86+x86_64 0.2.1 9.00 63.00 72.00 OK

Check Details

Version: 0.2.1
Check: for non-standard things in the check directory
Result: NOTE
    Found the following files/directories:
     'rcanvec.cache'
Flavors: r-devel-linux-x86_64-debian-clang, r-devel-linux-x86_64-debian-gcc, r-devel-linux-x86_64-fedora-clang, r-devel-linux-x86_64-fedora-gcc, r-patched-linux-x86_64, r-release-linux-x86_64