Last updated on 2023-03-28 01:53:15 CEST.
Flavor | Version | Tinstall | Tcheck | Ttotal | Status | Flags |
---|---|---|---|---|---|---|
r-devel-linux-x86_64-debian-clang | 0.1.0 | 45.49 | 30.02 | 75.51 | NOTE | |
r-devel-linux-x86_64-debian-gcc | 0.1.0 | 33.37 | 23.56 | 56.93 | NOTE | |
r-devel-linux-x86_64-fedora-clang | 0.1.0 | 119.72 | NOTE | |||
r-devel-linux-x86_64-fedora-gcc | 0.1.0 | 93.49 | NOTE | |||
r-patched-linux-x86_64 | 0.1.0 | 34.63 | 28.89 | 63.52 | NOTE | |
r-release-linux-x86_64 | 0.1.0 | 35.34 | 30.61 | 65.95 | OK | |
r-release-macos-arm64 | 0.1.0 | 30.00 | OK | |||
r-release-macos-x86_64 | 0.1.0 | 43.00 | OK | |||
r-release-windows-x86_64 | 0.1.0 | 89.00 | 81.00 | 170.00 | OK | |
r-oldrel-macos-arm64 | 0.1.0 | 35.00 | OK | |||
r-oldrel-macos-x86_64 | 0.1.0 | 47.00 | OK | |||
r-oldrel-windows-ix86+x86_64 | 0.1.0 | 112.00 | 86.00 | 198.00 | OK |
Version: 0.1.0
Check: C++ specification
Result: NOTE
Specified C++11: please drop specification unless essential
Flavors: r-devel-linux-x86_64-debian-clang, r-devel-linux-x86_64-debian-gcc, r-devel-linux-x86_64-fedora-clang, r-devel-linux-x86_64-fedora-gcc, r-patched-linux-x86_64