CRAN Package Check Results for Package rbridge

Last updated on 2020-08-03 20:47:05 CEST.

Flavor Version Tinstall Tcheck Ttotal Status Flags
r-devel-linux-x86_64-debian-clang 1.0.2 44.62 66.71 111.33 OK
r-devel-linux-x86_64-debian-gcc 1.0.2 33.30 51.55 84.85 OK
r-devel-linux-x86_64-fedora-clang 1.0.2 149.98 NOTE
r-devel-linux-x86_64-fedora-gcc 1.0.2 136.09 NOTE
r-devel-windows-ix86+x86_64 1.0.2 111.00 108.00 219.00 OK
r-patched-linux-x86_64 1.0.2 37.99 64.12 102.11 OK
r-patched-solaris-x86 1.0.2 170.20 NOTE
r-release-linux-x86_64 1.0.2 37.58 64.16 101.74 OK
r-release-macos-x86_64 1.0.2 NOTE
r-release-windows-ix86+x86_64 1.0.2 118.00 125.00 243.00 OK
r-oldrel-macos-x86_64 1.0.2 NOTE
r-oldrel-windows-ix86+x86_64 1.0.2 73.00 94.00 167.00 OK

Check Details

Version: 1.0.2
Check: dependencies in R code
Result: NOTE
    Namespace in Imports field not imported from: ‘dplyr’
     All declared Imports should be used.
Flavors: r-devel-linux-x86_64-fedora-clang, r-devel-linux-x86_64-fedora-gcc, r-patched-solaris-x86, r-release-macos-x86_64, r-oldrel-macos-x86_64