CRAN Package Check Results for Package rbridge

Last updated on 2024-06-13 07:50:41 CEST.

Flavor Version Tinstall Tcheck Ttotal Status Flags
r-devel-linux-x86_64-debian-clang 1.0.2 36.95 75.71 112.66 NOTE
r-devel-linux-x86_64-debian-gcc 1.0.2 0.35 1.71 2.06 ERROR
r-devel-linux-x86_64-fedora-clang 1.0.2 158.78 NOTE
r-devel-linux-x86_64-fedora-gcc 1.0.2 162.93 NOTE
r-devel-windows-x86_64 1.0.2 38.00 93.00 131.00 NOTE
r-patched-linux-x86_64 1.0.2 41.71 72.72 114.43 NOTE
r-release-linux-x86_64 1.0.2 42.27 72.61 114.88 NOTE
r-release-macos-arm64 1.0.2 41.00 NOTE
r-release-macos-x86_64 1.0.2 70.00 NOTE
r-release-windows-x86_64 1.0.2 40.00 94.00 134.00 NOTE
r-oldrel-macos-arm64 1.0.2 49.00 NOTE
r-oldrel-macos-x86_64 1.0.2 78.00 NOTE
r-oldrel-windows-x86_64 1.0.2 45.00 111.00 156.00 NOTE

Check Details

Version: 1.0.2
Check: C++ specification
Result: NOTE Specified C++11: please drop specification unless essential Flavors: r-devel-linux-x86_64-debian-clang, r-devel-linux-x86_64-fedora-clang, r-devel-linux-x86_64-fedora-gcc, r-devel-windows-x86_64, r-patched-linux-x86_64, r-release-linux-x86_64, r-release-macos-arm64, r-release-macos-x86_64, r-release-windows-x86_64, r-oldrel-macos-arm64, r-oldrel-macos-x86_64, r-oldrel-windows-x86_64

Version: 1.0.2
Check: package dependencies
Result: ERROR Package required but not available: ‘dplyr’ Package suggested but not available for checking: ‘testthat’ See section ‘The DESCRIPTION file’ in the ‘Writing R Extensions’ manual. Flavor: r-devel-linux-x86_64-debian-gcc

Version: 1.0.2
Check: dependencies in R code
Result: NOTE Namespace in Imports field not imported from: ‘dplyr’ All declared Imports should be used. Flavors: r-devel-linux-x86_64-fedora-clang, r-devel-linux-x86_64-fedora-gcc