CRAN Package Check Results for Package rbioapi

Last updated on 2022-12-07 02:51:54 CET.

Flavor Version Tinstall Tcheck Ttotal Status Flags
r-devel-linux-x86_64-debian-clang 0.7.7 10.61 101.83 112.44 OK
r-devel-linux-x86_64-debian-gcc 0.7.7 6.38 78.36 84.74 OK
r-devel-linux-x86_64-fedora-clang 0.7.7 149.91 OK
r-devel-linux-x86_64-fedora-gcc 0.7.7 153.49 OK
r-devel-windows-x86_64 0.7.7 107.00 282.00 389.00 OK
r-patched-linux-x86_64 0.7.7 12.69 90.84 103.53 OK
r-release-linux-x86_64 0.7.7 8.57 80.13 88.70 OK
r-release-macos-arm64 0.7.7 197.00 OK
r-release-macos-x86_64 0.7.7 1485.00 OK
r-release-windows-x86_64 0.7.7 95.00 248.00 343.00 OK
r-oldrel-macos-arm64 0.7.7 194.00 OK
r-oldrel-macos-x86_64 0.7.7 213.00 OK
r-oldrel-windows-ix86+x86_64 0.7.7 15.00 112.00 127.00 WARN

Check Details

Version: 0.7.7
Check: re-building of vignette outputs
Result: WARN
    Error(s) in re-building vignettes:
    --- re-building 'rbioapi.Rmd' using rmarkdown
    Error: processing vignette 'rbioapi.Rmd' failed with diagnostics:
    Using anchor_sections requires Pandoc 2.0+
    --- failed re-building 'rbioapi.Rmd'
    
    --- re-building 'rbioapi_do_enrich.Rmd' using rmarkdown
    Error: processing vignette 'rbioapi_do_enrich.Rmd' failed with diagnostics:
    Using anchor_sections requires Pandoc 2.0+
    --- failed re-building 'rbioapi_do_enrich.Rmd'
    
    --- re-building 'rbioapi_enrichr.Rmd' using rmarkdown
    Error: processing vignette 'rbioapi_enrichr.Rmd' failed with diagnostics:
    Using anchor_sections requires Pandoc 2.0+
    --- failed re-building 'rbioapi_enrichr.Rmd'
    
    --- re-building 'rbioapi_jaspar.Rmd' using rmarkdown
    Error: processing vignette 'rbioapi_jaspar.Rmd' failed with diagnostics:
    Using anchor_sections requires Pandoc 2.0+
    --- failed re-building 'rbioapi_jaspar.Rmd'
    
    --- re-building 'rbioapi_mieaa.Rmd' using rmarkdown
    Error: processing vignette 'rbioapi_mieaa.Rmd' failed with diagnostics:
    Using anchor_sections requires Pandoc 2.0+
    --- failed re-building 'rbioapi_mieaa.Rmd'
    
    --- re-building 'rbioapi_panther.Rmd' using rmarkdown
    Error: processing vignette 'rbioapi_panther.Rmd' failed with diagnostics:
    Using anchor_sections requires Pandoc 2.0+
    --- failed re-building 'rbioapi_panther.Rmd'
    
    --- re-building 'rbioapi_reactome.Rmd' using rmarkdown
    Error: processing vignette 'rbioapi_reactome.Rmd' failed with diagnostics:
    Using anchor_sections requires Pandoc 2.0+
    --- failed re-building 'rbioapi_reactome.Rmd'
    
    --- re-building 'rbioapi_string.Rmd' using rmarkdown
    Error: processing vignette 'rbioapi_string.Rmd' failed with diagnostics:
    Using anchor_sections requires Pandoc 2.0+
    --- failed re-building 'rbioapi_string.Rmd'
    
    --- re-building 'rbioapi_uniprot.Rmd' using rmarkdown
    Error: processing vignette 'rbioapi_uniprot.Rmd' failed with diagnostics:
    Using anchor_sections requires Pandoc 2.0+
    --- failed re-building 'rbioapi_uniprot.Rmd'
    
    SUMMARY: processing the following files failed:
     'rbioapi.Rmd' 'rbioapi_do_enrich.Rmd' 'rbioapi_enrichr.Rmd'
     'rbioapi_jaspar.Rmd' 'rbioapi_mieaa.Rmd' 'rbioapi_panther.Rmd'
     'rbioapi_reactome.Rmd' 'rbioapi_string.Rmd' 'rbioapi_uniprot.Rmd'
    
    Error: Vignette re-building failed.
    Execution halted
Flavor: r-oldrel-windows-ix86+x86_64