CRAN Package Check Results for Package rbin

Last updated on 2019-08-24 07:47:30 CEST.

Flavor Version Tinstall Tcheck Ttotal Status Flags
r-devel-linux-x86_64-debian-clang 0.1.1 3.31 47.14 50.45 OK
r-devel-linux-x86_64-debian-gcc 0.1.1 2.86 38.60 41.46 OK
r-devel-linux-x86_64-fedora-clang 0.1.1 59.79 NOTE
r-devel-linux-x86_64-fedora-gcc 0.1.1 60.24 NOTE
r-devel-windows-ix86+x86_64 0.1.1 9.00 60.00 69.00 OK
r-patched-linux-x86_64 0.1.1 3.20 46.41 49.61 OK
r-patched-solaris-x86 0.1.1 94.80 NOTE
r-release-linux-x86_64 0.1.1 3.43 46.35 49.78 OK
r-release-windows-ix86+x86_64 0.1.1 11.00 82.00 93.00 OK
r-release-osx-x86_64 0.1.1 NOTE
r-oldrel-windows-ix86+x86_64 0.1.1 6.00 83.00 89.00 OK
r-oldrel-osx-x86_64 0.1.1 NOTE

Check Details

Version: 0.1.1
Check: dependencies in R code
Result: NOTE
    Namespace in Imports field not imported from: ‘utils’
     All declared Imports should be used.
Flavors: r-devel-linux-x86_64-fedora-clang, r-devel-linux-x86_64-fedora-gcc, r-patched-solaris-x86, r-release-osx-x86_64, r-oldrel-osx-x86_64