CRAN Package Check Results for Package rbin

Last updated on 2019-02-19 01:48:04 CET.

Flavor Version Tinstall Tcheck Ttotal Status Flags
r-devel-linux-x86_64-debian-clang 0.1.1 2.66 49.73 52.39 OK
r-devel-linux-x86_64-debian-gcc 0.1.1 2.40 38.82 41.22 OK
r-devel-linux-x86_64-fedora-clang 0.1.1 64.33 NOTE
r-devel-linux-x86_64-fedora-gcc 0.1.1 58.64 NOTE
r-devel-windows-ix86+x86_64 0.1.1 6.00 60.00 66.00 OK
r-patched-linux-x86_64 0.1.1 2.19 46.81 49.00 OK
r-patched-solaris-x86 0.1.1 90.40 NOTE
r-release-linux-x86_64 0.1.1 2.28 46.84 49.12 OK
r-release-windows-ix86+x86_64 0.1.1 5.00 89.00 94.00 OK
r-release-osx-x86_64 0.1.1 NOTE
r-oldrel-windows-ix86+x86_64 0.1.1 5.00 77.00 82.00 OK
r-oldrel-osx-x86_64 0.1.1 NOTE

Check Details

Version: 0.1.1
Check: dependencies in R code
Result: NOTE
    Namespace in Imports field not imported from: ‘utils’
     All declared Imports should be used.
Flavors: r-devel-linux-x86_64-fedora-clang, r-devel-linux-x86_64-fedora-gcc, r-patched-solaris-x86, r-release-osx-x86_64, r-oldrel-osx-x86_64