CRAN Package Check Results for Package rbin

Last updated on 2019-04-25 19:48:42 CEST.

Flavor Version Tinstall Tcheck Ttotal Status Flags
r-devel-linux-x86_64-debian-clang 0.1.1 2.80 48.57 51.37 OK
r-devel-linux-x86_64-debian-gcc 0.1.1 2.43 38.37 40.80 OK
r-devel-linux-x86_64-fedora-clang 0.1.1 62.84 NOTE
r-devel-linux-x86_64-fedora-gcc 0.1.1 57.38 NOTE
r-devel-windows-ix86+x86_64 0.1.1 8.00 85.00 93.00 OK
r-patched-linux-x86_64 0.1.1 2.77 47.33 50.10 OK
r-patched-solaris-x86 0.1.1 90.30 NOTE
r-release-linux-x86_64 0.1.1 1.60 46.45 48.05 OK
r-release-windows-ix86+x86_64 0.1.1 4.00 88.00 92.00 OK
r-release-osx-x86_64 0.1.1 NOTE
r-oldrel-windows-ix86+x86_64 0.1.1 4.00 64.00 68.00 OK
r-oldrel-osx-x86_64 0.1.1 NOTE

Check Details

Version: 0.1.1
Check: dependencies in R code
Result: NOTE
    Namespace in Imports field not imported from: ‘utils’
     All declared Imports should be used.
Flavors: r-devel-linux-x86_64-fedora-clang, r-devel-linux-x86_64-fedora-gcc, r-patched-solaris-x86, r-release-osx-x86_64, r-oldrel-osx-x86_64