CRAN Package Check Results for Package rbin

Last updated on 2019-11-21 18:48:26 CET.

Flavor Version Tinstall Tcheck Ttotal Status Flags
r-devel-linux-x86_64-debian-clang 0.1.1 3.79 49.48 53.27 OK
r-devel-linux-x86_64-debian-gcc 0.1.1 2.65 39.68 42.33 OK
r-devel-linux-x86_64-fedora-clang 0.1.1 63.49 NOTE
r-devel-linux-x86_64-fedora-gcc 0.1.1 62.31 NOTE
r-devel-windows-ix86+x86_64 0.1.1 14.00 65.00 79.00 OK
r-devel-windows-ix86+x86_64-gcc8 0.1.1 8.00 66.00 74.00 OK
r-patched-linux-x86_64 0.1.1 3.33 46.54 49.87 OK
r-patched-solaris-x86 0.1.1 94.20 NOTE
r-release-linux-x86_64 0.1.1 3.18 47.44 50.62 OK
r-release-windows-ix86+x86_64 0.1.1 9.00 113.00 122.00 OK
r-release-osx-x86_64 0.1.1 NOTE
r-oldrel-windows-ix86+x86_64 0.1.1 4.00 89.00 93.00 OK
r-oldrel-osx-x86_64 0.1.1 NOTE

Check Details

Version: 0.1.1
Check: dependencies in R code
Result: NOTE
    Namespace in Imports field not imported from: ‘utils’
     All declared Imports should be used.
Flavors: r-devel-linux-x86_64-fedora-clang, r-devel-linux-x86_64-fedora-gcc, r-patched-solaris-x86, r-release-osx-x86_64, r-oldrel-osx-x86_64