CRAN Package Check Results for Package rayvertex

Last updated on 2023-03-26 12:55:21 CEST.

Flavor Version Tinstall Tcheck Ttotal Status Flags
r-devel-linux-x86_64-debian-clang 0.4.11 147.60 48.74 196.34 OK
r-devel-linux-x86_64-debian-gcc 0.4.11 119.92 38.07 157.99 OK
r-devel-linux-x86_64-fedora-clang 0.4.11 291.11 OK
r-devel-linux-x86_64-fedora-gcc 0.4.11 266.47 OK
r-patched-linux-x86_64 0.4.11 127.00 48.00 175.00 OK
r-release-linux-x86_64 0.4.11 126.17 45.77 171.94 OK
r-release-macos-arm64 0.4.11 75.00 NOTE
r-release-macos-x86_64 0.4.11 85.00 NOTE
r-release-windows-x86_64 0.4.11 246.00 107.00 353.00 OK
r-oldrel-macos-arm64 0.4.11 66.00 NOTE
r-oldrel-macos-x86_64 0.4.11 83.00 NOTE
r-oldrel-windows-ix86+x86_64 0.4.11 350.00 109.00 459.00 OK

Check Details

Version: 0.4.11
Check: installed package size
Result: NOTE
     installed size is 9.4Mb
     sub-directories of 1Mb or more:
     libs 9.0Mb
Flavors: r-release-macos-arm64, r-release-macos-x86_64, r-oldrel-macos-arm64, r-oldrel-macos-x86_64