CRAN Package Check Results for Package rayvertex

Last updated on 2024-02-26 07:50:11 CET.

Flavor Version Tinstall Tcheck Ttotal Status Flags
r-devel-linux-x86_64-debian-clang 0.10.4 168.97 56.61 225.58 OK
r-devel-linux-x86_64-debian-gcc 0.10.4 133.48 43.53 177.01 OK
r-devel-linux-x86_64-fedora-clang 0.10.4 339.03 OK
r-devel-linux-x86_64-fedora-gcc 0.10.4 331.78 OK
r-devel-windows-x86_64 0.10.4 126.00 98.00 224.00 OK
r-patched-linux-x86_64 0.10.4 175.43 56.12 231.55 OK
r-release-linux-x86_64 0.10.4 165.11 56.38 221.49 OK
r-release-macos-arm64 0.10.4 72.00 NOTE
r-release-macos-x86_64 0.10.4 84.00 NOTE
r-release-windows-x86_64 0.10.4 160.00 106.00 266.00 OK
r-oldrel-macos-arm64 0.10.4 73.00 NOTE
r-oldrel-windows-x86_64 0.10.4 157.00 99.00 256.00 OK

Check Details

Version: 0.10.4
Check: installed package size
Result: NOTE installed size is 9.8Mb sub-directories of 1Mb or more: libs 9.3Mb Flavors: r-release-macos-arm64, r-release-macos-x86_64, r-oldrel-macos-arm64