CRAN Package Check Results for Package raws.profile

Last updated on 2024-06-13 07:50:41 CEST.

Flavor Version Tinstall Tcheck Ttotal Status Flags
r-devel-linux-x86_64-debian-clang 0.1.0 3.74 31.71 35.45 NOTE
r-devel-linux-x86_64-debian-gcc 0.1.0 0.33 1.56 1.89 ERROR
r-devel-linux-x86_64-fedora-clang 0.1.0 44.08 NOTE
r-devel-linux-x86_64-fedora-gcc 0.1.0 40.99 NOTE
r-devel-windows-x86_64 0.1.0 4.00 45.00 49.00 NOTE
r-patched-linux-x86_64 0.1.0 2.86 31.27 34.13 NOTE
r-release-linux-x86_64 0.1.0 2.94 30.69 33.63 NOTE
r-release-macos-arm64 0.1.0 20.00 NOTE
r-release-macos-x86_64 0.1.0 38.00 NOTE
r-release-windows-x86_64 0.1.0 4.00 47.00 51.00 NOTE
r-oldrel-macos-arm64 0.1.0 19.00 NOTE
r-oldrel-macos-x86_64 0.1.0 25.00 NOTE
r-oldrel-windows-x86_64 0.1.0 5.00 49.00 54.00 NOTE

Check Details

Version: 0.1.0
Check: LazyData
Result: NOTE 'LazyData' is specified without a 'data' directory Flavors: r-devel-linux-x86_64-debian-clang, r-devel-linux-x86_64-fedora-clang, r-devel-linux-x86_64-fedora-gcc, r-devel-windows-x86_64, r-patched-linux-x86_64, r-release-linux-x86_64, r-release-macos-arm64, r-release-macos-x86_64, r-release-windows-x86_64, r-oldrel-macos-arm64, r-oldrel-macos-x86_64, r-oldrel-windows-x86_64

Version: 0.1.0
Check: package dependencies
Result: ERROR Packages required but not available: 'stringr', 'tibble' Package suggested but not available for checking: ‘testthat’ See section ‘The DESCRIPTION file’ in the ‘Writing R Extensions’ manual. Flavor: r-devel-linux-x86_64-debian-gcc

Version: 0.1.0
Check: dependencies in R code
Result: NOTE Namespace in Imports field not imported from: ‘withr’ All declared Imports should be used. Flavors: r-devel-linux-x86_64-fedora-clang, r-devel-linux-x86_64-fedora-gcc