CRAN Package Check Results for Package ravelRy

Last updated on 2020-07-11 08:48:38 CEST.

Flavor Version Tinstall Tcheck Ttotal Status Flags
r-devel-linux-x86_64-debian-clang 0.1.0 3.36 31.17 34.53 OK
r-devel-linux-x86_64-debian-gcc 0.1.0 3.07 24.23 27.30 OK
r-devel-linux-x86_64-fedora-gcc 0.1.0 40.66 NOTE
r-devel-windows-ix86+x86_64 0.1.0 8.00 47.00 55.00 OK
r-patched-linux-x86_64 0.1.0 3.24 30.59 33.83 OK
r-patched-solaris-x86 0.1.0 61.10 NOTE
r-release-linux-x86_64 0.1.0 3.50 30.56 34.06 OK
r-release-osx-x86_64 0.1.0 NOTE
r-release-windows-ix86+x86_64 0.1.0 11.00 52.00 63.00 OK
r-oldrel-osx-x86_64 0.1.0 NOTE
r-oldrel-windows-ix86+x86_64 0.1.0 12.00 41.00 53.00 OK

Check Details

Version: 0.1.0
Check: dependencies in R code
Result: NOTE
    Namespace in Imports field not imported from: ‘tidyr’
     All declared Imports should be used.
Flavors: r-devel-linux-x86_64-fedora-gcc, r-patched-solaris-x86, r-release-osx-x86_64, r-oldrel-osx-x86_64