CRAN Package Check Results for Package ratios

Last updated on 2022-07-01 02:54:25 CEST.

Flavor Version Tinstall Tcheck Ttotal Status Flags
r-devel-linux-x86_64-debian-clang 1.2.0 3.58 34.67 38.25 NOTE
r-devel-linux-x86_64-debian-gcc 1.2.0 3.10 26.30 29.40 NOTE
r-devel-linux-x86_64-fedora-clang 1.2.0 56.15 NOTE
r-devel-linux-x86_64-fedora-gcc 1.2.0 57.40 NOTE
r-devel-windows-x86_64 1.2.0 12.00 57.00 69.00 NOTE
r-patched-linux-x86_64 1.2.0 4.25 33.51 37.76 NOTE
r-release-linux-x86_64 1.2.0 3.54 33.52 37.06 NOTE
r-release-macos-arm64 1.2.0 18.00 NOTE
r-release-macos-x86_64 1.2.0 26.00 NOTE
r-release-windows-x86_64 1.2.0 12.00 58.00 70.00 NOTE
r-oldrel-macos-arm64 1.2.0 21.00 NOTE
r-oldrel-macos-x86_64 1.2.0 31.00 NOTE
r-oldrel-windows-ix86+x86_64 1.2.0 9.00 51.00 60.00 NOTE

Check Details

Version: 1.2.0
Check: LazyData
Result: NOTE
     'LazyData' is specified without a 'data' directory
Flavors: r-devel-linux-x86_64-debian-clang, r-devel-linux-x86_64-debian-gcc, r-devel-linux-x86_64-fedora-clang, r-devel-linux-x86_64-fedora-gcc, r-devel-windows-x86_64, r-patched-linux-x86_64, r-release-linux-x86_64, r-release-macos-arm64, r-release-macos-x86_64, r-release-windows-x86_64, r-oldrel-macos-arm64, r-oldrel-macos-x86_64, r-oldrel-windows-ix86+x86_64