Last updated on 2023-09-27 04:10:41 CEST.
Flavor | Version | Tinstall | Tcheck | Ttotal | Status | Flags |
---|---|---|---|---|---|---|
r-devel-linux-x86_64-debian-clang | 3.6-23 | 269.33 | 537.70 | 807.03 | OK | |
r-devel-linux-x86_64-debian-gcc | 3.6-23 | 201.25 | 394.06 | 595.31 | OK | |
r-devel-linux-x86_64-fedora-clang | 3.6-23 | 1058.97 | OK | |||
r-devel-linux-x86_64-fedora-gcc | 3.6-23 | 773.75 | OK | |||
r-devel-windows-x86_64 | 3.6-23 | 200.00 | 418.00 | 618.00 | NOTE | |
r-patched-linux-x86_64 | 3.6-23 | 282.80 | 531.89 | 814.69 | OK | |
r-release-linux-x86_64 | 3.6-23 | 276.20 | 523.41 | 799.61 | OK | |
r-release-macos-arm64 | 3.6-23 | 185.00 | NOTE | |||
r-release-macos-x86_64 | 3.6-23 | 532.00 | NOTE | |||
r-release-windows-x86_64 | 3.6-23 | 275.00 | 548.00 | 823.00 | NOTE | |
r-oldrel-macos-arm64 | 3.6-23 | 185.00 | NOTE | |||
r-oldrel-macos-x86_64 | 3.6-23 | 284.00 | NOTE | |||
r-oldrel-windows-x86_64 | 3.6-23 | 260.00 | 527.00 | 787.00 | NOTE |
Version: 3.6-23
Check: installed package size
Result: NOTE
installed size is 5.5Mb
sub-directories of 1Mb or more:
R 3.1Mb
libs 1.4Mb
Flavors: r-devel-windows-x86_64, r-release-macos-arm64, r-release-macos-x86_64, r-release-windows-x86_64, r-oldrel-macos-arm64, r-oldrel-macos-x86_64, r-oldrel-windows-x86_64