Last updated on 2022-06-27 08:50:09 CEST.
Flavor | Version | Tinstall | Tcheck | Ttotal | Status | Flags |
---|---|---|---|---|---|---|
r-devel-linux-x86_64-debian-clang | 0.3.0 | 5.45 | 51.74 | 57.19 | OK | |
r-devel-linux-x86_64-debian-gcc | 0.3.0 | 3.87 | 38.72 | 42.59 | OK | |
r-devel-linux-x86_64-fedora-clang | 0.3.0 | 79.74 | NOTE | |||
r-devel-linux-x86_64-fedora-gcc | 0.3.0 | 76.47 | NOTE | |||
r-devel-windows-x86_64 | 0.3.0 | 19.00 | 84.00 | 103.00 | OK | |
r-patched-linux-x86_64 | 0.3.0 | 3.60 | 49.53 | 53.13 | OK | |
r-release-linux-x86_64 | 0.3.0 | 3.80 | 49.86 | 53.66 | OK | |
r-release-macos-arm64 | 0.3.0 | 25.00 | NOTE | |||
r-release-macos-x86_64 | 0.3.0 | 47.00 | NOTE | |||
r-release-windows-x86_64 | 0.3.0 | 25.00 | 82.00 | 107.00 | OK | |
r-oldrel-macos-arm64 | 0.3.0 | 28.00 | NOTE | |||
r-oldrel-macos-x86_64 | 0.3.0 | 34.00 | NOTE | |||
r-oldrel-windows-ix86+x86_64 | 0.3.0 | 12.00 | 73.00 | 85.00 | OK |
Version: 0.3.0
Check: dependencies in R code
Result: NOTE
Namespaces in Imports field not imported from:
‘dplyr’ ‘tidyr’
All declared Imports should be used.
Flavors: r-devel-linux-x86_64-fedora-clang, r-devel-linux-x86_64-fedora-gcc, r-release-macos-arm64, r-release-macos-x86_64, r-oldrel-macos-arm64, r-oldrel-macos-x86_64